{"id":80,"date":"2019-06-17T11:36:46","date_gmt":"2019-06-17T09:36:46","guid":{"rendered":"https:\/\/seifen-oper.ch\/?product=lavendel-himbeeri-gesichtscreme-30ml"},"modified":"2020-12-25T15:17:32","modified_gmt":"2020-12-25T14:17:32","slug":"lavendel-himbeeri-gesichtscreme-30ml","status":"publish","type":"product","link":"https:\/\/seifen-oper.ch\/?product=lavendel-himbeeri-gesichtscreme-30ml","title":{"rendered":"&#171;Lavendel-Himbeeri Gesichtscreme&#187; 30ML"},"content":{"rendered":"<p style=\"text-align: center;\"><span style=\"color: #888888;\">Zarte Gesichtscreme f\u00fcr sensible Haut. Auf der Basis von ausgleichendem Himbeerpulver, Lavendel und beruhigendem Vanilleroibostee. Aloe Vera Gel regeneriert die Haut und Jojoba\u00f6l befeuchtet sie, macht sie samtweich und strafft sie.\u00a0<\/span><\/p>\n<p style=\"text-align: center;\"><span style=\"color: #888888;\">\u00dcbrigens, als gelernte Maskenbildnerin, habe ich immer ein T\u00f6pfchen Feuchtigkeitscreme als Make-Up Unterlage in meinem Schminkkoffer. Ich LIEBE die &#171;Lavendel-Himmbeeri Gesichtscreme&#187; f\u00fcr diesen Zweck. Weil: 1. ist sie f\u00fcr alle Hauttypen gut vertr\u00e4glich und 2. hat sie die ideale Konsistenz daf\u00fcr: sie befeuchtet die Haut, so dass keine trocknen Stellen vorhanden sind beim schminken, zieht aber doch schnell in die Haut ein, so dass diese nicht von einem Fettfilm \u00fcberzogen ist, welcher h\u00e4sslichen Glanz entstehen l\u00e4sst. Und 3. Ist sie auch wirklich gut f\u00fcr Herren geeignet, da sie einen angenehmen, zarten Duft nach Lavendel hat und die Haut schon kurz nach dem auftragen mattiert. Wie gesagt: die PERFEKTE Make-Up Unterlage f\u00fcr alle F\u00e4lle! \ud83d\ude42<\/span><\/p>\n<p style=\"text-align: center;\"><span style=\"color: #888888;\">Inhaltsstoffe: INCI: Aqua-Auszug aus\u00a0Lavandula (Lavendel),\u00a0Aspalathus linearis\u00a0(Roibostee),\u00a0<span style=\"font-family: Noteworthy;\"><span style=\"font-family: arial, helvetica, sans-serif;\">Alcohol,\u00a0Methylparaben,\u00a0Propylparaben, Aqua purificata,\u00a0Cetyl Alcohol,<\/span>\u00a0<\/span>Ceteareth-6,\u00a0Sodium Cetearyl Sulfate,\u00a0Arachidis oleum hydrogenatum,\u00a0Aloe Barbadensis Leaf Juice (Aloe Veragel),\u00a0Simmondsia Chinensis Seed Oil (Jojoba\u00f6l),\u00a0Idaeus Fruit Powder (Himbeerpulver),\u00a0Lavandula angustifolia Oil (\u00e4th. Lavendel\u00f6l)<\/span><\/p>\n","protected":false},"excerpt":{"rendered":"<p>Gesichtscreme f\u00fcr sensible Haut<\/p>\n","protected":false},"featured_media":1760,"template":"","meta":[],"product_brand":[],"product_cat":[35],"product_tag":[],"class_list":{"0":"post-80","1":"product","2":"type-product","3":"status-publish","4":"has-post-thumbnail","6":"product_cat-cremes","8":"first","9":"instock","10":"shipping-taxable","11":"purchasable","12":"product-type-simple"},"yoast_head":"<!-- This site is optimized with the Yoast SEO plugin v25.6 - https:\/\/yoast.com\/wordpress\/plugins\/seo\/ -->\n<title>&quot;Lavendel-Himbeeri Gesichtscreme&quot; 30ML - Seifen Oper GmbH<\/title>\n<meta name=\"robots\" content=\"index, follow, max-snippet:-1, max-image-preview:large, max-video-preview:-1\" \/>\n<link rel=\"canonical\" href=\"https:\/\/seifen-oper.ch\/?product=lavendel-himbeeri-gesichtscreme-30ml\" \/>\n<meta property=\"og:locale\" content=\"de_DE\" \/>\n<meta property=\"og:type\" content=\"article\" \/>\n<meta property=\"og:title\" content=\"&quot;Lavendel-Himbeeri Gesichtscreme&quot; 30ML - Seifen Oper GmbH\" \/>\n<meta property=\"og:description\" content=\"Gesichtscreme f\u00fcr sensible Haut\" \/>\n<meta property=\"og:url\" content=\"https:\/\/seifen-oper.ch\/?product=lavendel-himbeeri-gesichtscreme-30ml\" \/>\n<meta property=\"og:site_name\" content=\"Seifen Oper GmbH\" \/>\n<meta property=\"article:publisher\" content=\"https:\/\/www.facebook.com\/SeifenOperGmbH\" \/>\n<meta property=\"article:modified_time\" content=\"2020-12-25T14:17:32+00:00\" \/>\n<meta property=\"og:image\" content=\"https:\/\/seifen-oper.ch\/wp-content\/uploads\/2019\/06\/Lavendel-Himbeer-Creme.png\" \/>\n\t<meta property=\"og:image:width\" content=\"1004\" \/>\n\t<meta property=\"og:image:height\" content=\"818\" \/>\n\t<meta property=\"og:image:type\" content=\"image\/png\" \/>\n<meta name=\"twitter:card\" content=\"summary_large_image\" \/>\n<meta name=\"twitter:label1\" content=\"Gesch\u00e4tzte Lesezeit\" \/>\n\t<meta name=\"twitter:data1\" content=\"1 Minute\" \/>\n<script type=\"application\/ld+json\" class=\"yoast-schema-graph\">{\"@context\":\"https:\/\/schema.org\",\"@graph\":[{\"@type\":\"WebPage\",\"@id\":\"https:\/\/seifen-oper.ch\/?product=lavendel-himbeeri-gesichtscreme-30ml\",\"url\":\"https:\/\/seifen-oper.ch\/?product=lavendel-himbeeri-gesichtscreme-30ml\",\"name\":\"\\\"Lavendel-Himbeeri Gesichtscreme\\\" 30ML - Seifen Oper GmbH\",\"isPartOf\":{\"@id\":\"https:\/\/seifen-oper.ch\/#website\"},\"primaryImageOfPage\":{\"@id\":\"https:\/\/seifen-oper.ch\/?product=lavendel-himbeeri-gesichtscreme-30ml#primaryimage\"},\"image\":{\"@id\":\"https:\/\/seifen-oper.ch\/?product=lavendel-himbeeri-gesichtscreme-30ml#primaryimage\"},\"thumbnailUrl\":\"https:\/\/seifen-oper.ch\/wp-content\/uploads\/2019\/06\/Lavendel-Himbeer-Creme.png\",\"datePublished\":\"2019-06-17T09:36:46+00:00\",\"dateModified\":\"2020-12-25T14:17:32+00:00\",\"breadcrumb\":{\"@id\":\"https:\/\/seifen-oper.ch\/?product=lavendel-himbeeri-gesichtscreme-30ml#breadcrumb\"},\"inLanguage\":\"de-CH\",\"potentialAction\":[{\"@type\":\"ReadAction\",\"target\":[\"https:\/\/seifen-oper.ch\/?product=lavendel-himbeeri-gesichtscreme-30ml\"]}]},{\"@type\":\"ImageObject\",\"inLanguage\":\"de-CH\",\"@id\":\"https:\/\/seifen-oper.ch\/?product=lavendel-himbeeri-gesichtscreme-30ml#primaryimage\",\"url\":\"https:\/\/seifen-oper.ch\/wp-content\/uploads\/2019\/06\/Lavendel-Himbeer-Creme.png\",\"contentUrl\":\"https:\/\/seifen-oper.ch\/wp-content\/uploads\/2019\/06\/Lavendel-Himbeer-Creme.png\",\"width\":1004,\"height\":818},{\"@type\":\"BreadcrumbList\",\"@id\":\"https:\/\/seifen-oper.ch\/?product=lavendel-himbeeri-gesichtscreme-30ml#breadcrumb\",\"itemListElement\":[{\"@type\":\"ListItem\",\"position\":1,\"name\":\"Home\",\"item\":\"https:\/\/seifen-oper.ch\/\"},{\"@type\":\"ListItem\",\"position\":2,\"name\":\"Shop\",\"item\":\"https:\/\/seifen-oper.ch\/?page_id=12\"},{\"@type\":\"ListItem\",\"position\":3,\"name\":\"&#171;Lavendel-Himbeeri Gesichtscreme&#187; 30ML\"}]},{\"@type\":\"WebSite\",\"@id\":\"https:\/\/seifen-oper.ch\/#website\",\"url\":\"https:\/\/seifen-oper.ch\/\",\"name\":\"Seifen Oper GmbH\",\"description\":\"Kosmetik bester Qualit\u00e4t. Handgefertigt.\",\"publisher\":{\"@id\":\"https:\/\/seifen-oper.ch\/#organization\"},\"potentialAction\":[{\"@type\":\"SearchAction\",\"target\":{\"@type\":\"EntryPoint\",\"urlTemplate\":\"https:\/\/seifen-oper.ch\/?s={search_term_string}\"},\"query-input\":{\"@type\":\"PropertyValueSpecification\",\"valueRequired\":true,\"valueName\":\"search_term_string\"}}],\"inLanguage\":\"de-CH\"},{\"@type\":\"Organization\",\"@id\":\"https:\/\/seifen-oper.ch\/#organization\",\"name\":\"Seifen Oper GmbH\",\"url\":\"https:\/\/seifen-oper.ch\/\",\"logo\":{\"@type\":\"ImageObject\",\"inLanguage\":\"de-CH\",\"@id\":\"https:\/\/seifen-oper.ch\/#\/schema\/logo\/image\/\",\"url\":\"https:\/\/seifen-oper.ch\/wp-content\/uploads\/2019\/06\/logo.seifen-oper450.txt.1.png\",\"contentUrl\":\"https:\/\/seifen-oper.ch\/wp-content\/uploads\/2019\/06\/logo.seifen-oper450.txt.1.png\",\"width\":1835,\"height\":1635,\"caption\":\"Seifen Oper GmbH\"},\"image\":{\"@id\":\"https:\/\/seifen-oper.ch\/#\/schema\/logo\/image\/\"},\"sameAs\":[\"https:\/\/www.facebook.com\/SeifenOperGmbH\",\"https:\/\/www.instagram.com\/explore\/locations\/1028758197\/seifen-oper\/\"]}]}<\/script>\n<!-- \/ Yoast SEO plugin. -->","yoast_head_json":{"title":"\"Lavendel-Himbeeri Gesichtscreme\" 30ML - Seifen Oper GmbH","robots":{"index":"index","follow":"follow","max-snippet":"max-snippet:-1","max-image-preview":"max-image-preview:large","max-video-preview":"max-video-preview:-1"},"canonical":"https:\/\/seifen-oper.ch\/?product=lavendel-himbeeri-gesichtscreme-30ml","og_locale":"de_DE","og_type":"article","og_title":"\"Lavendel-Himbeeri Gesichtscreme\" 30ML - Seifen Oper GmbH","og_description":"Gesichtscreme f\u00fcr sensible Haut","og_url":"https:\/\/seifen-oper.ch\/?product=lavendel-himbeeri-gesichtscreme-30ml","og_site_name":"Seifen Oper GmbH","article_publisher":"https:\/\/www.facebook.com\/SeifenOperGmbH","article_modified_time":"2020-12-25T14:17:32+00:00","og_image":[{"width":1004,"height":818,"url":"https:\/\/seifen-oper.ch\/wp-content\/uploads\/2019\/06\/Lavendel-Himbeer-Creme.png","type":"image\/png"}],"twitter_card":"summary_large_image","twitter_misc":{"Gesch\u00e4tzte Lesezeit":"1 Minute"},"schema":{"@context":"https:\/\/schema.org","@graph":[{"@type":"WebPage","@id":"https:\/\/seifen-oper.ch\/?product=lavendel-himbeeri-gesichtscreme-30ml","url":"https:\/\/seifen-oper.ch\/?product=lavendel-himbeeri-gesichtscreme-30ml","name":"\"Lavendel-Himbeeri Gesichtscreme\" 30ML - Seifen Oper GmbH","isPartOf":{"@id":"https:\/\/seifen-oper.ch\/#website"},"primaryImageOfPage":{"@id":"https:\/\/seifen-oper.ch\/?product=lavendel-himbeeri-gesichtscreme-30ml#primaryimage"},"image":{"@id":"https:\/\/seifen-oper.ch\/?product=lavendel-himbeeri-gesichtscreme-30ml#primaryimage"},"thumbnailUrl":"https:\/\/seifen-oper.ch\/wp-content\/uploads\/2019\/06\/Lavendel-Himbeer-Creme.png","datePublished":"2019-06-17T09:36:46+00:00","dateModified":"2020-12-25T14:17:32+00:00","breadcrumb":{"@id":"https:\/\/seifen-oper.ch\/?product=lavendel-himbeeri-gesichtscreme-30ml#breadcrumb"},"inLanguage":"de-CH","potentialAction":[{"@type":"ReadAction","target":["https:\/\/seifen-oper.ch\/?product=lavendel-himbeeri-gesichtscreme-30ml"]}]},{"@type":"ImageObject","inLanguage":"de-CH","@id":"https:\/\/seifen-oper.ch\/?product=lavendel-himbeeri-gesichtscreme-30ml#primaryimage","url":"https:\/\/seifen-oper.ch\/wp-content\/uploads\/2019\/06\/Lavendel-Himbeer-Creme.png","contentUrl":"https:\/\/seifen-oper.ch\/wp-content\/uploads\/2019\/06\/Lavendel-Himbeer-Creme.png","width":1004,"height":818},{"@type":"BreadcrumbList","@id":"https:\/\/seifen-oper.ch\/?product=lavendel-himbeeri-gesichtscreme-30ml#breadcrumb","itemListElement":[{"@type":"ListItem","position":1,"name":"Home","item":"https:\/\/seifen-oper.ch\/"},{"@type":"ListItem","position":2,"name":"Shop","item":"https:\/\/seifen-oper.ch\/?page_id=12"},{"@type":"ListItem","position":3,"name":"&#171;Lavendel-Himbeeri Gesichtscreme&#187; 30ML"}]},{"@type":"WebSite","@id":"https:\/\/seifen-oper.ch\/#website","url":"https:\/\/seifen-oper.ch\/","name":"Seifen Oper GmbH","description":"Kosmetik bester Qualit\u00e4t. Handgefertigt.","publisher":{"@id":"https:\/\/seifen-oper.ch\/#organization"},"potentialAction":[{"@type":"SearchAction","target":{"@type":"EntryPoint","urlTemplate":"https:\/\/seifen-oper.ch\/?s={search_term_string}"},"query-input":{"@type":"PropertyValueSpecification","valueRequired":true,"valueName":"search_term_string"}}],"inLanguage":"de-CH"},{"@type":"Organization","@id":"https:\/\/seifen-oper.ch\/#organization","name":"Seifen Oper GmbH","url":"https:\/\/seifen-oper.ch\/","logo":{"@type":"ImageObject","inLanguage":"de-CH","@id":"https:\/\/seifen-oper.ch\/#\/schema\/logo\/image\/","url":"https:\/\/seifen-oper.ch\/wp-content\/uploads\/2019\/06\/logo.seifen-oper450.txt.1.png","contentUrl":"https:\/\/seifen-oper.ch\/wp-content\/uploads\/2019\/06\/logo.seifen-oper450.txt.1.png","width":1835,"height":1635,"caption":"Seifen Oper GmbH"},"image":{"@id":"https:\/\/seifen-oper.ch\/#\/schema\/logo\/image\/"},"sameAs":["https:\/\/www.facebook.com\/SeifenOperGmbH","https:\/\/www.instagram.com\/explore\/locations\/1028758197\/seifen-oper\/"]}]}},"_links":{"self":[{"href":"https:\/\/seifen-oper.ch\/index.php?rest_route=\/wp\/v2\/product\/80"}],"collection":[{"href":"https:\/\/seifen-oper.ch\/index.php?rest_route=\/wp\/v2\/product"}],"about":[{"href":"https:\/\/seifen-oper.ch\/index.php?rest_route=\/wp\/v2\/types\/product"}],"wp:featuredmedia":[{"embeddable":true,"href":"https:\/\/seifen-oper.ch\/index.php?rest_route=\/wp\/v2\/media\/1760"}],"wp:attachment":[{"href":"https:\/\/seifen-oper.ch\/index.php?rest_route=%2Fwp%2Fv2%2Fmedia&parent=80"}],"wp:term":[{"taxonomy":"product_brand","embeddable":true,"href":"https:\/\/seifen-oper.ch\/index.php?rest_route=%2Fwp%2Fv2%2Fproduct_brand&post=80"},{"taxonomy":"product_cat","embeddable":true,"href":"https:\/\/seifen-oper.ch\/index.php?rest_route=%2Fwp%2Fv2%2Fproduct_cat&post=80"},{"taxonomy":"product_tag","embeddable":true,"href":"https:\/\/seifen-oper.ch\/index.php?rest_route=%2Fwp%2Fv2%2Fproduct_tag&post=80"}],"curies":[{"name":"wp","href":"https:\/\/api.w.org\/{rel}","templated":true}]}}

<p style="text-align: center;"><span style="color: #888888;">Zarte Gesichtscreme für sensible Haut. Auf der Basis von ausgleichendem Himbeerpulver, Lavendel und beruhigendem Vanilleroibostee. Aloe Vera Gel regeneriert die Haut und Jojobaöl befeuchtet sie, macht sie samtweich und strafft sie. </span></p>
<p style="text-align: center;"><span style="color: #888888;">Übrigens, als gelernte Maskenbildnerin, habe ich immer ein Töpfchen Feuchtigkeitscreme als Make-Up Unterlage in meinem Schminkkoffer. Ich LIEBE die &#171;Lavendel-Himmbeeri Gesichtscreme&#187; für diesen Zweck. Weil: 1. ist sie für alle Hauttypen gut verträglich und 2. hat sie die ideale Konsistenz dafür: sie befeuchtet die Haut, so dass keine trocknen Stellen vorhanden sind beim schminken, zieht aber doch schnell in die Haut ein, so dass diese nicht von einem Fettfilm überzogen ist, welcher hässlichen Glanz entstehen lässt. Und 3. Ist sie auch wirklich gut für Herren geeignet, da sie einen angenehmen, zarten Duft nach Lavendel hat und die Haut schon kurz nach dem auftragen mattiert. Wie gesagt: die PERFEKTE Make-Up Unterlage für alle Fälle! 🙂</span></p>
<p style="text-align: center;"><span style="color: #888888;">Inhaltsstoffe: INCI: Aqua-Auszug aus Lavandula (Lavendel), Aspalathus linearis (Roibostee), <span style="font-family: Noteworthy;"><span style="font-family: arial, helvetica, sans-serif;">Alcohol, Methylparaben, Propylparaben, Aqua purificata, Cetyl Alcohol,</span> </span>Ceteareth-6, Sodium Cetearyl Sulfate, Arachidis oleum hydrogenatum, Aloe Barbadensis Leaf Juice (Aloe Veragel), Simmondsia Chinensis Seed Oil (Jojobaöl), Idaeus Fruit Powder (Himbeerpulver), Lavandula angustifolia Oil (äth. Lavendelöl)</span></p>

<p>Gesichtscreme für sensible Haut</p>

<!-- This site is optimized with the Yoast SEO plugin v25.6 - https://yoast.com/wordpress/plugins/seo/ -->
<title>&quot;Lavendel-Himbeeri Gesichtscreme&quot; 30ML - Seifen Oper GmbH</title>
<meta name="robots" content="index, follow, max-snippet:-1, max-image-preview:large, max-video-preview:-1" />
<link rel="canonical" href="https://seifen-oper.ch/?product=lavendel-himbeeri-gesichtscreme-30ml" />
<meta property="og:locale" content="de_DE" />
<meta property="og:type" content="article" />
<meta property="og:title" content="&quot;Lavendel-Himbeeri Gesichtscreme&quot; 30ML - Seifen Oper GmbH" />
<meta property="og:description" content="Gesichtscreme für sensible Haut" />
<meta property="og:url" content="https://seifen-oper.ch/?product=lavendel-himbeeri-gesichtscreme-30ml" />
<meta property="og:site_name" content="Seifen Oper GmbH" />
<meta property="article:publisher" content="https://www.facebook.com/SeifenOperGmbH" />
<meta property="article:modified_time" content="2020-12-25T14:17:32+00:00" />
<meta property="og:image" content="https://seifen-oper.ch/wp-content/uploads/2019/06/Lavendel-Himbeer-Creme.png" />
	<meta property="og:image:width" content="1004" />
	<meta property="og:image:height" content="818" />
	<meta property="og:image:type" content="image/png" />
<meta name="twitter:card" content="summary_large_image" />
<meta name="twitter:label1" content="Geschätzte Lesezeit" />
	<meta name="twitter:data1" content="1 Minute" />
<script type="application/ld+json" class="yoast-schema-graph">{"@context":"https://schema.org","@graph":[{"@type":"WebPage","@id":"https://seifen-oper.ch/?product=lavendel-himbeeri-gesichtscreme-30ml","url":"https://seifen-oper.ch/?product=lavendel-himbeeri-gesichtscreme-30ml","name":"\"Lavendel-Himbeeri Gesichtscreme\" 30ML - Seifen Oper GmbH","isPartOf":{"@id":"https://seifen-oper.ch/#website"},"primaryImageOfPage":{"@id":"https://seifen-oper.ch/?product=lavendel-himbeeri-gesichtscreme-30ml#primaryimage"},"image":{"@id":"https://seifen-oper.ch/?product=lavendel-himbeeri-gesichtscreme-30ml#primaryimage"},"thumbnailUrl":"https://seifen-oper.ch/wp-content/uploads/2019/06/Lavendel-Himbeer-Creme.png","datePublished":"2019-06-17T09:36:46+00:00","dateModified":"2020-12-25T14:17:32+00:00","breadcrumb":{"@id":"https://seifen-oper.ch/?product=lavendel-himbeeri-gesichtscreme-30ml#breadcrumb"},"inLanguage":"de-CH","potentialAction":[{"@type":"ReadAction","target":["https://seifen-oper.ch/?product=lavendel-himbeeri-gesichtscreme-30ml"]}]},{"@type":"ImageObject","inLanguage":"de-CH","@id":"https://seifen-oper.ch/?product=lavendel-himbeeri-gesichtscreme-30ml#primaryimage","url":"https://seifen-oper.ch/wp-content/uploads/2019/06/Lavendel-Himbeer-Creme.png","contentUrl":"https://seifen-oper.ch/wp-content/uploads/2019/06/Lavendel-Himbeer-Creme.png","width":1004,"height":818},{"@type":"BreadcrumbList","@id":"https://seifen-oper.ch/?product=lavendel-himbeeri-gesichtscreme-30ml#breadcrumb","itemListElement":[{"@type":"ListItem","position":1,"name":"Home","item":"https://seifen-oper.ch/"},{"@type":"ListItem","position":2,"name":"Shop","item":"https://seifen-oper.ch/?page_id=12"},{"@type":"ListItem","position":3,"name":"&#171;Lavendel-Himbeeri Gesichtscreme&#187; 30ML"}]},{"@type":"WebSite","@id":"https://seifen-oper.ch/#website","url":"https://seifen-oper.ch/","name":"Seifen Oper GmbH","description":"Kosmetik bester Qualität. Handgefertigt.","publisher":{"@id":"https://seifen-oper.ch/#organization"},"potentialAction":[{"@type":"SearchAction","target":{"@type":"EntryPoint","urlTemplate":"https://seifen-oper.ch/?s={search_term_string}"},"query-input":{"@type":"PropertyValueSpecification","valueRequired":true,"valueName":"search_term_string"}}],"inLanguage":"de-CH"},{"@type":"Organization","@id":"https://seifen-oper.ch/#organization","name":"Seifen Oper GmbH","url":"https://seifen-oper.ch/","logo":{"@type":"ImageObject","inLanguage":"de-CH","@id":"https://seifen-oper.ch/#/schema/logo/image/","url":"https://seifen-oper.ch/wp-content/uploads/2019/06/logo.seifen-oper450.txt.1.png","contentUrl":"https://seifen-oper.ch/wp-content/uploads/2019/06/logo.seifen-oper450.txt.1.png","width":1835,"height":1635,"caption":"Seifen Oper GmbH"},"image":{"@id":"https://seifen-oper.ch/#/schema/logo/image/"},"sameAs":["https://www.facebook.com/SeifenOperGmbH","https://www.instagram.com/explore/locations/1028758197/seifen-oper/"]}]}</script>
<!-- / Yoast SEO plugin. -->

Gesichtscreme für sensible Haut

Kosmetik bester Qualität. Handgefertigt.
