{"id":791,"date":"2019-06-17T11:38:03","date_gmt":"2019-06-17T09:38:03","guid":{"rendered":"https:\/\/seifen-oper.ch\/?product=mein-individuelles-picobello"},"modified":"2025-07-12T21:38:15","modified_gmt":"2025-07-12T19:38:15","slug":"mein-individuelles-picobello","status":"publish","type":"product","link":"https:\/\/seifen-oper.ch\/?product=mein-individuelles-picobello","title":{"rendered":"&#171;Mein individuelles Picobello&#187;, 200ml"},"content":{"rendered":"<p style=\"text-align: center;\"><span style=\"color: #333333;\">Stellen Sie Ihr individuelles Picobello (Shampoo, Duschgel, Schaumbad) mit Ihrem pers\u00f6nlichen Lieblingsduft selber zusammen. Sie w\u00e4hlen den Duft, und es wird frisch f\u00fcr Sie anger\u00fchrt. Das garantiert Ihnen, eine Frische, die Sie nirgendwo sonst bekommen.<\/span><\/p>\n<p style=\"text-align: center;\">Heute von Ihnen ausgesucht, morgen f\u00fcr Sie frisch angefertigt.<br \/>\nSie k\u00f6nnen auch mehrere D\u00fcfte kombinieren. Schreiben Sie uns einfach in die Mitteilungszeile, bei der Bestellung (oder separat auf info@seifen-oper.ch) welche(n) Duft \/ Duftkombi Sie sich w\u00fcnschen.<\/p>\n<p style=\"text-align: center;\">Unsere D\u00fcfte:<\/p>\n<div class=\"\" style=\"text-align: center;\">\n<p style=\"text-align: center;\">Rhabarber-Pfingstrosen,<\/p>\n<p style=\"text-align: center;\">Kaschmir,<\/p>\n<p style=\"text-align: center;\">Love,<\/p>\n<p style=\"text-align: center;\">Blutorange,<\/p>\n<p style=\"text-align: center;\">Aloe Vera,<\/p>\n<p style=\"text-align: center;\">Geranium,<\/p>\n<p style=\"text-align: center;\">Tequila Sunrise,<\/p>\n<p style=\"text-align: center;\">Pfirsich<\/p>\n<p style=\"text-align: center;\">Aprikosen,<\/p>\n<p style=\"text-align: center;\">Grapefruit,<\/p>\n<p style=\"text-align: center;\">Birne,<\/p>\n<p style=\"text-align: center;\">Minze,<\/p>\n<p style=\"text-align: center;\">Eukalyptus,<\/p>\n<p style=\"text-align: center;\">Blaubeeren,<\/p>\n<p style=\"text-align: center;\">Bergamotte,<\/p>\n<p style=\"text-align: center;\">Cologne,<\/p>\n<p style=\"text-align: center;\">Himbeere,<\/p>\n<p style=\"text-align: center;\">Limone,<\/p>\n<p style=\"text-align: center;\">Salbei,<\/p>\n<p style=\"text-align: center;\">Ingwer-Souffl\u00e9,<\/p>\n<p style=\"text-align: center;\">Rosen,<\/p>\n<p style=\"text-align: center;\">Kokos,<\/p>\n<p style=\"text-align: center;\">Vanille,<\/p>\n<p style=\"text-align: center;\">Jasmin,<\/p>\n<p style=\"text-align: center;\">Mandarinli,<\/p>\n<p style=\"text-align: center;\">Kirschbl\u00fcte,<\/p>\n<p style=\"text-align: center;\">Mango,<\/p>\n<p style=\"text-align: center;\">Maigl\u00f6ckchen,<\/p>\n<p style=\"text-align: center;\">Erdbeeren,<\/p>\n<p style=\"text-align: center;\">R\u00e4ucherst\u00e4bli,<\/p>\n<p style=\"text-align: center;\">Reisbl\u00fcte,<\/p>\n<p style=\"text-align: center;\">Melone,<\/p>\n<p style=\"text-align: center;\">Oui Monsieur,<\/p>\n<p style=\"text-align: center;\">Glaube-Liebe-Hoffnung,<\/p>\n<p style=\"text-align: center;\">Toffee,<\/p>\n<p style=\"text-align: center;\">Veilchen,<\/p>\n<p style=\"text-align: center;\">Patchouli,<\/p>\n<p style=\"text-align: center;\">Sandelholz,<\/p>\n<p style=\"text-align: center;\">Lavendel,<\/p>\n<p style=\"text-align: center;\">Tannennadel,<\/p>\n<p style=\"text-align: center;\">Frische W\u00e4sche<\/p>\n<p style=\"text-align: center;\">\n<\/div>\n<div><\/div>\n<p style=\"text-align: center;\"><span style=\"color: #333333;\">200ml \/ Sfr. 15.-<\/span><\/p>\n<p style=\"text-align: center;\"><span style=\"color: #333333;\"><span style=\"font-family: arial, helvetica, sans-serif;\">Picobello\u00a0Inhaltsstoffe: INCI: Sodium Laureth Sulfate, Propylene Glycol,\u00a0Cocamide DEA,\u00a0PEG-7 Glyceryl Cocoate,\u00a0\u00a0Propylparaben, Aqua purificata, Sodium Chloride,\u00a0<\/span>\u00e4therisches \u00d6l oder Parf\u00fcm\u00f6l<\/span><\/p>\n<p style=\"text-align: center;\"><span style=\"color: #333333;\">\u00a0<\/span><\/p>\n","protected":false},"excerpt":{"rendered":"<p>Stellen Sie Ihr individuelles Picobello mit Ihrem pers\u00f6nlichen Lieblingsduft selber zusammen.<\/p>\n","protected":false},"featured_media":4328,"template":"","meta":[],"product_brand":[],"product_cat":[580,26],"product_tag":[295,301,296,126],"class_list":{"0":"post-791","1":"product","2":"type-product","3":"status-publish","4":"has-post-thumbnail","6":"product_cat-individuell","7":"product_cat-picobellos-waschgels","8":"product_tag-duschgel","9":"product_tag-individuelles-picobello","10":"product_tag-schaumbad","11":"product_tag-shampoo","13":"first","14":"instock","15":"shipping-taxable","16":"purchasable","17":"product-type-simple"},"yoast_head":"<!-- This site is optimized with the Yoast SEO plugin v25.6 - https:\/\/yoast.com\/wordpress\/plugins\/seo\/ -->\n<title>&quot;Mein individuelles Picobello&quot;, 200ml - Seifen Oper GmbH<\/title>\n<meta name=\"robots\" content=\"index, follow, max-snippet:-1, max-image-preview:large, max-video-preview:-1\" \/>\n<link rel=\"canonical\" href=\"https:\/\/seifen-oper.ch\/?product=mein-individuelles-picobello\" \/>\n<meta property=\"og:locale\" content=\"de_DE\" \/>\n<meta property=\"og:type\" content=\"article\" \/>\n<meta property=\"og:title\" content=\"&quot;Mein individuelles Picobello&quot;, 200ml - Seifen Oper GmbH\" \/>\n<meta property=\"og:description\" content=\"Stellen Sie Ihr individuelles Picobello mit Ihrem pers\u00f6nlichen Lieblingsduft selber zusammen.\" \/>\n<meta property=\"og:url\" content=\"https:\/\/seifen-oper.ch\/?product=mein-individuelles-picobello\" \/>\n<meta property=\"og:site_name\" content=\"Seifen Oper GmbH\" \/>\n<meta property=\"article:publisher\" content=\"https:\/\/www.facebook.com\/SeifenOperGmbH\" \/>\n<meta property=\"article:modified_time\" content=\"2025-07-12T19:38:15+00:00\" \/>\n<meta property=\"og:image\" content=\"https:\/\/seifen-oper.ch\/wp-content\/uploads\/2019\/06\/picobello-indiv-scaled.jpg\" \/>\n\t<meta property=\"og:image:width\" content=\"2323\" \/>\n\t<meta property=\"og:image:height\" content=\"2560\" \/>\n\t<meta property=\"og:image:type\" content=\"image\/jpeg\" \/>\n<meta name=\"twitter:card\" content=\"summary_large_image\" \/>\n<meta name=\"twitter:label1\" content=\"Gesch\u00e4tzte Lesezeit\" \/>\n\t<meta name=\"twitter:data1\" content=\"2 Minuten\" \/>\n<script type=\"application\/ld+json\" class=\"yoast-schema-graph\">{\"@context\":\"https:\/\/schema.org\",\"@graph\":[{\"@type\":\"WebPage\",\"@id\":\"https:\/\/seifen-oper.ch\/?product=mein-individuelles-picobello\",\"url\":\"https:\/\/seifen-oper.ch\/?product=mein-individuelles-picobello\",\"name\":\"\\\"Mein individuelles Picobello\\\", 200ml - Seifen Oper GmbH\",\"isPartOf\":{\"@id\":\"https:\/\/seifen-oper.ch\/#website\"},\"primaryImageOfPage\":{\"@id\":\"https:\/\/seifen-oper.ch\/?product=mein-individuelles-picobello#primaryimage\"},\"image\":{\"@id\":\"https:\/\/seifen-oper.ch\/?product=mein-individuelles-picobello#primaryimage\"},\"thumbnailUrl\":\"https:\/\/seifen-oper.ch\/wp-content\/uploads\/2019\/06\/picobello-indiv-scaled.jpg\",\"datePublished\":\"2019-06-17T09:38:03+00:00\",\"dateModified\":\"2025-07-12T19:38:15+00:00\",\"breadcrumb\":{\"@id\":\"https:\/\/seifen-oper.ch\/?product=mein-individuelles-picobello#breadcrumb\"},\"inLanguage\":\"de-CH\",\"potentialAction\":[{\"@type\":\"ReadAction\",\"target\":[\"https:\/\/seifen-oper.ch\/?product=mein-individuelles-picobello\"]}]},{\"@type\":\"ImageObject\",\"inLanguage\":\"de-CH\",\"@id\":\"https:\/\/seifen-oper.ch\/?product=mein-individuelles-picobello#primaryimage\",\"url\":\"https:\/\/seifen-oper.ch\/wp-content\/uploads\/2019\/06\/picobello-indiv-scaled.jpg\",\"contentUrl\":\"https:\/\/seifen-oper.ch\/wp-content\/uploads\/2019\/06\/picobello-indiv-scaled.jpg\",\"width\":2323,\"height\":2560},{\"@type\":\"BreadcrumbList\",\"@id\":\"https:\/\/seifen-oper.ch\/?product=mein-individuelles-picobello#breadcrumb\",\"itemListElement\":[{\"@type\":\"ListItem\",\"position\":1,\"name\":\"Home\",\"item\":\"https:\/\/seifen-oper.ch\/\"},{\"@type\":\"ListItem\",\"position\":2,\"name\":\"Shop\",\"item\":\"https:\/\/seifen-oper.ch\/?page_id=12\"},{\"@type\":\"ListItem\",\"position\":3,\"name\":\"&#171;Mein individuelles Picobello&#187;, 200ml\"}]},{\"@type\":\"WebSite\",\"@id\":\"https:\/\/seifen-oper.ch\/#website\",\"url\":\"https:\/\/seifen-oper.ch\/\",\"name\":\"Seifen Oper GmbH\",\"description\":\"Kosmetik bester Qualit\u00e4t. Handgefertigt.\",\"publisher\":{\"@id\":\"https:\/\/seifen-oper.ch\/#organization\"},\"potentialAction\":[{\"@type\":\"SearchAction\",\"target\":{\"@type\":\"EntryPoint\",\"urlTemplate\":\"https:\/\/seifen-oper.ch\/?s={search_term_string}\"},\"query-input\":{\"@type\":\"PropertyValueSpecification\",\"valueRequired\":true,\"valueName\":\"search_term_string\"}}],\"inLanguage\":\"de-CH\"},{\"@type\":\"Organization\",\"@id\":\"https:\/\/seifen-oper.ch\/#organization\",\"name\":\"Seifen Oper GmbH\",\"url\":\"https:\/\/seifen-oper.ch\/\",\"logo\":{\"@type\":\"ImageObject\",\"inLanguage\":\"de-CH\",\"@id\":\"https:\/\/seifen-oper.ch\/#\/schema\/logo\/image\/\",\"url\":\"https:\/\/seifen-oper.ch\/wp-content\/uploads\/2019\/06\/logo.seifen-oper450.txt.1.png\",\"contentUrl\":\"https:\/\/seifen-oper.ch\/wp-content\/uploads\/2019\/06\/logo.seifen-oper450.txt.1.png\",\"width\":1835,\"height\":1635,\"caption\":\"Seifen Oper GmbH\"},\"image\":{\"@id\":\"https:\/\/seifen-oper.ch\/#\/schema\/logo\/image\/\"},\"sameAs\":[\"https:\/\/www.facebook.com\/SeifenOperGmbH\",\"https:\/\/www.instagram.com\/explore\/locations\/1028758197\/seifen-oper\/\"]}]}<\/script>\n<!-- \/ Yoast SEO plugin. -->","yoast_head_json":{"title":"\"Mein individuelles Picobello\", 200ml - Seifen Oper GmbH","robots":{"index":"index","follow":"follow","max-snippet":"max-snippet:-1","max-image-preview":"max-image-preview:large","max-video-preview":"max-video-preview:-1"},"canonical":"https:\/\/seifen-oper.ch\/?product=mein-individuelles-picobello","og_locale":"de_DE","og_type":"article","og_title":"\"Mein individuelles Picobello\", 200ml - Seifen Oper GmbH","og_description":"Stellen Sie Ihr individuelles Picobello mit Ihrem pers\u00f6nlichen Lieblingsduft selber zusammen.","og_url":"https:\/\/seifen-oper.ch\/?product=mein-individuelles-picobello","og_site_name":"Seifen Oper GmbH","article_publisher":"https:\/\/www.facebook.com\/SeifenOperGmbH","article_modified_time":"2025-07-12T19:38:15+00:00","og_image":[{"width":2323,"height":2560,"url":"https:\/\/seifen-oper.ch\/wp-content\/uploads\/2019\/06\/picobello-indiv-scaled.jpg","type":"image\/jpeg"}],"twitter_card":"summary_large_image","twitter_misc":{"Gesch\u00e4tzte Lesezeit":"2 Minuten"},"schema":{"@context":"https:\/\/schema.org","@graph":[{"@type":"WebPage","@id":"https:\/\/seifen-oper.ch\/?product=mein-individuelles-picobello","url":"https:\/\/seifen-oper.ch\/?product=mein-individuelles-picobello","name":"\"Mein individuelles Picobello\", 200ml - Seifen Oper GmbH","isPartOf":{"@id":"https:\/\/seifen-oper.ch\/#website"},"primaryImageOfPage":{"@id":"https:\/\/seifen-oper.ch\/?product=mein-individuelles-picobello#primaryimage"},"image":{"@id":"https:\/\/seifen-oper.ch\/?product=mein-individuelles-picobello#primaryimage"},"thumbnailUrl":"https:\/\/seifen-oper.ch\/wp-content\/uploads\/2019\/06\/picobello-indiv-scaled.jpg","datePublished":"2019-06-17T09:38:03+00:00","dateModified":"2025-07-12T19:38:15+00:00","breadcrumb":{"@id":"https:\/\/seifen-oper.ch\/?product=mein-individuelles-picobello#breadcrumb"},"inLanguage":"de-CH","potentialAction":[{"@type":"ReadAction","target":["https:\/\/seifen-oper.ch\/?product=mein-individuelles-picobello"]}]},{"@type":"ImageObject","inLanguage":"de-CH","@id":"https:\/\/seifen-oper.ch\/?product=mein-individuelles-picobello#primaryimage","url":"https:\/\/seifen-oper.ch\/wp-content\/uploads\/2019\/06\/picobello-indiv-scaled.jpg","contentUrl":"https:\/\/seifen-oper.ch\/wp-content\/uploads\/2019\/06\/picobello-indiv-scaled.jpg","width":2323,"height":2560},{"@type":"BreadcrumbList","@id":"https:\/\/seifen-oper.ch\/?product=mein-individuelles-picobello#breadcrumb","itemListElement":[{"@type":"ListItem","position":1,"name":"Home","item":"https:\/\/seifen-oper.ch\/"},{"@type":"ListItem","position":2,"name":"Shop","item":"https:\/\/seifen-oper.ch\/?page_id=12"},{"@type":"ListItem","position":3,"name":"&#171;Mein individuelles Picobello&#187;, 200ml"}]},{"@type":"WebSite","@id":"https:\/\/seifen-oper.ch\/#website","url":"https:\/\/seifen-oper.ch\/","name":"Seifen Oper GmbH","description":"Kosmetik bester Qualit\u00e4t. Handgefertigt.","publisher":{"@id":"https:\/\/seifen-oper.ch\/#organization"},"potentialAction":[{"@type":"SearchAction","target":{"@type":"EntryPoint","urlTemplate":"https:\/\/seifen-oper.ch\/?s={search_term_string}"},"query-input":{"@type":"PropertyValueSpecification","valueRequired":true,"valueName":"search_term_string"}}],"inLanguage":"de-CH"},{"@type":"Organization","@id":"https:\/\/seifen-oper.ch\/#organization","name":"Seifen Oper GmbH","url":"https:\/\/seifen-oper.ch\/","logo":{"@type":"ImageObject","inLanguage":"de-CH","@id":"https:\/\/seifen-oper.ch\/#\/schema\/logo\/image\/","url":"https:\/\/seifen-oper.ch\/wp-content\/uploads\/2019\/06\/logo.seifen-oper450.txt.1.png","contentUrl":"https:\/\/seifen-oper.ch\/wp-content\/uploads\/2019\/06\/logo.seifen-oper450.txt.1.png","width":1835,"height":1635,"caption":"Seifen Oper GmbH"},"image":{"@id":"https:\/\/seifen-oper.ch\/#\/schema\/logo\/image\/"},"sameAs":["https:\/\/www.facebook.com\/SeifenOperGmbH","https:\/\/www.instagram.com\/explore\/locations\/1028758197\/seifen-oper\/"]}]}},"_links":{"self":[{"href":"https:\/\/seifen-oper.ch\/index.php?rest_route=\/wp\/v2\/product\/791"}],"collection":[{"href":"https:\/\/seifen-oper.ch\/index.php?rest_route=\/wp\/v2\/product"}],"about":[{"href":"https:\/\/seifen-oper.ch\/index.php?rest_route=\/wp\/v2\/types\/product"}],"wp:featuredmedia":[{"embeddable":true,"href":"https:\/\/seifen-oper.ch\/index.php?rest_route=\/wp\/v2\/media\/4328"}],"wp:attachment":[{"href":"https:\/\/seifen-oper.ch\/index.php?rest_route=%2Fwp%2Fv2%2Fmedia&parent=791"}],"wp:term":[{"taxonomy":"product_brand","embeddable":true,"href":"https:\/\/seifen-oper.ch\/index.php?rest_route=%2Fwp%2Fv2%2Fproduct_brand&post=791"},{"taxonomy":"product_cat","embeddable":true,"href":"https:\/\/seifen-oper.ch\/index.php?rest_route=%2Fwp%2Fv2%2Fproduct_cat&post=791"},{"taxonomy":"product_tag","embeddable":true,"href":"https:\/\/seifen-oper.ch\/index.php?rest_route=%2Fwp%2Fv2%2Fproduct_tag&post=791"}],"curies":[{"name":"wp","href":"https:\/\/api.w.org\/{rel}","templated":true}]}}