{"id":539,"date":"2019-06-17T11:37:28","date_gmt":"2019-06-17T09:37:28","guid":{"rendered":"https:\/\/seifen-oper.ch\/?product=mein-individuelles-parfum"},"modified":"2025-07-12T21:48:54","modified_gmt":"2025-07-12T19:48:54","slug":"mein-individuelles-parfum","status":"publish","type":"product","link":"https:\/\/seifen-oper.ch\/?product=mein-individuelles-parfum","title":{"rendered":"Mein individuelles Parf\u00fcm"},"content":{"rendered":"<p style=\"text-align: center;\"><span style=\"font-family: arial, helvetica, sans-serif; color: #888888;\">Stellen Sie Ihr individuelles Parf\u00fcm mit Ihrem pers\u00f6nlichen Lieblingsduft selber zusammen. Sie w\u00e4hlen den Duft, wir mischen es frisch f\u00fcr Sie. <\/span><\/p>\n<p style=\"text-align: center;\"><span style=\"font-family: arial, helvetica, sans-serif; color: #888888;\">Das garantiert Ihnen, eine Frische, die Sie nirgendwo sonst bekommen. Heute von Ihnen ausgesucht, morgen f\u00fcr Sie frisch angefertigt.<\/span><\/p>\n<p>&nbsp;<\/p>\n<p style=\"text-align: center;\"><span style=\"font-family: arial, helvetica, sans-serif; color: #888888;\">10ml Parf\u00fcm\u00f6l \/ Sfr. 18.-<\/span><\/p>\n<p style=\"text-align: center;\"><span style=\"font-family: arial, helvetica, sans-serif; color: #888888;\">\u00a0<\/span><\/p>\n<p style=\"text-align: center;\"><span style=\"font-family: arial, helvetica, sans-serif; color: #888888;\">Inhaltsstoffe: INCI:\u00a0Glycine soja\u00a0(Soja\u00f6l),\u00a0Brassica campestris seed oil\u00a0(Raps\u00f6l), ggf. \u00e4th. Parf\u00fcm\/Parf\u00fcm\u00f6l<\/span><\/p>\n<p>&nbsp;<\/p>\n<p style=\"text-align: center;\"><strong>D\u00fcfte:<\/strong><\/p>\n<p style=\"text-align: center;\">Rhabarber-Pfingstrosen,<\/p>\n<p style=\"text-align: center;\">Kaschmir,<\/p>\n<p style=\"text-align: center;\">Love,<\/p>\n<p style=\"text-align: center;\">Blutorange,<\/p>\n<p style=\"text-align: center;\">Aloe Vera,<\/p>\n<p style=\"text-align: center;\">Geranium,<\/p>\n<p style=\"text-align: center;\">Tequila Sunrise,<\/p>\n<p style=\"text-align: center;\">Pfirsich<\/p>\n<p style=\"text-align: center;\">Aprikosen,<\/p>\n<p style=\"text-align: center;\">Grapefruit,<\/p>\n<p style=\"text-align: center;\">Birne,<\/p>\n<p style=\"text-align: center;\">Minze,<\/p>\n<p style=\"text-align: center;\">Eukalyptus,<\/p>\n<p style=\"text-align: center;\">Blaubeeren,<\/p>\n<p style=\"text-align: center;\">Bergamotte,<\/p>\n<p style=\"text-align: center;\">Cologne,<\/p>\n<p style=\"text-align: center;\">Himbeere,<\/p>\n<p style=\"text-align: center;\">Limone,<\/p>\n<p style=\"text-align: center;\">Salbei,<\/p>\n<p style=\"text-align: center;\">Ingwer-Souffl\u00e9,<\/p>\n<p style=\"text-align: center;\">Rosen,<\/p>\n<p style=\"text-align: center;\">Kokos,<\/p>\n<p style=\"text-align: center;\">Vanille,<\/p>\n<p style=\"text-align: center;\">Jasmin,<\/p>\n<p style=\"text-align: center;\">Mandarinli,<\/p>\n<p style=\"text-align: center;\">Kirschbl\u00fcte,<\/p>\n<p style=\"text-align: center;\">Mango,<\/p>\n<p style=\"text-align: center;\">Maigl\u00f6ckchen,<\/p>\n<p style=\"text-align: center;\">Erdbeeren,<\/p>\n<p style=\"text-align: center;\">R\u00e4ucherst\u00e4bli,<\/p>\n<p style=\"text-align: center;\">Reisbl\u00fcte,<\/p>\n<p style=\"text-align: center;\">Melone,<\/p>\n<p style=\"text-align: center;\">Oui Monsieur,<\/p>\n<p style=\"text-align: center;\">Glaube-Liebe-Hoffnung,<\/p>\n<p style=\"text-align: center;\">Toffee,<\/p>\n<p style=\"text-align: center;\">Veilchen,<\/p>\n<p style=\"text-align: center;\">Patchouli,<\/p>\n<p style=\"text-align: center;\">Sandelholz,<\/p>\n<p style=\"text-align: center;\">Lavendel,<\/p>\n<p style=\"text-align: center;\">Tannennadel,<\/p>\n<p style=\"text-align: center;\">Frische W\u00e4sche<\/p>\n<p style=\"text-align: center;\">\n","protected":false},"excerpt":{"rendered":"<p>Stellen Sie Ihr individuelles Parf\u00fcm mit Ihrem pers\u00f6nlichen Lieblingsduft selber zusammen.<\/p>\n","protected":false},"featured_media":4331,"template":"","meta":[],"product_brand":[],"product_cat":[580,30],"product_tag":[581,118,179,278,250,582,85,583],"class_list":{"0":"post-539","1":"product","2":"type-product","3":"status-publish","4":"has-post-thumbnail","6":"product_cat-individuell","7":"product_cat-parfums","8":"product_tag-duft","9":"product_tag-frisch","10":"product_tag-handgemacht","11":"product_tag-individuell","12":"product_tag-individueller-duft","13":"product_tag-ohne-alkohol","14":"product_tag-parfum","15":"product_tag-roll-on","17":"first","18":"instock","19":"shipping-taxable","20":"purchasable","21":"product-type-simple"},"yoast_head":"<!-- This site is optimized with the Yoast SEO plugin v25.6 - https:\/\/yoast.com\/wordpress\/plugins\/seo\/ -->\n<title>Mein individuelles Parf\u00fcm - Seifen Oper GmbH<\/title>\n<meta name=\"robots\" content=\"index, follow, max-snippet:-1, max-image-preview:large, max-video-preview:-1\" \/>\n<link rel=\"canonical\" href=\"https:\/\/seifen-oper.ch\/?product=mein-individuelles-parfum\" \/>\n<meta property=\"og:locale\" content=\"de_DE\" \/>\n<meta property=\"og:type\" content=\"article\" \/>\n<meta property=\"og:title\" content=\"Mein individuelles Parf\u00fcm - Seifen Oper GmbH\" \/>\n<meta property=\"og:description\" content=\"Stellen Sie Ihr individuelles Parf\u00fcm mit Ihrem pers\u00f6nlichen Lieblingsduft selber zusammen.\" \/>\n<meta property=\"og:url\" content=\"https:\/\/seifen-oper.ch\/?product=mein-individuelles-parfum\" \/>\n<meta property=\"og:site_name\" content=\"Seifen Oper GmbH\" \/>\n<meta property=\"article:publisher\" content=\"https:\/\/www.facebook.com\/SeifenOperGmbH\" \/>\n<meta property=\"article:modified_time\" content=\"2025-07-12T19:48:54+00:00\" \/>\n<meta property=\"og:image\" content=\"https:\/\/seifen-oper.ch\/wp-content\/uploads\/2019\/06\/parfuem-individuell.jpg\" \/>\n\t<meta property=\"og:image:width\" content=\"2465\" \/>\n\t<meta property=\"og:image:height\" content=\"2532\" \/>\n\t<meta property=\"og:image:type\" content=\"image\/jpeg\" \/>\n<meta name=\"twitter:card\" content=\"summary_large_image\" \/>\n<meta name=\"twitter:label1\" content=\"Gesch\u00e4tzte Lesezeit\" \/>\n\t<meta name=\"twitter:data1\" content=\"1 Minute\" \/>\n<script type=\"application\/ld+json\" class=\"yoast-schema-graph\">{\"@context\":\"https:\/\/schema.org\",\"@graph\":[{\"@type\":\"WebPage\",\"@id\":\"https:\/\/seifen-oper.ch\/?product=mein-individuelles-parfum\",\"url\":\"https:\/\/seifen-oper.ch\/?product=mein-individuelles-parfum\",\"name\":\"Mein individuelles Parf\u00fcm - Seifen Oper GmbH\",\"isPartOf\":{\"@id\":\"https:\/\/seifen-oper.ch\/#website\"},\"primaryImageOfPage\":{\"@id\":\"https:\/\/seifen-oper.ch\/?product=mein-individuelles-parfum#primaryimage\"},\"image\":{\"@id\":\"https:\/\/seifen-oper.ch\/?product=mein-individuelles-parfum#primaryimage\"},\"thumbnailUrl\":\"https:\/\/seifen-oper.ch\/wp-content\/uploads\/2019\/06\/parfuem-individuell.jpg\",\"datePublished\":\"2019-06-17T09:37:28+00:00\",\"dateModified\":\"2025-07-12T19:48:54+00:00\",\"breadcrumb\":{\"@id\":\"https:\/\/seifen-oper.ch\/?product=mein-individuelles-parfum#breadcrumb\"},\"inLanguage\":\"de-CH\",\"potentialAction\":[{\"@type\":\"ReadAction\",\"target\":[\"https:\/\/seifen-oper.ch\/?product=mein-individuelles-parfum\"]}]},{\"@type\":\"ImageObject\",\"inLanguage\":\"de-CH\",\"@id\":\"https:\/\/seifen-oper.ch\/?product=mein-individuelles-parfum#primaryimage\",\"url\":\"https:\/\/seifen-oper.ch\/wp-content\/uploads\/2019\/06\/parfuem-individuell.jpg\",\"contentUrl\":\"https:\/\/seifen-oper.ch\/wp-content\/uploads\/2019\/06\/parfuem-individuell.jpg\",\"width\":2465,\"height\":2532},{\"@type\":\"BreadcrumbList\",\"@id\":\"https:\/\/seifen-oper.ch\/?product=mein-individuelles-parfum#breadcrumb\",\"itemListElement\":[{\"@type\":\"ListItem\",\"position\":1,\"name\":\"Home\",\"item\":\"https:\/\/seifen-oper.ch\/\"},{\"@type\":\"ListItem\",\"position\":2,\"name\":\"Shop\",\"item\":\"https:\/\/seifen-oper.ch\/?page_id=12\"},{\"@type\":\"ListItem\",\"position\":3,\"name\":\"Mein individuelles Parf\u00fcm\"}]},{\"@type\":\"WebSite\",\"@id\":\"https:\/\/seifen-oper.ch\/#website\",\"url\":\"https:\/\/seifen-oper.ch\/\",\"name\":\"Seifen Oper GmbH\",\"description\":\"Kosmetik bester Qualit\u00e4t. Handgefertigt.\",\"publisher\":{\"@id\":\"https:\/\/seifen-oper.ch\/#organization\"},\"potentialAction\":[{\"@type\":\"SearchAction\",\"target\":{\"@type\":\"EntryPoint\",\"urlTemplate\":\"https:\/\/seifen-oper.ch\/?s={search_term_string}\"},\"query-input\":{\"@type\":\"PropertyValueSpecification\",\"valueRequired\":true,\"valueName\":\"search_term_string\"}}],\"inLanguage\":\"de-CH\"},{\"@type\":\"Organization\",\"@id\":\"https:\/\/seifen-oper.ch\/#organization\",\"name\":\"Seifen Oper GmbH\",\"url\":\"https:\/\/seifen-oper.ch\/\",\"logo\":{\"@type\":\"ImageObject\",\"inLanguage\":\"de-CH\",\"@id\":\"https:\/\/seifen-oper.ch\/#\/schema\/logo\/image\/\",\"url\":\"https:\/\/seifen-oper.ch\/wp-content\/uploads\/2019\/06\/logo.seifen-oper450.txt.1.png\",\"contentUrl\":\"https:\/\/seifen-oper.ch\/wp-content\/uploads\/2019\/06\/logo.seifen-oper450.txt.1.png\",\"width\":1835,\"height\":1635,\"caption\":\"Seifen Oper GmbH\"},\"image\":{\"@id\":\"https:\/\/seifen-oper.ch\/#\/schema\/logo\/image\/\"},\"sameAs\":[\"https:\/\/www.facebook.com\/SeifenOperGmbH\",\"https:\/\/www.instagram.com\/explore\/locations\/1028758197\/seifen-oper\/\"]}]}<\/script>\n<!-- \/ Yoast SEO plugin. -->","yoast_head_json":{"title":"Mein individuelles Parf\u00fcm - Seifen Oper GmbH","robots":{"index":"index","follow":"follow","max-snippet":"max-snippet:-1","max-image-preview":"max-image-preview:large","max-video-preview":"max-video-preview:-1"},"canonical":"https:\/\/seifen-oper.ch\/?product=mein-individuelles-parfum","og_locale":"de_DE","og_type":"article","og_title":"Mein individuelles Parf\u00fcm - Seifen Oper GmbH","og_description":"Stellen Sie Ihr individuelles Parf\u00fcm mit Ihrem pers\u00f6nlichen Lieblingsduft selber zusammen.","og_url":"https:\/\/seifen-oper.ch\/?product=mein-individuelles-parfum","og_site_name":"Seifen Oper GmbH","article_publisher":"https:\/\/www.facebook.com\/SeifenOperGmbH","article_modified_time":"2025-07-12T19:48:54+00:00","og_image":[{"width":2465,"height":2532,"url":"https:\/\/seifen-oper.ch\/wp-content\/uploads\/2019\/06\/parfuem-individuell.jpg","type":"image\/jpeg"}],"twitter_card":"summary_large_image","twitter_misc":{"Gesch\u00e4tzte Lesezeit":"1 Minute"},"schema":{"@context":"https:\/\/schema.org","@graph":[{"@type":"WebPage","@id":"https:\/\/seifen-oper.ch\/?product=mein-individuelles-parfum","url":"https:\/\/seifen-oper.ch\/?product=mein-individuelles-parfum","name":"Mein individuelles Parf\u00fcm - Seifen Oper GmbH","isPartOf":{"@id":"https:\/\/seifen-oper.ch\/#website"},"primaryImageOfPage":{"@id":"https:\/\/seifen-oper.ch\/?product=mein-individuelles-parfum#primaryimage"},"image":{"@id":"https:\/\/seifen-oper.ch\/?product=mein-individuelles-parfum#primaryimage"},"thumbnailUrl":"https:\/\/seifen-oper.ch\/wp-content\/uploads\/2019\/06\/parfuem-individuell.jpg","datePublished":"2019-06-17T09:37:28+00:00","dateModified":"2025-07-12T19:48:54+00:00","breadcrumb":{"@id":"https:\/\/seifen-oper.ch\/?product=mein-individuelles-parfum#breadcrumb"},"inLanguage":"de-CH","potentialAction":[{"@type":"ReadAction","target":["https:\/\/seifen-oper.ch\/?product=mein-individuelles-parfum"]}]},{"@type":"ImageObject","inLanguage":"de-CH","@id":"https:\/\/seifen-oper.ch\/?product=mein-individuelles-parfum#primaryimage","url":"https:\/\/seifen-oper.ch\/wp-content\/uploads\/2019\/06\/parfuem-individuell.jpg","contentUrl":"https:\/\/seifen-oper.ch\/wp-content\/uploads\/2019\/06\/parfuem-individuell.jpg","width":2465,"height":2532},{"@type":"BreadcrumbList","@id":"https:\/\/seifen-oper.ch\/?product=mein-individuelles-parfum#breadcrumb","itemListElement":[{"@type":"ListItem","position":1,"name":"Home","item":"https:\/\/seifen-oper.ch\/"},{"@type":"ListItem","position":2,"name":"Shop","item":"https:\/\/seifen-oper.ch\/?page_id=12"},{"@type":"ListItem","position":3,"name":"Mein individuelles Parf\u00fcm"}]},{"@type":"WebSite","@id":"https:\/\/seifen-oper.ch\/#website","url":"https:\/\/seifen-oper.ch\/","name":"Seifen Oper GmbH","description":"Kosmetik bester Qualit\u00e4t. Handgefertigt.","publisher":{"@id":"https:\/\/seifen-oper.ch\/#organization"},"potentialAction":[{"@type":"SearchAction","target":{"@type":"EntryPoint","urlTemplate":"https:\/\/seifen-oper.ch\/?s={search_term_string}"},"query-input":{"@type":"PropertyValueSpecification","valueRequired":true,"valueName":"search_term_string"}}],"inLanguage":"de-CH"},{"@type":"Organization","@id":"https:\/\/seifen-oper.ch\/#organization","name":"Seifen Oper GmbH","url":"https:\/\/seifen-oper.ch\/","logo":{"@type":"ImageObject","inLanguage":"de-CH","@id":"https:\/\/seifen-oper.ch\/#\/schema\/logo\/image\/","url":"https:\/\/seifen-oper.ch\/wp-content\/uploads\/2019\/06\/logo.seifen-oper450.txt.1.png","contentUrl":"https:\/\/seifen-oper.ch\/wp-content\/uploads\/2019\/06\/logo.seifen-oper450.txt.1.png","width":1835,"height":1635,"caption":"Seifen Oper GmbH"},"image":{"@id":"https:\/\/seifen-oper.ch\/#\/schema\/logo\/image\/"},"sameAs":["https:\/\/www.facebook.com\/SeifenOperGmbH","https:\/\/www.instagram.com\/explore\/locations\/1028758197\/seifen-oper\/"]}]}},"_links":{"self":[{"href":"https:\/\/seifen-oper.ch\/index.php?rest_route=\/wp\/v2\/product\/539"}],"collection":[{"href":"https:\/\/seifen-oper.ch\/index.php?rest_route=\/wp\/v2\/product"}],"about":[{"href":"https:\/\/seifen-oper.ch\/index.php?rest_route=\/wp\/v2\/types\/product"}],"wp:featuredmedia":[{"embeddable":true,"href":"https:\/\/seifen-oper.ch\/index.php?rest_route=\/wp\/v2\/media\/4331"}],"wp:attachment":[{"href":"https:\/\/seifen-oper.ch\/index.php?rest_route=%2Fwp%2Fv2%2Fmedia&parent=539"}],"wp:term":[{"taxonomy":"product_brand","embeddable":true,"href":"https:\/\/seifen-oper.ch\/index.php?rest_route=%2Fwp%2Fv2%2Fproduct_brand&post=539"},{"taxonomy":"product_cat","embeddable":true,"href":"https:\/\/seifen-oper.ch\/index.php?rest_route=%2Fwp%2Fv2%2Fproduct_cat&post=539"},{"taxonomy":"product_tag","embeddable":true,"href":"https:\/\/seifen-oper.ch\/index.php?rest_route=%2Fwp%2Fv2%2Fproduct_tag&post=539"}],"curies":[{"name":"wp","href":"https:\/\/api.w.org\/{rel}","templated":true}]}}