{"id":4474,"date":"2025-12-05T06:53:45","date_gmt":"2025-12-05T05:53:45","guid":{"rendered":"https:\/\/seifen-oper.ch\/?post_type=product&#038;p=4474"},"modified":"2025-12-05T06:53:46","modified_gmt":"2025-12-05T05:53:46","slug":"winterliche-zuckerschnute","status":"publish","type":"product","link":"https:\/\/seifen-oper.ch\/?product=winterliche-zuckerschnute","title":{"rendered":"&#171;winterliche Zuckerschnute&#187;"},"content":{"rendered":"<p>Diese winterliche Zuckerschnute verhilft Ihnen zu samtweicher Haut indem sie alle abgestorbenen Hautsch\u00fcppchen entfernt. Ausserdem hinterl\u00e4sst sie einen warmen, s\u00fcssen Duft von \u00a0Ingwer und Vanille auf Ihrer streichelzarten Haut. Kakaopulver und Ingwer kurbeln die Durchblutung an und w\u00e4rmen Sie. F\u00fcr eine Extraportion Glamour enth\u00e4lt diese winterliche Zuckerschnute (biologisch abbaubaren) Glitzer. Ein perfektes Produkt f\u00fcr die kalte Jahreszeit! \ud83d\ude42<\/p>\n<p>Anwendung: Eine Handvoll mit unter die Dusche nehmen und den K\u00f6rper damit abreiben. Mit Wasser absp\u00fclen. Bitte nur \u00e4usserlich anwenden. Ohne Konservierungsstoffe.<\/p>\n<p>Inhaltsstoffe: INCI: Saccharide Isomerate (Zucker), Glycerine, \u00a0Parf\u00fcm\u00f6l, Thebroma Cacao Seed Powder (Kakaopulver)<\/p>\n<p>ca. 150g \/ Sfr. 13.-<\/p>\n<p>&nbsp;<\/p>\n","protected":false},"excerpt":{"rendered":"<p>winterliches K\u00f6rperpeeling mit Ingwer, Vanille, echtem Kakaopulver und biologisch abbaubarem Glitzer.<\/p>\n","protected":false},"featured_media":4475,"template":"","meta":[],"product_brand":[],"product_cat":[51,44],"product_tag":[648,131,179,649,650,156,287,149,150,61,74,75],"class_list":{"0":"post-4474","1":"product","2":"type-product","3":"status-publish","4":"has-post-thumbnail","6":"product_cat-korperppelings","7":"product_cat-winter","8":"product_tag-biologisch-abbaubar","9":"product_tag-glitzer","10":"product_tag-handgemacht","11":"product_tag-ingwer","12":"product_tag-ingwerduft","13":"product_tag-kakaopulver","14":"product_tag-korperpeeling","15":"product_tag-vanille","16":"product_tag-vanilleduft","17":"product_tag-vegan","18":"product_tag-zucker","19":"product_tag-zuckerschnute","21":"first","22":"instock","23":"shipping-taxable","24":"purchasable","25":"product-type-simple"},"yoast_head":"<!-- This site is optimized with the Yoast SEO plugin v25.6 - https:\/\/yoast.com\/wordpress\/plugins\/seo\/ -->\n<title>&quot;winterliche Zuckerschnute&quot; - Seifen Oper GmbH<\/title>\n<meta name=\"description\" content=\"winterliches Hautpeeling mit Ingwer, Vanille, echtem Kakaopulver und biologisch abbaubarem Glitzer\" \/>\n<meta name=\"robots\" content=\"index, follow, max-snippet:-1, max-image-preview:large, max-video-preview:-1\" \/>\n<link rel=\"canonical\" href=\"https:\/\/seifen-oper.ch\/?product=winterliche-zuckerschnute\" \/>\n<meta property=\"og:locale\" content=\"de_DE\" \/>\n<meta property=\"og:type\" content=\"article\" \/>\n<meta property=\"og:title\" content=\"&quot;winterliche Zuckerschnute&quot; - Seifen Oper GmbH\" \/>\n<meta property=\"og:description\" content=\"winterliches Hautpeeling mit Ingwer, Vanille, echtem Kakaopulver und biologisch abbaubarem Glitzer\" \/>\n<meta property=\"og:url\" content=\"https:\/\/seifen-oper.ch\/?product=winterliche-zuckerschnute\" \/>\n<meta property=\"og:site_name\" content=\"Seifen Oper GmbH\" \/>\n<meta property=\"article:publisher\" content=\"https:\/\/www.facebook.com\/SeifenOperGmbH\" \/>\n<meta property=\"article:modified_time\" content=\"2025-12-05T05:53:46+00:00\" \/>\n<meta property=\"og:image\" content=\"https:\/\/seifen-oper.ch\/wp-content\/uploads\/2025\/12\/zuckerschnute-winter.jpg\" \/>\n\t<meta property=\"og:image:width\" content=\"709\" \/>\n\t<meta property=\"og:image:height\" content=\"800\" \/>\n\t<meta property=\"og:image:type\" content=\"image\/jpeg\" \/>\n<meta name=\"twitter:card\" content=\"summary_large_image\" \/>\n<meta name=\"twitter:label1\" content=\"Gesch\u00e4tzte Lesezeit\" \/>\n\t<meta name=\"twitter:data1\" content=\"1 Minute\" \/>\n<script type=\"application\/ld+json\" class=\"yoast-schema-graph\">{\"@context\":\"https:\/\/schema.org\",\"@graph\":[{\"@type\":\"WebPage\",\"@id\":\"https:\/\/seifen-oper.ch\/?product=winterliche-zuckerschnute\",\"url\":\"https:\/\/seifen-oper.ch\/?product=winterliche-zuckerschnute\",\"name\":\"\\\"winterliche Zuckerschnute\\\" - Seifen Oper GmbH\",\"isPartOf\":{\"@id\":\"https:\/\/seifen-oper.ch\/#website\"},\"primaryImageOfPage\":{\"@id\":\"https:\/\/seifen-oper.ch\/?product=winterliche-zuckerschnute#primaryimage\"},\"image\":{\"@id\":\"https:\/\/seifen-oper.ch\/?product=winterliche-zuckerschnute#primaryimage\"},\"thumbnailUrl\":\"https:\/\/seifen-oper.ch\/wp-content\/uploads\/2025\/12\/zuckerschnute-winter.jpg\",\"datePublished\":\"2025-12-05T05:53:45+00:00\",\"dateModified\":\"2025-12-05T05:53:46+00:00\",\"description\":\"winterliches Hautpeeling mit Ingwer, Vanille, echtem Kakaopulver und biologisch abbaubarem Glitzer\",\"breadcrumb\":{\"@id\":\"https:\/\/seifen-oper.ch\/?product=winterliche-zuckerschnute#breadcrumb\"},\"inLanguage\":\"de-CH\",\"potentialAction\":[{\"@type\":\"ReadAction\",\"target\":[\"https:\/\/seifen-oper.ch\/?product=winterliche-zuckerschnute\"]}]},{\"@type\":\"ImageObject\",\"inLanguage\":\"de-CH\",\"@id\":\"https:\/\/seifen-oper.ch\/?product=winterliche-zuckerschnute#primaryimage\",\"url\":\"https:\/\/seifen-oper.ch\/wp-content\/uploads\/2025\/12\/zuckerschnute-winter.jpg\",\"contentUrl\":\"https:\/\/seifen-oper.ch\/wp-content\/uploads\/2025\/12\/zuckerschnute-winter.jpg\",\"width\":709,\"height\":800},{\"@type\":\"BreadcrumbList\",\"@id\":\"https:\/\/seifen-oper.ch\/?product=winterliche-zuckerschnute#breadcrumb\",\"itemListElement\":[{\"@type\":\"ListItem\",\"position\":1,\"name\":\"Home\",\"item\":\"https:\/\/seifen-oper.ch\/\"},{\"@type\":\"ListItem\",\"position\":2,\"name\":\"Shop\",\"item\":\"https:\/\/seifen-oper.ch\/?page_id=12\"},{\"@type\":\"ListItem\",\"position\":3,\"name\":\"&#171;winterliche Zuckerschnute&#187;\"}]},{\"@type\":\"WebSite\",\"@id\":\"https:\/\/seifen-oper.ch\/#website\",\"url\":\"https:\/\/seifen-oper.ch\/\",\"name\":\"Seifen Oper GmbH\",\"description\":\"Kosmetik bester Qualit\u00e4t. Handgefertigt.\",\"publisher\":{\"@id\":\"https:\/\/seifen-oper.ch\/#organization\"},\"potentialAction\":[{\"@type\":\"SearchAction\",\"target\":{\"@type\":\"EntryPoint\",\"urlTemplate\":\"https:\/\/seifen-oper.ch\/?s={search_term_string}\"},\"query-input\":{\"@type\":\"PropertyValueSpecification\",\"valueRequired\":true,\"valueName\":\"search_term_string\"}}],\"inLanguage\":\"de-CH\"},{\"@type\":\"Organization\",\"@id\":\"https:\/\/seifen-oper.ch\/#organization\",\"name\":\"Seifen Oper GmbH\",\"url\":\"https:\/\/seifen-oper.ch\/\",\"logo\":{\"@type\":\"ImageObject\",\"inLanguage\":\"de-CH\",\"@id\":\"https:\/\/seifen-oper.ch\/#\/schema\/logo\/image\/\",\"url\":\"https:\/\/seifen-oper.ch\/wp-content\/uploads\/2019\/06\/logo.seifen-oper450.txt.1.png\",\"contentUrl\":\"https:\/\/seifen-oper.ch\/wp-content\/uploads\/2019\/06\/logo.seifen-oper450.txt.1.png\",\"width\":1835,\"height\":1635,\"caption\":\"Seifen Oper GmbH\"},\"image\":{\"@id\":\"https:\/\/seifen-oper.ch\/#\/schema\/logo\/image\/\"},\"sameAs\":[\"https:\/\/www.facebook.com\/SeifenOperGmbH\",\"https:\/\/www.instagram.com\/explore\/locations\/1028758197\/seifen-oper\/\"]}]}<\/script>\n<!-- \/ Yoast SEO plugin. -->","yoast_head_json":{"title":"\"winterliche Zuckerschnute\" - Seifen Oper GmbH","description":"winterliches Hautpeeling mit Ingwer, Vanille, echtem Kakaopulver und biologisch abbaubarem Glitzer","robots":{"index":"index","follow":"follow","max-snippet":"max-snippet:-1","max-image-preview":"max-image-preview:large","max-video-preview":"max-video-preview:-1"},"canonical":"https:\/\/seifen-oper.ch\/?product=winterliche-zuckerschnute","og_locale":"de_DE","og_type":"article","og_title":"\"winterliche Zuckerschnute\" - Seifen Oper GmbH","og_description":"winterliches Hautpeeling mit Ingwer, Vanille, echtem Kakaopulver und biologisch abbaubarem Glitzer","og_url":"https:\/\/seifen-oper.ch\/?product=winterliche-zuckerschnute","og_site_name":"Seifen Oper GmbH","article_publisher":"https:\/\/www.facebook.com\/SeifenOperGmbH","article_modified_time":"2025-12-05T05:53:46+00:00","og_image":[{"width":709,"height":800,"url":"https:\/\/seifen-oper.ch\/wp-content\/uploads\/2025\/12\/zuckerschnute-winter.jpg","type":"image\/jpeg"}],"twitter_card":"summary_large_image","twitter_misc":{"Gesch\u00e4tzte Lesezeit":"1 Minute"},"schema":{"@context":"https:\/\/schema.org","@graph":[{"@type":"WebPage","@id":"https:\/\/seifen-oper.ch\/?product=winterliche-zuckerschnute","url":"https:\/\/seifen-oper.ch\/?product=winterliche-zuckerschnute","name":"\"winterliche Zuckerschnute\" - Seifen Oper GmbH","isPartOf":{"@id":"https:\/\/seifen-oper.ch\/#website"},"primaryImageOfPage":{"@id":"https:\/\/seifen-oper.ch\/?product=winterliche-zuckerschnute#primaryimage"},"image":{"@id":"https:\/\/seifen-oper.ch\/?product=winterliche-zuckerschnute#primaryimage"},"thumbnailUrl":"https:\/\/seifen-oper.ch\/wp-content\/uploads\/2025\/12\/zuckerschnute-winter.jpg","datePublished":"2025-12-05T05:53:45+00:00","dateModified":"2025-12-05T05:53:46+00:00","description":"winterliches Hautpeeling mit Ingwer, Vanille, echtem Kakaopulver und biologisch abbaubarem Glitzer","breadcrumb":{"@id":"https:\/\/seifen-oper.ch\/?product=winterliche-zuckerschnute#breadcrumb"},"inLanguage":"de-CH","potentialAction":[{"@type":"ReadAction","target":["https:\/\/seifen-oper.ch\/?product=winterliche-zuckerschnute"]}]},{"@type":"ImageObject","inLanguage":"de-CH","@id":"https:\/\/seifen-oper.ch\/?product=winterliche-zuckerschnute#primaryimage","url":"https:\/\/seifen-oper.ch\/wp-content\/uploads\/2025\/12\/zuckerschnute-winter.jpg","contentUrl":"https:\/\/seifen-oper.ch\/wp-content\/uploads\/2025\/12\/zuckerschnute-winter.jpg","width":709,"height":800},{"@type":"BreadcrumbList","@id":"https:\/\/seifen-oper.ch\/?product=winterliche-zuckerschnute#breadcrumb","itemListElement":[{"@type":"ListItem","position":1,"name":"Home","item":"https:\/\/seifen-oper.ch\/"},{"@type":"ListItem","position":2,"name":"Shop","item":"https:\/\/seifen-oper.ch\/?page_id=12"},{"@type":"ListItem","position":3,"name":"&#171;winterliche Zuckerschnute&#187;"}]},{"@type":"WebSite","@id":"https:\/\/seifen-oper.ch\/#website","url":"https:\/\/seifen-oper.ch\/","name":"Seifen Oper GmbH","description":"Kosmetik bester Qualit\u00e4t. Handgefertigt.","publisher":{"@id":"https:\/\/seifen-oper.ch\/#organization"},"potentialAction":[{"@type":"SearchAction","target":{"@type":"EntryPoint","urlTemplate":"https:\/\/seifen-oper.ch\/?s={search_term_string}"},"query-input":{"@type":"PropertyValueSpecification","valueRequired":true,"valueName":"search_term_string"}}],"inLanguage":"de-CH"},{"@type":"Organization","@id":"https:\/\/seifen-oper.ch\/#organization","name":"Seifen Oper GmbH","url":"https:\/\/seifen-oper.ch\/","logo":{"@type":"ImageObject","inLanguage":"de-CH","@id":"https:\/\/seifen-oper.ch\/#\/schema\/logo\/image\/","url":"https:\/\/seifen-oper.ch\/wp-content\/uploads\/2019\/06\/logo.seifen-oper450.txt.1.png","contentUrl":"https:\/\/seifen-oper.ch\/wp-content\/uploads\/2019\/06\/logo.seifen-oper450.txt.1.png","width":1835,"height":1635,"caption":"Seifen Oper GmbH"},"image":{"@id":"https:\/\/seifen-oper.ch\/#\/schema\/logo\/image\/"},"sameAs":["https:\/\/www.facebook.com\/SeifenOperGmbH","https:\/\/www.instagram.com\/explore\/locations\/1028758197\/seifen-oper\/"]}]}},"_links":{"self":[{"href":"https:\/\/seifen-oper.ch\/index.php?rest_route=\/wp\/v2\/product\/4474"}],"collection":[{"href":"https:\/\/seifen-oper.ch\/index.php?rest_route=\/wp\/v2\/product"}],"about":[{"href":"https:\/\/seifen-oper.ch\/index.php?rest_route=\/wp\/v2\/types\/product"}],"wp:featuredmedia":[{"embeddable":true,"href":"https:\/\/seifen-oper.ch\/index.php?rest_route=\/wp\/v2\/media\/4475"}],"wp:attachment":[{"href":"https:\/\/seifen-oper.ch\/index.php?rest_route=%2Fwp%2Fv2%2Fmedia&parent=4474"}],"wp:term":[{"taxonomy":"product_brand","embeddable":true,"href":"https:\/\/seifen-oper.ch\/index.php?rest_route=%2Fwp%2Fv2%2Fproduct_brand&post=4474"},{"taxonomy":"product_cat","embeddable":true,"href":"https:\/\/seifen-oper.ch\/index.php?rest_route=%2Fwp%2Fv2%2Fproduct_cat&post=4474"},{"taxonomy":"product_tag","embeddable":true,"href":"https:\/\/seifen-oper.ch\/index.php?rest_route=%2Fwp%2Fv2%2Fproduct_tag&post=4474"}],"curies":[{"name":"wp","href":"https:\/\/api.w.org\/{rel}","templated":true}]}}