{"id":446,"date":"2019-06-17T11:37:18","date_gmt":"2019-06-17T11:37:18","guid":{"rendered":"https:\/\/seifen-oper.ch\/?product=kindergeburtstagsparty-gutschein"},"modified":"2019-10-03T16:07:32","modified_gmt":"2019-10-03T16:07:32","slug":"kindergeburtstagsparty-gutschein","status":"publish","type":"product","link":"https:\/\/seifen-oper.ch\/?product=kindergeburtstagsparty-gutschein","title":{"rendered":"&#171;Kindergeburtstagsparty Gutschein&#187;"},"content":{"rendered":"<p style=\"text-align: center;\"><span style=\"color: #888888;\">Das ultimative Geburtstagsfest f\u00fcr Prinzessinnen, Ihre Freundinnen und Hofdamen.<\/span><\/p>\n<p style=\"text-align: center;\"><span style=\"color: #888888;\">Wir bieten f\u00fcr klein und gross ein Spasserlebnis f\u00fcr den sch\u00f6nsten Tag im Jahr. Das Geburtstagskind erh\u00e4lt ein Geschenk und alle Kinder d\u00fcrfen Ihre nach eigenen W\u00fcnschen gestalteten Sprudelkugeln mit nach Hause nehmen. Ein Erlebnis, wovon sie noch lange schw\u00e4rmen werden!\u00a0<\/span><\/p>\n<p style=\"text-align: center;\"><span style=\"color: #888888;\">\u00a0Dauer: 2 Stunden\/ Sfr. 250.-, max. 10 Personen<\/span><\/p>\n<p style=\"text-align: center;\">\n<p style=\"text-align: center;\"><span style=\"color: #888888;\">Kontaktieren Sie uns, um einen Termin zu vereinbaren:<\/span><\/p>\n<p style=\"text-align: center;\"><span style=\"color: #888888;\">t: 052 202 24 63, e: info@seifen-oper.ch<\/span><\/p>\n<p style=\"text-align: center;\"><span style=\"color: #888888;\">oder kommen Sie direkt im Laden vorbei:<\/span><\/p>\n<p style=\"text-align: center;\"><span style=\"color: #888888;\">Seifen Oper<\/span><\/p>\n<p style=\"text-align: center;\"><span style=\"color: #888888;\">Obertor 8\/10<\/span><\/p>\n<p style=\"text-align: center;\"><span style=\"color: #888888;\">8400 Winterthur<\/span><\/p>\n","protected":false},"excerpt":{"rendered":"<p>Gutschein f\u00fcr eine Kindergeburtstagsparty in der Seifen Oper<\/p>\n","protected":false},"featured_media":1527,"template":"","meta":[],"product_brand":[],"product_cat":[47],"product_tag":[],"class_list":{"0":"post-446","1":"product","2":"type-product","3":"status-publish","4":"has-post-thumbnail","6":"product_cat-gutscheine","8":"first","9":"instock","10":"shipping-taxable","11":"purchasable","12":"product-type-simple"},"yoast_head":"<!-- This site is optimized with the Yoast SEO plugin v25.6 - https:\/\/yoast.com\/wordpress\/plugins\/seo\/ -->\n<title>&quot;Kindergeburtstagsparty Gutschein&quot; - Seifen Oper GmbH<\/title>\n<meta name=\"robots\" content=\"index, follow, max-snippet:-1, max-image-preview:large, max-video-preview:-1\" \/>\n<link rel=\"canonical\" href=\"https:\/\/seifen-oper.ch\/?product=kindergeburtstagsparty-gutschein\" \/>\n<meta property=\"og:locale\" content=\"de_DE\" \/>\n<meta property=\"og:type\" content=\"article\" \/>\n<meta property=\"og:title\" content=\"&quot;Kindergeburtstagsparty Gutschein&quot; - Seifen Oper GmbH\" \/>\n<meta property=\"og:description\" content=\"Gutschein f\u00fcr eine Kindergeburtstagsparty in der Seifen Oper\" \/>\n<meta property=\"og:url\" content=\"https:\/\/seifen-oper.ch\/?product=kindergeburtstagsparty-gutschein\" \/>\n<meta property=\"og:site_name\" content=\"Seifen Oper GmbH\" \/>\n<meta property=\"article:publisher\" content=\"https:\/\/www.facebook.com\/SeifenOperGmbH\" \/>\n<meta property=\"article:modified_time\" content=\"2019-10-03T16:07:32+00:00\" \/>\n<meta property=\"og:image\" content=\"https:\/\/seifen-oper.ch\/wp-content\/uploads\/2019\/06\/gutscheinredy-e1566247788453.jpg\" \/>\n\t<meta property=\"og:image:width\" content=\"499\" \/>\n\t<meta property=\"og:image:height\" content=\"524\" \/>\n\t<meta property=\"og:image:type\" content=\"image\/jpeg\" \/>\n<meta name=\"twitter:card\" content=\"summary_large_image\" \/>\n<script type=\"application\/ld+json\" class=\"yoast-schema-graph\">{\"@context\":\"https:\/\/schema.org\",\"@graph\":[{\"@type\":\"WebPage\",\"@id\":\"https:\/\/seifen-oper.ch\/?product=kindergeburtstagsparty-gutschein\",\"url\":\"https:\/\/seifen-oper.ch\/?product=kindergeburtstagsparty-gutschein\",\"name\":\"\\\"Kindergeburtstagsparty Gutschein\\\" - Seifen Oper GmbH\",\"isPartOf\":{\"@id\":\"https:\/\/seifen-oper.ch\/#website\"},\"primaryImageOfPage\":{\"@id\":\"https:\/\/seifen-oper.ch\/?product=kindergeburtstagsparty-gutschein#primaryimage\"},\"image\":{\"@id\":\"https:\/\/seifen-oper.ch\/?product=kindergeburtstagsparty-gutschein#primaryimage\"},\"thumbnailUrl\":\"https:\/\/seifen-oper.ch\/wp-content\/uploads\/2019\/06\/gutscheinredy-e1566247788453.jpg\",\"datePublished\":\"2019-06-17T11:37:18+00:00\",\"dateModified\":\"2019-10-03T16:07:32+00:00\",\"breadcrumb\":{\"@id\":\"https:\/\/seifen-oper.ch\/?product=kindergeburtstagsparty-gutschein#breadcrumb\"},\"inLanguage\":\"de-CH\",\"potentialAction\":[{\"@type\":\"ReadAction\",\"target\":[\"https:\/\/seifen-oper.ch\/?product=kindergeburtstagsparty-gutschein\"]}]},{\"@type\":\"ImageObject\",\"inLanguage\":\"de-CH\",\"@id\":\"https:\/\/seifen-oper.ch\/?product=kindergeburtstagsparty-gutschein#primaryimage\",\"url\":\"https:\/\/seifen-oper.ch\/wp-content\/uploads\/2019\/06\/gutscheinredy-e1566247788453.jpg\",\"contentUrl\":\"https:\/\/seifen-oper.ch\/wp-content\/uploads\/2019\/06\/gutscheinredy-e1566247788453.jpg\",\"width\":499,\"height\":524},{\"@type\":\"BreadcrumbList\",\"@id\":\"https:\/\/seifen-oper.ch\/?product=kindergeburtstagsparty-gutschein#breadcrumb\",\"itemListElement\":[{\"@type\":\"ListItem\",\"position\":1,\"name\":\"Home\",\"item\":\"https:\/\/seifen-oper.ch\/\"},{\"@type\":\"ListItem\",\"position\":2,\"name\":\"Shop\",\"item\":\"https:\/\/seifen-oper.ch\/?page_id=12\"},{\"@type\":\"ListItem\",\"position\":3,\"name\":\"&#171;Kindergeburtstagsparty Gutschein&#187;\"}]},{\"@type\":\"WebSite\",\"@id\":\"https:\/\/seifen-oper.ch\/#website\",\"url\":\"https:\/\/seifen-oper.ch\/\",\"name\":\"Seifen Oper GmbH\",\"description\":\"Kosmetik bester Qualit\u00e4t. Handgefertigt.\",\"publisher\":{\"@id\":\"https:\/\/seifen-oper.ch\/#organization\"},\"potentialAction\":[{\"@type\":\"SearchAction\",\"target\":{\"@type\":\"EntryPoint\",\"urlTemplate\":\"https:\/\/seifen-oper.ch\/?s={search_term_string}\"},\"query-input\":{\"@type\":\"PropertyValueSpecification\",\"valueRequired\":true,\"valueName\":\"search_term_string\"}}],\"inLanguage\":\"de-CH\"},{\"@type\":\"Organization\",\"@id\":\"https:\/\/seifen-oper.ch\/#organization\",\"name\":\"Seifen Oper GmbH\",\"url\":\"https:\/\/seifen-oper.ch\/\",\"logo\":{\"@type\":\"ImageObject\",\"inLanguage\":\"de-CH\",\"@id\":\"https:\/\/seifen-oper.ch\/#\/schema\/logo\/image\/\",\"url\":\"https:\/\/seifen-oper.ch\/wp-content\/uploads\/2019\/06\/logo.seifen-oper450.txt.1.png\",\"contentUrl\":\"https:\/\/seifen-oper.ch\/wp-content\/uploads\/2019\/06\/logo.seifen-oper450.txt.1.png\",\"width\":1835,\"height\":1635,\"caption\":\"Seifen Oper GmbH\"},\"image\":{\"@id\":\"https:\/\/seifen-oper.ch\/#\/schema\/logo\/image\/\"},\"sameAs\":[\"https:\/\/www.facebook.com\/SeifenOperGmbH\",\"https:\/\/www.instagram.com\/explore\/locations\/1028758197\/seifen-oper\/\"]}]}<\/script>\n<!-- \/ Yoast SEO plugin. -->","yoast_head_json":{"title":"\"Kindergeburtstagsparty Gutschein\" - Seifen Oper GmbH","robots":{"index":"index","follow":"follow","max-snippet":"max-snippet:-1","max-image-preview":"max-image-preview:large","max-video-preview":"max-video-preview:-1"},"canonical":"https:\/\/seifen-oper.ch\/?product=kindergeburtstagsparty-gutschein","og_locale":"de_DE","og_type":"article","og_title":"\"Kindergeburtstagsparty Gutschein\" - Seifen Oper GmbH","og_description":"Gutschein f\u00fcr eine Kindergeburtstagsparty in der Seifen Oper","og_url":"https:\/\/seifen-oper.ch\/?product=kindergeburtstagsparty-gutschein","og_site_name":"Seifen Oper GmbH","article_publisher":"https:\/\/www.facebook.com\/SeifenOperGmbH","article_modified_time":"2019-10-03T16:07:32+00:00","og_image":[{"width":499,"height":524,"url":"https:\/\/seifen-oper.ch\/wp-content\/uploads\/2019\/06\/gutscheinredy-e1566247788453.jpg","type":"image\/jpeg"}],"twitter_card":"summary_large_image","schema":{"@context":"https:\/\/schema.org","@graph":[{"@type":"WebPage","@id":"https:\/\/seifen-oper.ch\/?product=kindergeburtstagsparty-gutschein","url":"https:\/\/seifen-oper.ch\/?product=kindergeburtstagsparty-gutschein","name":"\"Kindergeburtstagsparty Gutschein\" - Seifen Oper GmbH","isPartOf":{"@id":"https:\/\/seifen-oper.ch\/#website"},"primaryImageOfPage":{"@id":"https:\/\/seifen-oper.ch\/?product=kindergeburtstagsparty-gutschein#primaryimage"},"image":{"@id":"https:\/\/seifen-oper.ch\/?product=kindergeburtstagsparty-gutschein#primaryimage"},"thumbnailUrl":"https:\/\/seifen-oper.ch\/wp-content\/uploads\/2019\/06\/gutscheinredy-e1566247788453.jpg","datePublished":"2019-06-17T11:37:18+00:00","dateModified":"2019-10-03T16:07:32+00:00","breadcrumb":{"@id":"https:\/\/seifen-oper.ch\/?product=kindergeburtstagsparty-gutschein#breadcrumb"},"inLanguage":"de-CH","potentialAction":[{"@type":"ReadAction","target":["https:\/\/seifen-oper.ch\/?product=kindergeburtstagsparty-gutschein"]}]},{"@type":"ImageObject","inLanguage":"de-CH","@id":"https:\/\/seifen-oper.ch\/?product=kindergeburtstagsparty-gutschein#primaryimage","url":"https:\/\/seifen-oper.ch\/wp-content\/uploads\/2019\/06\/gutscheinredy-e1566247788453.jpg","contentUrl":"https:\/\/seifen-oper.ch\/wp-content\/uploads\/2019\/06\/gutscheinredy-e1566247788453.jpg","width":499,"height":524},{"@type":"BreadcrumbList","@id":"https:\/\/seifen-oper.ch\/?product=kindergeburtstagsparty-gutschein#breadcrumb","itemListElement":[{"@type":"ListItem","position":1,"name":"Home","item":"https:\/\/seifen-oper.ch\/"},{"@type":"ListItem","position":2,"name":"Shop","item":"https:\/\/seifen-oper.ch\/?page_id=12"},{"@type":"ListItem","position":3,"name":"&#171;Kindergeburtstagsparty Gutschein&#187;"}]},{"@type":"WebSite","@id":"https:\/\/seifen-oper.ch\/#website","url":"https:\/\/seifen-oper.ch\/","name":"Seifen Oper GmbH","description":"Kosmetik bester Qualit\u00e4t. Handgefertigt.","publisher":{"@id":"https:\/\/seifen-oper.ch\/#organization"},"potentialAction":[{"@type":"SearchAction","target":{"@type":"EntryPoint","urlTemplate":"https:\/\/seifen-oper.ch\/?s={search_term_string}"},"query-input":{"@type":"PropertyValueSpecification","valueRequired":true,"valueName":"search_term_string"}}],"inLanguage":"de-CH"},{"@type":"Organization","@id":"https:\/\/seifen-oper.ch\/#organization","name":"Seifen Oper GmbH","url":"https:\/\/seifen-oper.ch\/","logo":{"@type":"ImageObject","inLanguage":"de-CH","@id":"https:\/\/seifen-oper.ch\/#\/schema\/logo\/image\/","url":"https:\/\/seifen-oper.ch\/wp-content\/uploads\/2019\/06\/logo.seifen-oper450.txt.1.png","contentUrl":"https:\/\/seifen-oper.ch\/wp-content\/uploads\/2019\/06\/logo.seifen-oper450.txt.1.png","width":1835,"height":1635,"caption":"Seifen Oper GmbH"},"image":{"@id":"https:\/\/seifen-oper.ch\/#\/schema\/logo\/image\/"},"sameAs":["https:\/\/www.facebook.com\/SeifenOperGmbH","https:\/\/www.instagram.com\/explore\/locations\/1028758197\/seifen-oper\/"]}]}},"_links":{"self":[{"href":"https:\/\/seifen-oper.ch\/index.php?rest_route=\/wp\/v2\/product\/446"}],"collection":[{"href":"https:\/\/seifen-oper.ch\/index.php?rest_route=\/wp\/v2\/product"}],"about":[{"href":"https:\/\/seifen-oper.ch\/index.php?rest_route=\/wp\/v2\/types\/product"}],"wp:featuredmedia":[{"embeddable":true,"href":"https:\/\/seifen-oper.ch\/index.php?rest_route=\/wp\/v2\/media\/1527"}],"wp:attachment":[{"href":"https:\/\/seifen-oper.ch\/index.php?rest_route=%2Fwp%2Fv2%2Fmedia&parent=446"}],"wp:term":[{"taxonomy":"product_brand","embeddable":true,"href":"https:\/\/seifen-oper.ch\/index.php?rest_route=%2Fwp%2Fv2%2Fproduct_brand&post=446"},{"taxonomy":"product_cat","embeddable":true,"href":"https:\/\/seifen-oper.ch\/index.php?rest_route=%2Fwp%2Fv2%2Fproduct_cat&post=446"},{"taxonomy":"product_tag","embeddable":true,"href":"https:\/\/seifen-oper.ch\/index.php?rest_route=%2Fwp%2Fv2%2Fproduct_tag&post=446"}],"curies":[{"name":"wp","href":"https:\/\/api.w.org\/{rel}","templated":true}]}}