{"id":4436,"date":"2025-11-05T06:11:24","date_gmt":"2025-11-05T05:11:24","guid":{"rendered":"https:\/\/seifen-oper.ch\/?post_type=product&#038;p=4436"},"modified":"2025-12-03T15:32:52","modified_gmt":"2025-12-03T14:32:52","slug":"miyuki-seife-schneeflocke","status":"publish","type":"product","link":"https:\/\/seifen-oper.ch\/?product=miyuki-seife-schneeflocke","title":{"rendered":"\u201eSchneeflocke&#187; Miyuki-Seife"},"content":{"rendered":"<p>Eine Schneeflocke zum verschenken. \u201eMiyuki\u201c ist japanisch und bedeutet \u201esch\u00f6ner Schnee\u201c. Genau so sieht diese Hand &#8211; und K\u00f6rperseife aus. Sie ist schneeweiss wie wundersch\u00f6ner, frischer Schnee.<span class=\"Apple-converted-space\"> Diese Miyuki Seife kommt hier in Form einer sehr h\u00fcbschen Schneeflocke daher. Ideal als kleines Pr\u00e4sent.\u00a0<\/span><\/p>\n<p>Der Miyukiduft besteht aus zarten Lavendel- und Zitrusnoten. Sie verleihen dem Duft eine angenehme Frische. Sinnliche Blumenakkorde werden durch sanfte Holznoten abgerundet und vollendenden den Duft dieser wunderbaren handgemachten Seife.<\/p>\n<p>Die &#171;Miyuki Seife&#187; besteht rein pflanzlichen Inhaltsstoffen. Sie enth\u00e4lt Kokosbutter und Oliven\u00f6l, welches Ihre Haut pflegt und vor Austrocknung sch\u00fctzt.<\/p>\n<p>100g \/ CHF 14.-<\/p>\n<p>Inhaltsstoffe\/INCI: Wasser (Aqua), Oliven\u00f6l (Olea Europaea), Kokos\u00f6l (Cocos nucifera), Soja\u00f6l (Glycine soja), Raps\u00f6l (Brassica campestris seed oil), NaOH (Sodium Hydroxide), Parf\u00fcm, Lavandula angustifolia Oil (\u00e4th. Lavendel\u00f6l),<span class=\"Apple-converted-space\">\u00a0<\/span><\/p>\n","protected":false},"excerpt":{"rendered":"<p>eine weisse Hand- und K\u00f6rperseife mit einem zarten Duft von Lavendel- und Zitrusnoten in Form einer Schneeflocke<\/p>\n","protected":false},"featured_media":4437,"template":"","meta":[],"product_brand":[],"product_cat":[17,44],"product_tag":[119,118,72,179,631,312,627,55,625,139,128,130,628,630,61,629,626],"class_list":{"0":"post-4436","1":"product","2":"type-product","3":"status-publish","4":"has-post-thumbnail","6":"product_cat-seifen","7":"product_cat-winter","8":"product_tag-adventskalender","9":"product_tag-frisch","10":"product_tag-geschenk","11":"product_tag-handgemacht","12":"product_tag-handgeruehrt","13":"product_tag-handundkorperseife","14":"product_tag-hautpflegend","15":"product_tag-kokosbutter","16":"product_tag-lavendelduft","17":"product_tag-mitbringsel","18":"product_tag-ohne-konservierungsstoffe","19":"product_tag-olivenoel","20":"product_tag-schnee","21":"product_tag-silikonfrei","22":"product_tag-vegan","23":"product_tag-weisse-seife","24":"product_tag-zitrusduft","26":"first","27":"instock","28":"shipping-taxable","29":"purchasable","30":"product-type-simple"},"yoast_head":"<!-- This site is optimized with the Yoast SEO plugin v25.6 - https:\/\/yoast.com\/wordpress\/plugins\/seo\/ -->\n<title>\u201eSchneeflocke&quot; Miyuki-Seife - Seifen Oper GmbH<\/title>\n<meta name=\"description\" content=\"eine weisse Hand- und K\u00f6rperseife mit einem zarten Duft von Lavendel- und Zitrusnoten in Form einer Schneeflocke. Ideal als kleines Geschenk.\" \/>\n<meta name=\"robots\" content=\"index, follow, max-snippet:-1, max-image-preview:large, max-video-preview:-1\" \/>\n<link rel=\"canonical\" href=\"https:\/\/seifen-oper.ch\/?product=miyuki-seife-schneeflocke\" \/>\n<meta property=\"og:locale\" content=\"de_DE\" \/>\n<meta property=\"og:type\" content=\"article\" \/>\n<meta property=\"og:title\" content=\"\u201eSchneeflocke&quot; Miyuki-Seife - Seifen Oper GmbH\" \/>\n<meta property=\"og:description\" content=\"eine weisse Hand- und K\u00f6rperseife mit einem zarten Duft von Lavendel- und Zitrusnoten in Form einer Schneeflocke. Ideal als kleines Geschenk.\" \/>\n<meta property=\"og:url\" content=\"https:\/\/seifen-oper.ch\/?product=miyuki-seife-schneeflocke\" \/>\n<meta property=\"og:site_name\" content=\"Seifen Oper GmbH\" \/>\n<meta property=\"article:publisher\" content=\"https:\/\/www.facebook.com\/SeifenOperGmbH\" \/>\n<meta property=\"article:modified_time\" content=\"2025-12-03T14:32:52+00:00\" \/>\n<meta property=\"og:image\" content=\"https:\/\/seifen-oper.ch\/wp-content\/uploads\/2025\/11\/IMG_6347.jpg\" \/>\n\t<meta property=\"og:image:width\" content=\"641\" \/>\n\t<meta property=\"og:image:height\" content=\"709\" \/>\n\t<meta property=\"og:image:type\" content=\"image\/jpeg\" \/>\n<meta name=\"twitter:card\" content=\"summary_large_image\" \/>\n<meta name=\"twitter:label1\" content=\"Gesch\u00e4tzte Lesezeit\" \/>\n\t<meta name=\"twitter:data1\" content=\"1 Minute\" \/>\n<script type=\"application\/ld+json\" class=\"yoast-schema-graph\">{\"@context\":\"https:\/\/schema.org\",\"@graph\":[{\"@type\":\"WebPage\",\"@id\":\"https:\/\/seifen-oper.ch\/?product=miyuki-seife-schneeflocke\",\"url\":\"https:\/\/seifen-oper.ch\/?product=miyuki-seife-schneeflocke\",\"name\":\"\u201eSchneeflocke\\\" Miyuki-Seife - Seifen Oper GmbH\",\"isPartOf\":{\"@id\":\"https:\/\/seifen-oper.ch\/#website\"},\"primaryImageOfPage\":{\"@id\":\"https:\/\/seifen-oper.ch\/?product=miyuki-seife-schneeflocke#primaryimage\"},\"image\":{\"@id\":\"https:\/\/seifen-oper.ch\/?product=miyuki-seife-schneeflocke#primaryimage\"},\"thumbnailUrl\":\"https:\/\/seifen-oper.ch\/wp-content\/uploads\/2025\/11\/IMG_6347.jpg\",\"datePublished\":\"2025-11-05T05:11:24+00:00\",\"dateModified\":\"2025-12-03T14:32:52+00:00\",\"description\":\"eine weisse Hand- und K\u00f6rperseife mit einem zarten Duft von Lavendel- und Zitrusnoten in Form einer Schneeflocke. Ideal als kleines Geschenk.\",\"breadcrumb\":{\"@id\":\"https:\/\/seifen-oper.ch\/?product=miyuki-seife-schneeflocke#breadcrumb\"},\"inLanguage\":\"de-CH\",\"potentialAction\":[{\"@type\":\"ReadAction\",\"target\":[\"https:\/\/seifen-oper.ch\/?product=miyuki-seife-schneeflocke\"]}]},{\"@type\":\"ImageObject\",\"inLanguage\":\"de-CH\",\"@id\":\"https:\/\/seifen-oper.ch\/?product=miyuki-seife-schneeflocke#primaryimage\",\"url\":\"https:\/\/seifen-oper.ch\/wp-content\/uploads\/2025\/11\/IMG_6347.jpg\",\"contentUrl\":\"https:\/\/seifen-oper.ch\/wp-content\/uploads\/2025\/11\/IMG_6347.jpg\",\"width\":641,\"height\":709},{\"@type\":\"BreadcrumbList\",\"@id\":\"https:\/\/seifen-oper.ch\/?product=miyuki-seife-schneeflocke#breadcrumb\",\"itemListElement\":[{\"@type\":\"ListItem\",\"position\":1,\"name\":\"Home\",\"item\":\"https:\/\/seifen-oper.ch\/\"},{\"@type\":\"ListItem\",\"position\":2,\"name\":\"Shop\",\"item\":\"https:\/\/seifen-oper.ch\/?page_id=12\"},{\"@type\":\"ListItem\",\"position\":3,\"name\":\"\u201eSchneeflocke&#187; Miyuki-Seife\"}]},{\"@type\":\"WebSite\",\"@id\":\"https:\/\/seifen-oper.ch\/#website\",\"url\":\"https:\/\/seifen-oper.ch\/\",\"name\":\"Seifen Oper GmbH\",\"description\":\"Kosmetik bester Qualit\u00e4t. Handgefertigt.\",\"publisher\":{\"@id\":\"https:\/\/seifen-oper.ch\/#organization\"},\"potentialAction\":[{\"@type\":\"SearchAction\",\"target\":{\"@type\":\"EntryPoint\",\"urlTemplate\":\"https:\/\/seifen-oper.ch\/?s={search_term_string}\"},\"query-input\":{\"@type\":\"PropertyValueSpecification\",\"valueRequired\":true,\"valueName\":\"search_term_string\"}}],\"inLanguage\":\"de-CH\"},{\"@type\":\"Organization\",\"@id\":\"https:\/\/seifen-oper.ch\/#organization\",\"name\":\"Seifen Oper GmbH\",\"url\":\"https:\/\/seifen-oper.ch\/\",\"logo\":{\"@type\":\"ImageObject\",\"inLanguage\":\"de-CH\",\"@id\":\"https:\/\/seifen-oper.ch\/#\/schema\/logo\/image\/\",\"url\":\"https:\/\/seifen-oper.ch\/wp-content\/uploads\/2019\/06\/logo.seifen-oper450.txt.1.png\",\"contentUrl\":\"https:\/\/seifen-oper.ch\/wp-content\/uploads\/2019\/06\/logo.seifen-oper450.txt.1.png\",\"width\":1835,\"height\":1635,\"caption\":\"Seifen Oper GmbH\"},\"image\":{\"@id\":\"https:\/\/seifen-oper.ch\/#\/schema\/logo\/image\/\"},\"sameAs\":[\"https:\/\/www.facebook.com\/SeifenOperGmbH\",\"https:\/\/www.instagram.com\/explore\/locations\/1028758197\/seifen-oper\/\"]}]}<\/script>\n<!-- \/ Yoast SEO plugin. -->","yoast_head_json":{"title":"\u201eSchneeflocke\" Miyuki-Seife - Seifen Oper GmbH","description":"eine weisse Hand- und K\u00f6rperseife mit einem zarten Duft von Lavendel- und Zitrusnoten in Form einer Schneeflocke. Ideal als kleines Geschenk.","robots":{"index":"index","follow":"follow","max-snippet":"max-snippet:-1","max-image-preview":"max-image-preview:large","max-video-preview":"max-video-preview:-1"},"canonical":"https:\/\/seifen-oper.ch\/?product=miyuki-seife-schneeflocke","og_locale":"de_DE","og_type":"article","og_title":"\u201eSchneeflocke\" Miyuki-Seife - Seifen Oper GmbH","og_description":"eine weisse Hand- und K\u00f6rperseife mit einem zarten Duft von Lavendel- und Zitrusnoten in Form einer Schneeflocke. Ideal als kleines Geschenk.","og_url":"https:\/\/seifen-oper.ch\/?product=miyuki-seife-schneeflocke","og_site_name":"Seifen Oper GmbH","article_publisher":"https:\/\/www.facebook.com\/SeifenOperGmbH","article_modified_time":"2025-12-03T14:32:52+00:00","og_image":[{"width":641,"height":709,"url":"https:\/\/seifen-oper.ch\/wp-content\/uploads\/2025\/11\/IMG_6347.jpg","type":"image\/jpeg"}],"twitter_card":"summary_large_image","twitter_misc":{"Gesch\u00e4tzte Lesezeit":"1 Minute"},"schema":{"@context":"https:\/\/schema.org","@graph":[{"@type":"WebPage","@id":"https:\/\/seifen-oper.ch\/?product=miyuki-seife-schneeflocke","url":"https:\/\/seifen-oper.ch\/?product=miyuki-seife-schneeflocke","name":"\u201eSchneeflocke\" Miyuki-Seife - Seifen Oper GmbH","isPartOf":{"@id":"https:\/\/seifen-oper.ch\/#website"},"primaryImageOfPage":{"@id":"https:\/\/seifen-oper.ch\/?product=miyuki-seife-schneeflocke#primaryimage"},"image":{"@id":"https:\/\/seifen-oper.ch\/?product=miyuki-seife-schneeflocke#primaryimage"},"thumbnailUrl":"https:\/\/seifen-oper.ch\/wp-content\/uploads\/2025\/11\/IMG_6347.jpg","datePublished":"2025-11-05T05:11:24+00:00","dateModified":"2025-12-03T14:32:52+00:00","description":"eine weisse Hand- und K\u00f6rperseife mit einem zarten Duft von Lavendel- und Zitrusnoten in Form einer Schneeflocke. Ideal als kleines Geschenk.","breadcrumb":{"@id":"https:\/\/seifen-oper.ch\/?product=miyuki-seife-schneeflocke#breadcrumb"},"inLanguage":"de-CH","potentialAction":[{"@type":"ReadAction","target":["https:\/\/seifen-oper.ch\/?product=miyuki-seife-schneeflocke"]}]},{"@type":"ImageObject","inLanguage":"de-CH","@id":"https:\/\/seifen-oper.ch\/?product=miyuki-seife-schneeflocke#primaryimage","url":"https:\/\/seifen-oper.ch\/wp-content\/uploads\/2025\/11\/IMG_6347.jpg","contentUrl":"https:\/\/seifen-oper.ch\/wp-content\/uploads\/2025\/11\/IMG_6347.jpg","width":641,"height":709},{"@type":"BreadcrumbList","@id":"https:\/\/seifen-oper.ch\/?product=miyuki-seife-schneeflocke#breadcrumb","itemListElement":[{"@type":"ListItem","position":1,"name":"Home","item":"https:\/\/seifen-oper.ch\/"},{"@type":"ListItem","position":2,"name":"Shop","item":"https:\/\/seifen-oper.ch\/?page_id=12"},{"@type":"ListItem","position":3,"name":"\u201eSchneeflocke&#187; Miyuki-Seife"}]},{"@type":"WebSite","@id":"https:\/\/seifen-oper.ch\/#website","url":"https:\/\/seifen-oper.ch\/","name":"Seifen Oper GmbH","description":"Kosmetik bester Qualit\u00e4t. Handgefertigt.","publisher":{"@id":"https:\/\/seifen-oper.ch\/#organization"},"potentialAction":[{"@type":"SearchAction","target":{"@type":"EntryPoint","urlTemplate":"https:\/\/seifen-oper.ch\/?s={search_term_string}"},"query-input":{"@type":"PropertyValueSpecification","valueRequired":true,"valueName":"search_term_string"}}],"inLanguage":"de-CH"},{"@type":"Organization","@id":"https:\/\/seifen-oper.ch\/#organization","name":"Seifen Oper GmbH","url":"https:\/\/seifen-oper.ch\/","logo":{"@type":"ImageObject","inLanguage":"de-CH","@id":"https:\/\/seifen-oper.ch\/#\/schema\/logo\/image\/","url":"https:\/\/seifen-oper.ch\/wp-content\/uploads\/2019\/06\/logo.seifen-oper450.txt.1.png","contentUrl":"https:\/\/seifen-oper.ch\/wp-content\/uploads\/2019\/06\/logo.seifen-oper450.txt.1.png","width":1835,"height":1635,"caption":"Seifen Oper GmbH"},"image":{"@id":"https:\/\/seifen-oper.ch\/#\/schema\/logo\/image\/"},"sameAs":["https:\/\/www.facebook.com\/SeifenOperGmbH","https:\/\/www.instagram.com\/explore\/locations\/1028758197\/seifen-oper\/"]}]}},"_links":{"self":[{"href":"https:\/\/seifen-oper.ch\/index.php?rest_route=\/wp\/v2\/product\/4436"}],"collection":[{"href":"https:\/\/seifen-oper.ch\/index.php?rest_route=\/wp\/v2\/product"}],"about":[{"href":"https:\/\/seifen-oper.ch\/index.php?rest_route=\/wp\/v2\/types\/product"}],"wp:featuredmedia":[{"embeddable":true,"href":"https:\/\/seifen-oper.ch\/index.php?rest_route=\/wp\/v2\/media\/4437"}],"wp:attachment":[{"href":"https:\/\/seifen-oper.ch\/index.php?rest_route=%2Fwp%2Fv2%2Fmedia&parent=4436"}],"wp:term":[{"taxonomy":"product_brand","embeddable":true,"href":"https:\/\/seifen-oper.ch\/index.php?rest_route=%2Fwp%2Fv2%2Fproduct_brand&post=4436"},{"taxonomy":"product_cat","embeddable":true,"href":"https:\/\/seifen-oper.ch\/index.php?rest_route=%2Fwp%2Fv2%2Fproduct_cat&post=4436"},{"taxonomy":"product_tag","embeddable":true,"href":"https:\/\/seifen-oper.ch\/index.php?rest_route=%2Fwp%2Fv2%2Fproduct_tag&post=4436"}],"curies":[{"name":"wp","href":"https:\/\/api.w.org\/{rel}","templated":true}]}}