{"id":4357,"date":"2025-08-23T13:45:33","date_gmt":"2025-08-23T11:45:33","guid":{"rendered":"https:\/\/seifen-oper.ch\/?post_type=product&#038;p=4357"},"modified":"2026-02-09T08:25:40","modified_gmt":"2026-02-09T07:25:40","slug":"mundwasser","status":"publish","type":"product","link":"https:\/\/seifen-oper.ch\/?product=mundwasser","title":{"rendered":"&#171;Mundwasser&#187;"},"content":{"rendered":"<p>Dieses Kr\u00e4uter Mundwasser sorgt f\u00fcr ein sauberes, frisches und angenehmes Mundgef\u00fchl und ist f\u00fcr die t\u00e4gliche Mundhygiene bestens geeignet. Gnaz ohne Chemie auf der Basis von Salbei, aus unserem Kr\u00e4utergarten. Getrocknet und aufgekocht ist Salbei wunderbar f\u00fcr die Mundpflege. Das Mundwasser festigt das Zahnfleisch, st\u00e4rkt und pflegt die Mundschleimhaut, f\u00f6rdert die Mundgesundheit, stabilisiert die nat\u00fcrliche Mundflora und sorgt f\u00fcr einen frischen Atem. Zus\u00e4tzlich k\u00f6nnen<span class=\"Apple-converted-space\">\u00a0 <\/span>\u00e4therischen \u00d6le wie Teebaum\u00f6l oder Pfefferminze hilfreich sein in der Mundpflege, da sie antiseptische Eigenschaften besitzen.<\/p>\n<p>Anwendungsbereiche: Zur t\u00e4glichen Mundpflege und Mundreinigung. Benutzen Sie diese Kr\u00e4uter- Mundwasser regelm\u00e4\u00dfig nach dem Z\u00e4hneputzen, wenn n\u00f6tig auch \u00f6fter.<\/p>\n<p>100ml \/ CHF 9.-<\/p>\n<p>INCI: Aqua-Auszug aus:\u00a0Salviae (Salbeiauzug), Glycerine, Xylitol( Xylith), Salvia Officinalis Oil (\u00e4th. Salbei\u00f6l),<span class=\"Apple-converted-space\">\u00a0 <\/span>Mentha Piperita Oil(\u00e4th. Minz\u00f6l), Eucalyptus Globulus Leaf Oil (\u00e4th. Eukalyptus\u00f6l), Melaleucae aetheroleum\u00a0(Teebaum\u00f6l),<span class=\"Apple-converted-space\">\u00a0 <\/span>E142 (gr\u00fcnes Farbpigment)<\/p>\n","protected":false},"excerpt":{"rendered":"<p>Kr\u00e4uter Mundwasser<span class=\"Apple-converted-space\">\u00a0<\/span>mit Pflanzenextrakten und \u00e4therischen \u00d6len. Alkoholfreie Rezeptur<\/p>\n","protected":false},"featured_media":4358,"template":"","meta":[],"product_brand":[],"product_cat":[681,25],"product_tag":[589,584,586,585,588,484,493,587],"class_list":{"0":"post-4357","1":"product","2":"type-product","3":"status-publish","4":"has-post-thumbnail","6":"product_cat-fruehling","7":"product_cat-diverses","8":"product_tag-eukalyptusoel","9":"product_tag-mund","10":"product_tag-mundpflege","11":"product_tag-mundwasser","12":"product_tag-pfefferminzoel","13":"product_tag-salbei","14":"product_tag-salbeioel","15":"product_tag-teebaumoel","17":"first","18":"instock","19":"shipping-taxable","20":"purchasable","21":"product-type-simple"},"yoast_head":"<!-- This site is optimized with the Yoast SEO plugin v25.6 - https:\/\/yoast.com\/wordpress\/plugins\/seo\/ -->\n<title>&quot;Mundwasser&quot; - Seifen Oper GmbH<\/title>\n<meta name=\"robots\" content=\"index, follow, max-snippet:-1, max-image-preview:large, max-video-preview:-1\" \/>\n<link rel=\"canonical\" href=\"https:\/\/seifen-oper.ch\/?product=mundwasser\" \/>\n<meta property=\"og:locale\" content=\"de_DE\" \/>\n<meta property=\"og:type\" content=\"article\" \/>\n<meta property=\"og:title\" content=\"&quot;Mundwasser&quot; - Seifen Oper GmbH\" \/>\n<meta property=\"og:description\" content=\"Kr\u00e4uter Mundwasser\u00a0mit Pflanzenextrakten und \u00e4therischen \u00d6len. Alkoholfreie Rezeptur\" \/>\n<meta property=\"og:url\" content=\"https:\/\/seifen-oper.ch\/?product=mundwasser\" \/>\n<meta property=\"og:site_name\" content=\"Seifen Oper GmbH\" \/>\n<meta property=\"article:publisher\" content=\"https:\/\/www.facebook.com\/SeifenOperGmbH\" \/>\n<meta property=\"article:modified_time\" content=\"2026-02-09T07:25:40+00:00\" \/>\n<meta property=\"og:image\" content=\"https:\/\/seifen-oper.ch\/wp-content\/uploads\/2025\/08\/IMG_5738.jpg\" \/>\n\t<meta property=\"og:image:width\" content=\"2206\" \/>\n\t<meta property=\"og:image:height\" content=\"2195\" \/>\n\t<meta property=\"og:image:type\" content=\"image\/jpeg\" \/>\n<meta name=\"twitter:card\" content=\"summary_large_image\" \/>\n<meta name=\"twitter:label1\" content=\"Gesch\u00e4tzte Lesezeit\" \/>\n\t<meta name=\"twitter:data1\" content=\"1 Minute\" \/>\n<script type=\"application\/ld+json\" class=\"yoast-schema-graph\">{\"@context\":\"https:\/\/schema.org\",\"@graph\":[{\"@type\":\"WebPage\",\"@id\":\"https:\/\/seifen-oper.ch\/?product=mundwasser\",\"url\":\"https:\/\/seifen-oper.ch\/?product=mundwasser\",\"name\":\"\\\"Mundwasser\\\" - Seifen Oper GmbH\",\"isPartOf\":{\"@id\":\"https:\/\/seifen-oper.ch\/#website\"},\"primaryImageOfPage\":{\"@id\":\"https:\/\/seifen-oper.ch\/?product=mundwasser#primaryimage\"},\"image\":{\"@id\":\"https:\/\/seifen-oper.ch\/?product=mundwasser#primaryimage\"},\"thumbnailUrl\":\"https:\/\/seifen-oper.ch\/wp-content\/uploads\/2025\/08\/IMG_5738.jpg\",\"datePublished\":\"2025-08-23T11:45:33+00:00\",\"dateModified\":\"2026-02-09T07:25:40+00:00\",\"breadcrumb\":{\"@id\":\"https:\/\/seifen-oper.ch\/?product=mundwasser#breadcrumb\"},\"inLanguage\":\"de-CH\",\"potentialAction\":[{\"@type\":\"ReadAction\",\"target\":[\"https:\/\/seifen-oper.ch\/?product=mundwasser\"]}]},{\"@type\":\"ImageObject\",\"inLanguage\":\"de-CH\",\"@id\":\"https:\/\/seifen-oper.ch\/?product=mundwasser#primaryimage\",\"url\":\"https:\/\/seifen-oper.ch\/wp-content\/uploads\/2025\/08\/IMG_5738.jpg\",\"contentUrl\":\"https:\/\/seifen-oper.ch\/wp-content\/uploads\/2025\/08\/IMG_5738.jpg\",\"width\":2206,\"height\":2195},{\"@type\":\"BreadcrumbList\",\"@id\":\"https:\/\/seifen-oper.ch\/?product=mundwasser#breadcrumb\",\"itemListElement\":[{\"@type\":\"ListItem\",\"position\":1,\"name\":\"Home\",\"item\":\"https:\/\/seifen-oper.ch\/\"},{\"@type\":\"ListItem\",\"position\":2,\"name\":\"Shop\",\"item\":\"https:\/\/seifen-oper.ch\/?page_id=12\"},{\"@type\":\"ListItem\",\"position\":3,\"name\":\"&#171;Mundwasser&#187;\"}]},{\"@type\":\"WebSite\",\"@id\":\"https:\/\/seifen-oper.ch\/#website\",\"url\":\"https:\/\/seifen-oper.ch\/\",\"name\":\"Seifen Oper GmbH\",\"description\":\"Kosmetik bester Qualit\u00e4t. Handgefertigt.\",\"publisher\":{\"@id\":\"https:\/\/seifen-oper.ch\/#organization\"},\"potentialAction\":[{\"@type\":\"SearchAction\",\"target\":{\"@type\":\"EntryPoint\",\"urlTemplate\":\"https:\/\/seifen-oper.ch\/?s={search_term_string}\"},\"query-input\":{\"@type\":\"PropertyValueSpecification\",\"valueRequired\":true,\"valueName\":\"search_term_string\"}}],\"inLanguage\":\"de-CH\"},{\"@type\":\"Organization\",\"@id\":\"https:\/\/seifen-oper.ch\/#organization\",\"name\":\"Seifen Oper GmbH\",\"url\":\"https:\/\/seifen-oper.ch\/\",\"logo\":{\"@type\":\"ImageObject\",\"inLanguage\":\"de-CH\",\"@id\":\"https:\/\/seifen-oper.ch\/#\/schema\/logo\/image\/\",\"url\":\"https:\/\/seifen-oper.ch\/wp-content\/uploads\/2019\/06\/logo.seifen-oper450.txt.1.png\",\"contentUrl\":\"https:\/\/seifen-oper.ch\/wp-content\/uploads\/2019\/06\/logo.seifen-oper450.txt.1.png\",\"width\":1835,\"height\":1635,\"caption\":\"Seifen Oper GmbH\"},\"image\":{\"@id\":\"https:\/\/seifen-oper.ch\/#\/schema\/logo\/image\/\"},\"sameAs\":[\"https:\/\/www.facebook.com\/SeifenOperGmbH\",\"https:\/\/www.instagram.com\/explore\/locations\/1028758197\/seifen-oper\/\"]}]}<\/script>\n<!-- \/ Yoast SEO plugin. -->","yoast_head_json":{"title":"\"Mundwasser\" - Seifen Oper GmbH","robots":{"index":"index","follow":"follow","max-snippet":"max-snippet:-1","max-image-preview":"max-image-preview:large","max-video-preview":"max-video-preview:-1"},"canonical":"https:\/\/seifen-oper.ch\/?product=mundwasser","og_locale":"de_DE","og_type":"article","og_title":"\"Mundwasser\" - Seifen Oper GmbH","og_description":"Kr\u00e4uter Mundwasser\u00a0mit Pflanzenextrakten und \u00e4therischen \u00d6len. Alkoholfreie Rezeptur","og_url":"https:\/\/seifen-oper.ch\/?product=mundwasser","og_site_name":"Seifen Oper GmbH","article_publisher":"https:\/\/www.facebook.com\/SeifenOperGmbH","article_modified_time":"2026-02-09T07:25:40+00:00","og_image":[{"width":2206,"height":2195,"url":"https:\/\/seifen-oper.ch\/wp-content\/uploads\/2025\/08\/IMG_5738.jpg","type":"image\/jpeg"}],"twitter_card":"summary_large_image","twitter_misc":{"Gesch\u00e4tzte Lesezeit":"1 Minute"},"schema":{"@context":"https:\/\/schema.org","@graph":[{"@type":"WebPage","@id":"https:\/\/seifen-oper.ch\/?product=mundwasser","url":"https:\/\/seifen-oper.ch\/?product=mundwasser","name":"\"Mundwasser\" - Seifen Oper GmbH","isPartOf":{"@id":"https:\/\/seifen-oper.ch\/#website"},"primaryImageOfPage":{"@id":"https:\/\/seifen-oper.ch\/?product=mundwasser#primaryimage"},"image":{"@id":"https:\/\/seifen-oper.ch\/?product=mundwasser#primaryimage"},"thumbnailUrl":"https:\/\/seifen-oper.ch\/wp-content\/uploads\/2025\/08\/IMG_5738.jpg","datePublished":"2025-08-23T11:45:33+00:00","dateModified":"2026-02-09T07:25:40+00:00","breadcrumb":{"@id":"https:\/\/seifen-oper.ch\/?product=mundwasser#breadcrumb"},"inLanguage":"de-CH","potentialAction":[{"@type":"ReadAction","target":["https:\/\/seifen-oper.ch\/?product=mundwasser"]}]},{"@type":"ImageObject","inLanguage":"de-CH","@id":"https:\/\/seifen-oper.ch\/?product=mundwasser#primaryimage","url":"https:\/\/seifen-oper.ch\/wp-content\/uploads\/2025\/08\/IMG_5738.jpg","contentUrl":"https:\/\/seifen-oper.ch\/wp-content\/uploads\/2025\/08\/IMG_5738.jpg","width":2206,"height":2195},{"@type":"BreadcrumbList","@id":"https:\/\/seifen-oper.ch\/?product=mundwasser#breadcrumb","itemListElement":[{"@type":"ListItem","position":1,"name":"Home","item":"https:\/\/seifen-oper.ch\/"},{"@type":"ListItem","position":2,"name":"Shop","item":"https:\/\/seifen-oper.ch\/?page_id=12"},{"@type":"ListItem","position":3,"name":"&#171;Mundwasser&#187;"}]},{"@type":"WebSite","@id":"https:\/\/seifen-oper.ch\/#website","url":"https:\/\/seifen-oper.ch\/","name":"Seifen Oper GmbH","description":"Kosmetik bester Qualit\u00e4t. Handgefertigt.","publisher":{"@id":"https:\/\/seifen-oper.ch\/#organization"},"potentialAction":[{"@type":"SearchAction","target":{"@type":"EntryPoint","urlTemplate":"https:\/\/seifen-oper.ch\/?s={search_term_string}"},"query-input":{"@type":"PropertyValueSpecification","valueRequired":true,"valueName":"search_term_string"}}],"inLanguage":"de-CH"},{"@type":"Organization","@id":"https:\/\/seifen-oper.ch\/#organization","name":"Seifen Oper GmbH","url":"https:\/\/seifen-oper.ch\/","logo":{"@type":"ImageObject","inLanguage":"de-CH","@id":"https:\/\/seifen-oper.ch\/#\/schema\/logo\/image\/","url":"https:\/\/seifen-oper.ch\/wp-content\/uploads\/2019\/06\/logo.seifen-oper450.txt.1.png","contentUrl":"https:\/\/seifen-oper.ch\/wp-content\/uploads\/2019\/06\/logo.seifen-oper450.txt.1.png","width":1835,"height":1635,"caption":"Seifen Oper GmbH"},"image":{"@id":"https:\/\/seifen-oper.ch\/#\/schema\/logo\/image\/"},"sameAs":["https:\/\/www.facebook.com\/SeifenOperGmbH","https:\/\/www.instagram.com\/explore\/locations\/1028758197\/seifen-oper\/"]}]}},"_links":{"self":[{"href":"https:\/\/seifen-oper.ch\/index.php?rest_route=\/wp\/v2\/product\/4357"}],"collection":[{"href":"https:\/\/seifen-oper.ch\/index.php?rest_route=\/wp\/v2\/product"}],"about":[{"href":"https:\/\/seifen-oper.ch\/index.php?rest_route=\/wp\/v2\/types\/product"}],"wp:featuredmedia":[{"embeddable":true,"href":"https:\/\/seifen-oper.ch\/index.php?rest_route=\/wp\/v2\/media\/4358"}],"wp:attachment":[{"href":"https:\/\/seifen-oper.ch\/index.php?rest_route=%2Fwp%2Fv2%2Fmedia&parent=4357"}],"wp:term":[{"taxonomy":"product_brand","embeddable":true,"href":"https:\/\/seifen-oper.ch\/index.php?rest_route=%2Fwp%2Fv2%2Fproduct_brand&post=4357"},{"taxonomy":"product_cat","embeddable":true,"href":"https:\/\/seifen-oper.ch\/index.php?rest_route=%2Fwp%2Fv2%2Fproduct_cat&post=4357"},{"taxonomy":"product_tag","embeddable":true,"href":"https:\/\/seifen-oper.ch\/index.php?rest_route=%2Fwp%2Fv2%2Fproduct_tag&post=4357"}],"curies":[{"name":"wp","href":"https:\/\/api.w.org\/{rel}","templated":true}]}}