{"id":3834,"date":"2022-11-14T13:24:29","date_gmt":"2022-11-14T12:24:29","guid":{"rendered":"https:\/\/seifen-oper.ch\/?post_type=product&#038;p=3834"},"modified":"2024-10-28T22:36:21","modified_gmt":"2024-10-28T21:36:21","slug":"limonen-verbeine-olivenoelseife","status":"publish","type":"product","link":"https:\/\/seifen-oper.ch\/?product=limonen-verbeine-olivenoelseife","title":{"rendered":"\u201eLimonen-Verbeine Oliven\u00f6lseife\u201c"},"content":{"rendered":"<p>Dank einen hohen Anteil hochwertig, kaltgepresstem Oliven\u00f6l, ist sie wunderbar r\u00fcckfettend<span class=\"Apple-converted-space\">\u00a0 <\/span>und pflegt Ihre Haut optimal. Der herb-frische Duft ist ideal, um Sie morgens in Schwung zu bringen. Starten Sie mit dieser Seife froh gelaunt, sauber &amp; top gepflegt in den Tag oder benutzen Sie sie zwischendurch f\u00fcr die H\u00e4nde um den Kopf frei zu bekommen.<span class=\"Apple-converted-space\">\u00a0<\/span><\/p>\n<p>Vegan, handgefertigt, palm\u00f6lfrei und OHNE Konservierungsstoffe, wie all unsere Seifen.<\/p>\n<p>INCI: Cocos Nucifera (Kokos\u00f6l), Aqua, Olea Europaea (Oliven\u00f6l), Glycine soja (Soja\u00f6l), Brassica campestris seed oil (Raps\u00f6l), Sodium Hydroxide (NaOH), Parfum,\u00a0E142 (gr\u00fcnes Farbpigment)<\/p>\n<p><span class=\"Apple-converted-space\">\u00a0<\/span>100g \/ CHF 14.-<\/p>\n","protected":false},"excerpt":{"rendered":"<p>Gr\u00fcne Hand -und K\u00f6rperseife mit Limonen-Verbeine Duft.<span class=\"Apple-converted-space\">\u00a0<\/span><\/p>\n","protected":false},"featured_media":3835,"template":"","meta":[],"product_brand":[],"product_cat":[17],"product_tag":[435,179,195,196,434,130,176,61,433],"class_list":{"0":"post-3834","1":"product","2":"type-product","3":"status-publish","4":"has-post-thumbnail","6":"product_cat-seifen","7":"product_tag-ch-produktion","8":"product_tag-handgemacht","9":"product_tag-handseife","10":"product_tag-korperseife","11":"product_tag-limone","12":"product_tag-olivenoel","13":"product_tag-rueckfettend","14":"product_tag-vegan","15":"product_tag-verbeine","17":"first","18":"instock","19":"shipping-taxable","20":"purchasable","21":"product-type-simple"},"yoast_head":"<!-- This site is optimized with the Yoast SEO plugin v25.6 - https:\/\/yoast.com\/wordpress\/plugins\/seo\/ -->\n<title>\u201eLimonen-Verbeine Oliven\u00f6lseife\u201c - Seifen Oper GmbH<\/title>\n<meta name=\"robots\" content=\"index, follow, max-snippet:-1, max-image-preview:large, max-video-preview:-1\" \/>\n<link rel=\"canonical\" href=\"https:\/\/seifen-oper.ch\/?product=limonen-verbeine-olivenoelseife\" \/>\n<meta property=\"og:locale\" content=\"de_DE\" \/>\n<meta property=\"og:type\" content=\"article\" \/>\n<meta property=\"og:title\" content=\"\u201eLimonen-Verbeine Oliven\u00f6lseife\u201c - Seifen Oper GmbH\" \/>\n<meta property=\"og:description\" content=\"Gr\u00fcne Hand -und K\u00f6rperseife mit Limonen-Verbeine Duft.\u00a0\" \/>\n<meta property=\"og:url\" content=\"https:\/\/seifen-oper.ch\/?product=limonen-verbeine-olivenoelseife\" \/>\n<meta property=\"og:site_name\" content=\"Seifen Oper GmbH\" \/>\n<meta property=\"article:publisher\" content=\"https:\/\/www.facebook.com\/SeifenOperGmbH\" \/>\n<meta property=\"article:modified_time\" content=\"2024-10-28T21:36:21+00:00\" \/>\n<meta property=\"og:image\" content=\"https:\/\/seifen-oper.ch\/wp-content\/uploads\/2022\/11\/IMG_7027-2-scaled.jpeg\" \/>\n\t<meta property=\"og:image:width\" content=\"2560\" \/>\n\t<meta property=\"og:image:height\" content=\"1920\" \/>\n\t<meta property=\"og:image:type\" content=\"image\/jpeg\" \/>\n<meta name=\"twitter:card\" content=\"summary_large_image\" \/>\n<meta name=\"twitter:label1\" content=\"Gesch\u00e4tzte Lesezeit\" \/>\n\t<meta name=\"twitter:data1\" content=\"1 Minute\" \/>\n<script type=\"application\/ld+json\" class=\"yoast-schema-graph\">{\"@context\":\"https:\/\/schema.org\",\"@graph\":[{\"@type\":\"WebPage\",\"@id\":\"https:\/\/seifen-oper.ch\/?product=limonen-verbeine-olivenoelseife\",\"url\":\"https:\/\/seifen-oper.ch\/?product=limonen-verbeine-olivenoelseife\",\"name\":\"\u201eLimonen-Verbeine Oliven\u00f6lseife\u201c - Seifen Oper GmbH\",\"isPartOf\":{\"@id\":\"https:\/\/seifen-oper.ch\/#website\"},\"primaryImageOfPage\":{\"@id\":\"https:\/\/seifen-oper.ch\/?product=limonen-verbeine-olivenoelseife#primaryimage\"},\"image\":{\"@id\":\"https:\/\/seifen-oper.ch\/?product=limonen-verbeine-olivenoelseife#primaryimage\"},\"thumbnailUrl\":\"https:\/\/seifen-oper.ch\/wp-content\/uploads\/2022\/11\/IMG_7027-2-scaled.jpeg\",\"datePublished\":\"2022-11-14T12:24:29+00:00\",\"dateModified\":\"2024-10-28T21:36:21+00:00\",\"breadcrumb\":{\"@id\":\"https:\/\/seifen-oper.ch\/?product=limonen-verbeine-olivenoelseife#breadcrumb\"},\"inLanguage\":\"de-CH\",\"potentialAction\":[{\"@type\":\"ReadAction\",\"target\":[\"https:\/\/seifen-oper.ch\/?product=limonen-verbeine-olivenoelseife\"]}]},{\"@type\":\"ImageObject\",\"inLanguage\":\"de-CH\",\"@id\":\"https:\/\/seifen-oper.ch\/?product=limonen-verbeine-olivenoelseife#primaryimage\",\"url\":\"https:\/\/seifen-oper.ch\/wp-content\/uploads\/2022\/11\/IMG_7027-2-scaled.jpeg\",\"contentUrl\":\"https:\/\/seifen-oper.ch\/wp-content\/uploads\/2022\/11\/IMG_7027-2-scaled.jpeg\",\"width\":2560,\"height\":1920},{\"@type\":\"BreadcrumbList\",\"@id\":\"https:\/\/seifen-oper.ch\/?product=limonen-verbeine-olivenoelseife#breadcrumb\",\"itemListElement\":[{\"@type\":\"ListItem\",\"position\":1,\"name\":\"Home\",\"item\":\"https:\/\/seifen-oper.ch\/\"},{\"@type\":\"ListItem\",\"position\":2,\"name\":\"Shop\",\"item\":\"https:\/\/seifen-oper.ch\/?page_id=12\"},{\"@type\":\"ListItem\",\"position\":3,\"name\":\"\u201eLimonen-Verbeine Oliven\u00f6lseife\u201c\"}]},{\"@type\":\"WebSite\",\"@id\":\"https:\/\/seifen-oper.ch\/#website\",\"url\":\"https:\/\/seifen-oper.ch\/\",\"name\":\"Seifen Oper GmbH\",\"description\":\"Kosmetik bester Qualit\u00e4t. Handgefertigt.\",\"publisher\":{\"@id\":\"https:\/\/seifen-oper.ch\/#organization\"},\"potentialAction\":[{\"@type\":\"SearchAction\",\"target\":{\"@type\":\"EntryPoint\",\"urlTemplate\":\"https:\/\/seifen-oper.ch\/?s={search_term_string}\"},\"query-input\":{\"@type\":\"PropertyValueSpecification\",\"valueRequired\":true,\"valueName\":\"search_term_string\"}}],\"inLanguage\":\"de-CH\"},{\"@type\":\"Organization\",\"@id\":\"https:\/\/seifen-oper.ch\/#organization\",\"name\":\"Seifen Oper GmbH\",\"url\":\"https:\/\/seifen-oper.ch\/\",\"logo\":{\"@type\":\"ImageObject\",\"inLanguage\":\"de-CH\",\"@id\":\"https:\/\/seifen-oper.ch\/#\/schema\/logo\/image\/\",\"url\":\"https:\/\/seifen-oper.ch\/wp-content\/uploads\/2019\/06\/logo.seifen-oper450.txt.1.png\",\"contentUrl\":\"https:\/\/seifen-oper.ch\/wp-content\/uploads\/2019\/06\/logo.seifen-oper450.txt.1.png\",\"width\":1835,\"height\":1635,\"caption\":\"Seifen Oper GmbH\"},\"image\":{\"@id\":\"https:\/\/seifen-oper.ch\/#\/schema\/logo\/image\/\"},\"sameAs\":[\"https:\/\/www.facebook.com\/SeifenOperGmbH\",\"https:\/\/www.instagram.com\/explore\/locations\/1028758197\/seifen-oper\/\"]}]}<\/script>\n<!-- \/ Yoast SEO plugin. -->","yoast_head_json":{"title":"\u201eLimonen-Verbeine Oliven\u00f6lseife\u201c - Seifen Oper GmbH","robots":{"index":"index","follow":"follow","max-snippet":"max-snippet:-1","max-image-preview":"max-image-preview:large","max-video-preview":"max-video-preview:-1"},"canonical":"https:\/\/seifen-oper.ch\/?product=limonen-verbeine-olivenoelseife","og_locale":"de_DE","og_type":"article","og_title":"\u201eLimonen-Verbeine Oliven\u00f6lseife\u201c - Seifen Oper GmbH","og_description":"Gr\u00fcne Hand -und K\u00f6rperseife mit Limonen-Verbeine Duft.\u00a0","og_url":"https:\/\/seifen-oper.ch\/?product=limonen-verbeine-olivenoelseife","og_site_name":"Seifen Oper GmbH","article_publisher":"https:\/\/www.facebook.com\/SeifenOperGmbH","article_modified_time":"2024-10-28T21:36:21+00:00","og_image":[{"width":2560,"height":1920,"url":"https:\/\/seifen-oper.ch\/wp-content\/uploads\/2022\/11\/IMG_7027-2-scaled.jpeg","type":"image\/jpeg"}],"twitter_card":"summary_large_image","twitter_misc":{"Gesch\u00e4tzte Lesezeit":"1 Minute"},"schema":{"@context":"https:\/\/schema.org","@graph":[{"@type":"WebPage","@id":"https:\/\/seifen-oper.ch\/?product=limonen-verbeine-olivenoelseife","url":"https:\/\/seifen-oper.ch\/?product=limonen-verbeine-olivenoelseife","name":"\u201eLimonen-Verbeine Oliven\u00f6lseife\u201c - Seifen Oper GmbH","isPartOf":{"@id":"https:\/\/seifen-oper.ch\/#website"},"primaryImageOfPage":{"@id":"https:\/\/seifen-oper.ch\/?product=limonen-verbeine-olivenoelseife#primaryimage"},"image":{"@id":"https:\/\/seifen-oper.ch\/?product=limonen-verbeine-olivenoelseife#primaryimage"},"thumbnailUrl":"https:\/\/seifen-oper.ch\/wp-content\/uploads\/2022\/11\/IMG_7027-2-scaled.jpeg","datePublished":"2022-11-14T12:24:29+00:00","dateModified":"2024-10-28T21:36:21+00:00","breadcrumb":{"@id":"https:\/\/seifen-oper.ch\/?product=limonen-verbeine-olivenoelseife#breadcrumb"},"inLanguage":"de-CH","potentialAction":[{"@type":"ReadAction","target":["https:\/\/seifen-oper.ch\/?product=limonen-verbeine-olivenoelseife"]}]},{"@type":"ImageObject","inLanguage":"de-CH","@id":"https:\/\/seifen-oper.ch\/?product=limonen-verbeine-olivenoelseife#primaryimage","url":"https:\/\/seifen-oper.ch\/wp-content\/uploads\/2022\/11\/IMG_7027-2-scaled.jpeg","contentUrl":"https:\/\/seifen-oper.ch\/wp-content\/uploads\/2022\/11\/IMG_7027-2-scaled.jpeg","width":2560,"height":1920},{"@type":"BreadcrumbList","@id":"https:\/\/seifen-oper.ch\/?product=limonen-verbeine-olivenoelseife#breadcrumb","itemListElement":[{"@type":"ListItem","position":1,"name":"Home","item":"https:\/\/seifen-oper.ch\/"},{"@type":"ListItem","position":2,"name":"Shop","item":"https:\/\/seifen-oper.ch\/?page_id=12"},{"@type":"ListItem","position":3,"name":"\u201eLimonen-Verbeine Oliven\u00f6lseife\u201c"}]},{"@type":"WebSite","@id":"https:\/\/seifen-oper.ch\/#website","url":"https:\/\/seifen-oper.ch\/","name":"Seifen Oper GmbH","description":"Kosmetik bester Qualit\u00e4t. Handgefertigt.","publisher":{"@id":"https:\/\/seifen-oper.ch\/#organization"},"potentialAction":[{"@type":"SearchAction","target":{"@type":"EntryPoint","urlTemplate":"https:\/\/seifen-oper.ch\/?s={search_term_string}"},"query-input":{"@type":"PropertyValueSpecification","valueRequired":true,"valueName":"search_term_string"}}],"inLanguage":"de-CH"},{"@type":"Organization","@id":"https:\/\/seifen-oper.ch\/#organization","name":"Seifen Oper GmbH","url":"https:\/\/seifen-oper.ch\/","logo":{"@type":"ImageObject","inLanguage":"de-CH","@id":"https:\/\/seifen-oper.ch\/#\/schema\/logo\/image\/","url":"https:\/\/seifen-oper.ch\/wp-content\/uploads\/2019\/06\/logo.seifen-oper450.txt.1.png","contentUrl":"https:\/\/seifen-oper.ch\/wp-content\/uploads\/2019\/06\/logo.seifen-oper450.txt.1.png","width":1835,"height":1635,"caption":"Seifen Oper GmbH"},"image":{"@id":"https:\/\/seifen-oper.ch\/#\/schema\/logo\/image\/"},"sameAs":["https:\/\/www.facebook.com\/SeifenOperGmbH","https:\/\/www.instagram.com\/explore\/locations\/1028758197\/seifen-oper\/"]}]}},"_links":{"self":[{"href":"https:\/\/seifen-oper.ch\/index.php?rest_route=\/wp\/v2\/product\/3834"}],"collection":[{"href":"https:\/\/seifen-oper.ch\/index.php?rest_route=\/wp\/v2\/product"}],"about":[{"href":"https:\/\/seifen-oper.ch\/index.php?rest_route=\/wp\/v2\/types\/product"}],"wp:featuredmedia":[{"embeddable":true,"href":"https:\/\/seifen-oper.ch\/index.php?rest_route=\/wp\/v2\/media\/3835"}],"wp:attachment":[{"href":"https:\/\/seifen-oper.ch\/index.php?rest_route=%2Fwp%2Fv2%2Fmedia&parent=3834"}],"wp:term":[{"taxonomy":"product_brand","embeddable":true,"href":"https:\/\/seifen-oper.ch\/index.php?rest_route=%2Fwp%2Fv2%2Fproduct_brand&post=3834"},{"taxonomy":"product_cat","embeddable":true,"href":"https:\/\/seifen-oper.ch\/index.php?rest_route=%2Fwp%2Fv2%2Fproduct_cat&post=3834"},{"taxonomy":"product_tag","embeddable":true,"href":"https:\/\/seifen-oper.ch\/index.php?rest_route=%2Fwp%2Fv2%2Fproduct_tag&post=3834"}],"curies":[{"name":"wp","href":"https:\/\/api.w.org\/{rel}","templated":true}]}}

„Limonen-Verbeine Olivenölseife“

<p>Dank einen hohen Anteil hochwertig, kaltgepresstem Olivenöl, ist sie wunderbar rückfettend<span class="Apple-converted-space">  </span>und pflegt Ihre Haut optimal. Der herb-frische Duft ist ideal, um Sie morgens in Schwung zu bringen. Starten Sie mit dieser Seife froh gelaunt, sauber &amp; top gepflegt in den Tag oder benutzen Sie sie zwischendurch für die Hände um den Kopf frei zu bekommen.<span class="Apple-converted-space"> </span></p>
<p>Vegan, handgefertigt, palmölfrei und OHNE Konservierungsstoffe, wie all unsere Seifen.</p>
<p>INCI: Cocos Nucifera (Kokosöl), Aqua, Olea Europaea (Olivenöl), Glycine soja (Sojaöl), Brassica campestris seed oil (Rapsöl), Sodium Hydroxide (NaOH), Parfum, E142 (grünes Farbpigment)</p>
<p><span class="Apple-converted-space"> </span>100g / CHF 14.-</p>

<p>Grüne Hand -und Körperseife mit Limonen-Verbeine Duft.<span class="Apple-converted-space"> </span></p>

<!-- This site is optimized with the Yoast SEO plugin v25.6 - https://yoast.com/wordpress/plugins/seo/ -->
<title>„Limonen-Verbeine Olivenölseife“ - Seifen Oper GmbH</title>
<meta name="robots" content="index, follow, max-snippet:-1, max-image-preview:large, max-video-preview:-1" />
<link rel="canonical" href="https://seifen-oper.ch/?product=limonen-verbeine-olivenoelseife" />
<meta property="og:locale" content="de_DE" />
<meta property="og:type" content="article" />
<meta property="og:title" content="„Limonen-Verbeine Olivenölseife“ - Seifen Oper GmbH" />
<meta property="og:description" content="Grüne Hand -und Körperseife mit Limonen-Verbeine Duft. " />
<meta property="og:url" content="https://seifen-oper.ch/?product=limonen-verbeine-olivenoelseife" />
<meta property="og:site_name" content="Seifen Oper GmbH" />
<meta property="article:publisher" content="https://www.facebook.com/SeifenOperGmbH" />
<meta property="article:modified_time" content="2024-10-28T21:36:21+00:00" />
<meta property="og:image" content="https://seifen-oper.ch/wp-content/uploads/2022/11/IMG_7027-2-scaled.jpeg" />
	<meta property="og:image:width" content="2560" />
	<meta property="og:image:height" content="1920" />
	<meta property="og:image:type" content="image/jpeg" />
<meta name="twitter:card" content="summary_large_image" />
<meta name="twitter:label1" content="Geschätzte Lesezeit" />
	<meta name="twitter:data1" content="1 Minute" />
<script type="application/ld+json" class="yoast-schema-graph">{"@context":"https://schema.org","@graph":[{"@type":"WebPage","@id":"https://seifen-oper.ch/?product=limonen-verbeine-olivenoelseife","url":"https://seifen-oper.ch/?product=limonen-verbeine-olivenoelseife","name":"„Limonen-Verbeine Olivenölseife“ - Seifen Oper GmbH","isPartOf":{"@id":"https://seifen-oper.ch/#website"},"primaryImageOfPage":{"@id":"https://seifen-oper.ch/?product=limonen-verbeine-olivenoelseife#primaryimage"},"image":{"@id":"https://seifen-oper.ch/?product=limonen-verbeine-olivenoelseife#primaryimage"},"thumbnailUrl":"https://seifen-oper.ch/wp-content/uploads/2022/11/IMG_7027-2-scaled.jpeg","datePublished":"2022-11-14T12:24:29+00:00","dateModified":"2024-10-28T21:36:21+00:00","breadcrumb":{"@id":"https://seifen-oper.ch/?product=limonen-verbeine-olivenoelseife#breadcrumb"},"inLanguage":"de-CH","potentialAction":[{"@type":"ReadAction","target":["https://seifen-oper.ch/?product=limonen-verbeine-olivenoelseife"]}]},{"@type":"ImageObject","inLanguage":"de-CH","@id":"https://seifen-oper.ch/?product=limonen-verbeine-olivenoelseife#primaryimage","url":"https://seifen-oper.ch/wp-content/uploads/2022/11/IMG_7027-2-scaled.jpeg","contentUrl":"https://seifen-oper.ch/wp-content/uploads/2022/11/IMG_7027-2-scaled.jpeg","width":2560,"height":1920},{"@type":"BreadcrumbList","@id":"https://seifen-oper.ch/?product=limonen-verbeine-olivenoelseife#breadcrumb","itemListElement":[{"@type":"ListItem","position":1,"name":"Home","item":"https://seifen-oper.ch/"},{"@type":"ListItem","position":2,"name":"Shop","item":"https://seifen-oper.ch/?page_id=12"},{"@type":"ListItem","position":3,"name":"„Limonen-Verbeine Olivenölseife“"}]},{"@type":"WebSite","@id":"https://seifen-oper.ch/#website","url":"https://seifen-oper.ch/","name":"Seifen Oper GmbH","description":"Kosmetik bester Qualität. Handgefertigt.","publisher":{"@id":"https://seifen-oper.ch/#organization"},"potentialAction":[{"@type":"SearchAction","target":{"@type":"EntryPoint","urlTemplate":"https://seifen-oper.ch/?s={search_term_string}"},"query-input":{"@type":"PropertyValueSpecification","valueRequired":true,"valueName":"search_term_string"}}],"inLanguage":"de-CH"},{"@type":"Organization","@id":"https://seifen-oper.ch/#organization","name":"Seifen Oper GmbH","url":"https://seifen-oper.ch/","logo":{"@type":"ImageObject","inLanguage":"de-CH","@id":"https://seifen-oper.ch/#/schema/logo/image/","url":"https://seifen-oper.ch/wp-content/uploads/2019/06/logo.seifen-oper450.txt.1.png","contentUrl":"https://seifen-oper.ch/wp-content/uploads/2019/06/logo.seifen-oper450.txt.1.png","width":1835,"height":1635,"caption":"Seifen Oper GmbH"},"image":{"@id":"https://seifen-oper.ch/#/schema/logo/image/"},"sameAs":["https://www.facebook.com/SeifenOperGmbH","https://www.instagram.com/explore/locations/1028758197/seifen-oper/"]}]}</script>
<!-- / Yoast SEO plugin. -->

„Limonen-Verbeine Olivenölseife“ - Seifen Oper GmbH

Grüne Hand -und Körperseife mit Limonen-Verbeine Duft.

Kosmetik bester Qualität. Handgefertigt.
