{"id":3816,"date":"2022-10-16T11:09:45","date_gmt":"2022-10-16T09:09:45","guid":{"rendered":"https:\/\/seifen-oper.ch\/?post_type=product&#038;p=3816"},"modified":"2022-11-14T13:00:26","modified_gmt":"2022-11-14T12:00:26","slug":"saubere-galaxy-hand-und-koerperseife","status":"publish","type":"product","link":"https:\/\/seifen-oper.ch\/?product=saubere-galaxy-hand-und-koerperseife","title":{"rendered":"\u201esaubere Galaxy\u201c- Hand-und K\u00f6rperseife\u201c"},"content":{"rendered":"<p>eine bunte Seife, die aussieht wie eine violet-rote Sternen Galaxy. Geh\u00fcllt in einen warmen, frischen und leicht w\u00fcrzigen Duft. Sie k\u00f6nnen die \u201esaubere Galaxy\u201c f\u00fcr H\u00e4nde und K\u00f6rper verwenden. Ideal ist sie jedoch als Handseife, da sie die H\u00e4nde nach dem waschen mit dem typischem \u201esauber gewaschen-Duft\u201c hinterl\u00e4sst.<span class=\"Apple-converted-space\">\u00a0<\/span><\/p>\n<p>Vegan, handgefertigt, palm\u00f6lfrei und OHNE Konservierungsstoffe, wie all unsere Seifen.<\/p>\n<p>Inhaltsstoffe: INCI: Cocos nucifera (Kokos\u00f6l), Aqua, Glycerine soja (Soja\u00f6l), Brassica campestris seed oil (Raps\u00f6l), Olea Europaea (Oliven\u00f6l), Sodium Hydroxide (NaOH), Parfum, CI51319 (rote Farbe), CI74160 (blaue Farbe)<\/p>\n<p><span class=\"Apple-converted-space\">\u00a0<\/span>100g \/ CHF 14.-<\/p>\n","protected":false},"excerpt":{"rendered":"<p>bunte Hand- und K\u00f6rperseife mit galaktisch frischem Duf<\/p>\n","protected":false},"featured_media":3817,"template":"","meta":[],"product_brand":[],"product_cat":[17,44],"product_tag":[118,431,179,195,196,392,128,430,61,428],"class_list":{"0":"post-3816","1":"product","2":"type-product","3":"status-publish","4":"has-post-thumbnail","6":"product_cat-seifen","7":"product_cat-winter","8":"product_tag-frisch","9":"product_tag-frischgewaschen","10":"product_tag-handgemacht","11":"product_tag-handseife","12":"product_tag-korperseife","13":"product_tag-leichter-duft","14":"product_tag-ohne-konservierungsstoffe","15":"product_tag-saubere-galaxy","16":"product_tag-vegan","17":"product_tag-wuerzig","19":"first","20":"instock","21":"shipping-taxable","22":"purchasable","23":"product-type-simple"},"yoast_head":"<!-- This site is optimized with the Yoast SEO plugin v25.6 - https:\/\/yoast.com\/wordpress\/plugins\/seo\/ -->\n<title>\u201esaubere Galaxy\u201c- Hand-und K\u00f6rperseife\u201c - Seifen Oper GmbH<\/title>\n<meta name=\"robots\" content=\"index, follow, max-snippet:-1, max-image-preview:large, max-video-preview:-1\" \/>\n<link rel=\"canonical\" href=\"https:\/\/seifen-oper.ch\/?product=saubere-galaxy-hand-und-koerperseife\" \/>\n<meta property=\"og:locale\" content=\"de_DE\" \/>\n<meta property=\"og:type\" content=\"article\" \/>\n<meta property=\"og:title\" content=\"\u201esaubere Galaxy\u201c- Hand-und K\u00f6rperseife\u201c - Seifen Oper GmbH\" \/>\n<meta property=\"og:description\" content=\"bunte Hand- und K\u00f6rperseife mit galaktisch frischem Duf\" \/>\n<meta property=\"og:url\" content=\"https:\/\/seifen-oper.ch\/?product=saubere-galaxy-hand-und-koerperseife\" \/>\n<meta property=\"og:site_name\" content=\"Seifen Oper GmbH\" \/>\n<meta property=\"article:publisher\" content=\"https:\/\/www.facebook.com\/SeifenOperGmbH\" \/>\n<meta property=\"article:modified_time\" content=\"2022-11-14T12:00:26+00:00\" \/>\n<meta property=\"og:image\" content=\"https:\/\/seifen-oper.ch\/wp-content\/uploads\/2022\/10\/IMG_6772-scaled.jpeg\" \/>\n\t<meta property=\"og:image:width\" content=\"2560\" \/>\n\t<meta property=\"og:image:height\" content=\"2137\" \/>\n\t<meta property=\"og:image:type\" content=\"image\/jpeg\" \/>\n<meta name=\"twitter:card\" content=\"summary_large_image\" \/>\n<meta name=\"twitter:label1\" content=\"Gesch\u00e4tzte Lesezeit\" \/>\n\t<meta name=\"twitter:data1\" content=\"1 Minute\" \/>\n<script type=\"application\/ld+json\" class=\"yoast-schema-graph\">{\"@context\":\"https:\/\/schema.org\",\"@graph\":[{\"@type\":\"WebPage\",\"@id\":\"https:\/\/seifen-oper.ch\/?product=saubere-galaxy-hand-und-koerperseife\",\"url\":\"https:\/\/seifen-oper.ch\/?product=saubere-galaxy-hand-und-koerperseife\",\"name\":\"\u201esaubere Galaxy\u201c- Hand-und K\u00f6rperseife\u201c - Seifen Oper GmbH\",\"isPartOf\":{\"@id\":\"https:\/\/seifen-oper.ch\/#website\"},\"primaryImageOfPage\":{\"@id\":\"https:\/\/seifen-oper.ch\/?product=saubere-galaxy-hand-und-koerperseife#primaryimage\"},\"image\":{\"@id\":\"https:\/\/seifen-oper.ch\/?product=saubere-galaxy-hand-und-koerperseife#primaryimage\"},\"thumbnailUrl\":\"https:\/\/seifen-oper.ch\/wp-content\/uploads\/2022\/10\/IMG_6772-scaled.jpeg\",\"datePublished\":\"2022-10-16T09:09:45+00:00\",\"dateModified\":\"2022-11-14T12:00:26+00:00\",\"breadcrumb\":{\"@id\":\"https:\/\/seifen-oper.ch\/?product=saubere-galaxy-hand-und-koerperseife#breadcrumb\"},\"inLanguage\":\"de-CH\",\"potentialAction\":[{\"@type\":\"ReadAction\",\"target\":[\"https:\/\/seifen-oper.ch\/?product=saubere-galaxy-hand-und-koerperseife\"]}]},{\"@type\":\"ImageObject\",\"inLanguage\":\"de-CH\",\"@id\":\"https:\/\/seifen-oper.ch\/?product=saubere-galaxy-hand-und-koerperseife#primaryimage\",\"url\":\"https:\/\/seifen-oper.ch\/wp-content\/uploads\/2022\/10\/IMG_6772-scaled.jpeg\",\"contentUrl\":\"https:\/\/seifen-oper.ch\/wp-content\/uploads\/2022\/10\/IMG_6772-scaled.jpeg\",\"width\":2560,\"height\":2137},{\"@type\":\"BreadcrumbList\",\"@id\":\"https:\/\/seifen-oper.ch\/?product=saubere-galaxy-hand-und-koerperseife#breadcrumb\",\"itemListElement\":[{\"@type\":\"ListItem\",\"position\":1,\"name\":\"Home\",\"item\":\"https:\/\/seifen-oper.ch\/\"},{\"@type\":\"ListItem\",\"position\":2,\"name\":\"Shop\",\"item\":\"https:\/\/seifen-oper.ch\/?page_id=12\"},{\"@type\":\"ListItem\",\"position\":3,\"name\":\"\u201esaubere Galaxy\u201c- Hand-und K\u00f6rperseife\u201c\"}]},{\"@type\":\"WebSite\",\"@id\":\"https:\/\/seifen-oper.ch\/#website\",\"url\":\"https:\/\/seifen-oper.ch\/\",\"name\":\"Seifen Oper GmbH\",\"description\":\"Kosmetik bester Qualit\u00e4t. Handgefertigt.\",\"publisher\":{\"@id\":\"https:\/\/seifen-oper.ch\/#organization\"},\"potentialAction\":[{\"@type\":\"SearchAction\",\"target\":{\"@type\":\"EntryPoint\",\"urlTemplate\":\"https:\/\/seifen-oper.ch\/?s={search_term_string}\"},\"query-input\":{\"@type\":\"PropertyValueSpecification\",\"valueRequired\":true,\"valueName\":\"search_term_string\"}}],\"inLanguage\":\"de-CH\"},{\"@type\":\"Organization\",\"@id\":\"https:\/\/seifen-oper.ch\/#organization\",\"name\":\"Seifen Oper GmbH\",\"url\":\"https:\/\/seifen-oper.ch\/\",\"logo\":{\"@type\":\"ImageObject\",\"inLanguage\":\"de-CH\",\"@id\":\"https:\/\/seifen-oper.ch\/#\/schema\/logo\/image\/\",\"url\":\"https:\/\/seifen-oper.ch\/wp-content\/uploads\/2019\/06\/logo.seifen-oper450.txt.1.png\",\"contentUrl\":\"https:\/\/seifen-oper.ch\/wp-content\/uploads\/2019\/06\/logo.seifen-oper450.txt.1.png\",\"width\":1835,\"height\":1635,\"caption\":\"Seifen Oper GmbH\"},\"image\":{\"@id\":\"https:\/\/seifen-oper.ch\/#\/schema\/logo\/image\/\"},\"sameAs\":[\"https:\/\/www.facebook.com\/SeifenOperGmbH\",\"https:\/\/www.instagram.com\/explore\/locations\/1028758197\/seifen-oper\/\"]}]}<\/script>\n<!-- \/ Yoast SEO plugin. -->","yoast_head_json":{"title":"\u201esaubere Galaxy\u201c- Hand-und K\u00f6rperseife\u201c - Seifen Oper GmbH","robots":{"index":"index","follow":"follow","max-snippet":"max-snippet:-1","max-image-preview":"max-image-preview:large","max-video-preview":"max-video-preview:-1"},"canonical":"https:\/\/seifen-oper.ch\/?product=saubere-galaxy-hand-und-koerperseife","og_locale":"de_DE","og_type":"article","og_title":"\u201esaubere Galaxy\u201c- Hand-und K\u00f6rperseife\u201c - Seifen Oper GmbH","og_description":"bunte Hand- und K\u00f6rperseife mit galaktisch frischem Duf","og_url":"https:\/\/seifen-oper.ch\/?product=saubere-galaxy-hand-und-koerperseife","og_site_name":"Seifen Oper GmbH","article_publisher":"https:\/\/www.facebook.com\/SeifenOperGmbH","article_modified_time":"2022-11-14T12:00:26+00:00","og_image":[{"width":2560,"height":2137,"url":"https:\/\/seifen-oper.ch\/wp-content\/uploads\/2022\/10\/IMG_6772-scaled.jpeg","type":"image\/jpeg"}],"twitter_card":"summary_large_image","twitter_misc":{"Gesch\u00e4tzte Lesezeit":"1 Minute"},"schema":{"@context":"https:\/\/schema.org","@graph":[{"@type":"WebPage","@id":"https:\/\/seifen-oper.ch\/?product=saubere-galaxy-hand-und-koerperseife","url":"https:\/\/seifen-oper.ch\/?product=saubere-galaxy-hand-und-koerperseife","name":"\u201esaubere Galaxy\u201c- Hand-und K\u00f6rperseife\u201c - Seifen Oper GmbH","isPartOf":{"@id":"https:\/\/seifen-oper.ch\/#website"},"primaryImageOfPage":{"@id":"https:\/\/seifen-oper.ch\/?product=saubere-galaxy-hand-und-koerperseife#primaryimage"},"image":{"@id":"https:\/\/seifen-oper.ch\/?product=saubere-galaxy-hand-und-koerperseife#primaryimage"},"thumbnailUrl":"https:\/\/seifen-oper.ch\/wp-content\/uploads\/2022\/10\/IMG_6772-scaled.jpeg","datePublished":"2022-10-16T09:09:45+00:00","dateModified":"2022-11-14T12:00:26+00:00","breadcrumb":{"@id":"https:\/\/seifen-oper.ch\/?product=saubere-galaxy-hand-und-koerperseife#breadcrumb"},"inLanguage":"de-CH","potentialAction":[{"@type":"ReadAction","target":["https:\/\/seifen-oper.ch\/?product=saubere-galaxy-hand-und-koerperseife"]}]},{"@type":"ImageObject","inLanguage":"de-CH","@id":"https:\/\/seifen-oper.ch\/?product=saubere-galaxy-hand-und-koerperseife#primaryimage","url":"https:\/\/seifen-oper.ch\/wp-content\/uploads\/2022\/10\/IMG_6772-scaled.jpeg","contentUrl":"https:\/\/seifen-oper.ch\/wp-content\/uploads\/2022\/10\/IMG_6772-scaled.jpeg","width":2560,"height":2137},{"@type":"BreadcrumbList","@id":"https:\/\/seifen-oper.ch\/?product=saubere-galaxy-hand-und-koerperseife#breadcrumb","itemListElement":[{"@type":"ListItem","position":1,"name":"Home","item":"https:\/\/seifen-oper.ch\/"},{"@type":"ListItem","position":2,"name":"Shop","item":"https:\/\/seifen-oper.ch\/?page_id=12"},{"@type":"ListItem","position":3,"name":"\u201esaubere Galaxy\u201c- Hand-und K\u00f6rperseife\u201c"}]},{"@type":"WebSite","@id":"https:\/\/seifen-oper.ch\/#website","url":"https:\/\/seifen-oper.ch\/","name":"Seifen Oper GmbH","description":"Kosmetik bester Qualit\u00e4t. Handgefertigt.","publisher":{"@id":"https:\/\/seifen-oper.ch\/#organization"},"potentialAction":[{"@type":"SearchAction","target":{"@type":"EntryPoint","urlTemplate":"https:\/\/seifen-oper.ch\/?s={search_term_string}"},"query-input":{"@type":"PropertyValueSpecification","valueRequired":true,"valueName":"search_term_string"}}],"inLanguage":"de-CH"},{"@type":"Organization","@id":"https:\/\/seifen-oper.ch\/#organization","name":"Seifen Oper GmbH","url":"https:\/\/seifen-oper.ch\/","logo":{"@type":"ImageObject","inLanguage":"de-CH","@id":"https:\/\/seifen-oper.ch\/#\/schema\/logo\/image\/","url":"https:\/\/seifen-oper.ch\/wp-content\/uploads\/2019\/06\/logo.seifen-oper450.txt.1.png","contentUrl":"https:\/\/seifen-oper.ch\/wp-content\/uploads\/2019\/06\/logo.seifen-oper450.txt.1.png","width":1835,"height":1635,"caption":"Seifen Oper GmbH"},"image":{"@id":"https:\/\/seifen-oper.ch\/#\/schema\/logo\/image\/"},"sameAs":["https:\/\/www.facebook.com\/SeifenOperGmbH","https:\/\/www.instagram.com\/explore\/locations\/1028758197\/seifen-oper\/"]}]}},"_links":{"self":[{"href":"https:\/\/seifen-oper.ch\/index.php?rest_route=\/wp\/v2\/product\/3816"}],"collection":[{"href":"https:\/\/seifen-oper.ch\/index.php?rest_route=\/wp\/v2\/product"}],"about":[{"href":"https:\/\/seifen-oper.ch\/index.php?rest_route=\/wp\/v2\/types\/product"}],"wp:featuredmedia":[{"embeddable":true,"href":"https:\/\/seifen-oper.ch\/index.php?rest_route=\/wp\/v2\/media\/3817"}],"wp:attachment":[{"href":"https:\/\/seifen-oper.ch\/index.php?rest_route=%2Fwp%2Fv2%2Fmedia&parent=3816"}],"wp:term":[{"taxonomy":"product_brand","embeddable":true,"href":"https:\/\/seifen-oper.ch\/index.php?rest_route=%2Fwp%2Fv2%2Fproduct_brand&post=3816"},{"taxonomy":"product_cat","embeddable":true,"href":"https:\/\/seifen-oper.ch\/index.php?rest_route=%2Fwp%2Fv2%2Fproduct_cat&post=3816"},{"taxonomy":"product_tag","embeddable":true,"href":"https:\/\/seifen-oper.ch\/index.php?rest_route=%2Fwp%2Fv2%2Fproduct_tag&post=3816"}],"curies":[{"name":"wp","href":"https:\/\/api.w.org\/{rel}","templated":true}]}}