{"id":3808,"date":"2022-10-16T09:13:59","date_gmt":"2022-10-16T07:13:59","guid":{"rendered":"https:\/\/seifen-oper.ch\/?post_type=product&#038;p=3808"},"modified":"2024-10-28T22:23:15","modified_gmt":"2024-10-28T21:23:15","slug":"blaubeer-badesprudel","status":"publish","type":"product","link":"https:\/\/seifen-oper.ch\/?product=blaubeer-badesprudel","title":{"rendered":"\u201eBlaubeer Badesprudel\u201c"},"content":{"rendered":"<p>Diese am Anfang evtl. eher unscheinbar anmutende Badekugel hat es in sich: ihr Duft ist einfach unglaublich um nicht zu sagen, spektakul\u00e4r und nahezu perfekt! \ud83d\ude09 \u00fcberzeugen Sie sich selbst davon. Und wenn Sie nicht m\u00f6gen, ist es ok, dann verbaden wir alle selber \ud83d\ude09 LIEBLINGSDUFT!<\/p>\n<p>\u201eBlaubeer Badesprudel\u201c f\u00e4rbt das Wasser dunkellila, und hinterl\u00e4sst die Haut wunderbar cremig, dank der enthaltenen Kokosbutter.<\/p>\n<p>INCI (Inhaltsstoffe): Zea Mays Starch (Maisst\u00e4rke), Sodium Bicarbonate (Natron), CItric Acid (Zitronens\u00e4ure), Cocos nucifera (Kokos\u00f6l),Parfum, CI51319 (rote Farbe), CI74160 (blaue Farbe), Zuckerdekor<\/p>\n<p>ca. 90g \/ Stk. CHF 8.-<\/p>\n","protected":false},"excerpt":{"rendered":"<p>Blaubeer Badekugel, die das Wasser dunkellila f\u00e4rbt und unglaublich gut duftet<\/p>\n","protected":false},"featured_media":3809,"template":"","meta":[],"product_brand":[],"product_cat":[31,44],"product_tag":[417,70,142,55,418],"class_list":{"0":"post-3808","1":"product","2":"type-product","3":"status-publish","4":"has-post-thumbnail","6":"product_cat-badesprudel-schaumbaeder","7":"product_cat-winter","8":"product_tag-badespass","9":"product_tag-badesprudel","10":"product_tag-blaubeer","11":"product_tag-kokosbutter","12":"product_tag-lieblingsduft","14":"first","15":"instock","16":"shipping-taxable","17":"purchasable","18":"product-type-simple"},"yoast_head":"<!-- This site is optimized with the Yoast SEO plugin v25.6 - https:\/\/yoast.com\/wordpress\/plugins\/seo\/ -->\n<title>\u201eBlaubeer Badesprudel\u201c - Seifen Oper GmbH<\/title>\n<meta name=\"robots\" content=\"index, follow, max-snippet:-1, max-image-preview:large, max-video-preview:-1\" \/>\n<link rel=\"canonical\" href=\"https:\/\/seifen-oper.ch\/?product=blaubeer-badesprudel\" \/>\n<meta property=\"og:locale\" content=\"de_DE\" \/>\n<meta property=\"og:type\" content=\"article\" \/>\n<meta property=\"og:title\" content=\"\u201eBlaubeer Badesprudel\u201c - Seifen Oper GmbH\" \/>\n<meta property=\"og:description\" content=\"Blaubeer Badekugel, die das Wasser dunkellila f\u00e4rbt und unglaublich gut duftet\" \/>\n<meta property=\"og:url\" content=\"https:\/\/seifen-oper.ch\/?product=blaubeer-badesprudel\" \/>\n<meta property=\"og:site_name\" content=\"Seifen Oper GmbH\" \/>\n<meta property=\"article:publisher\" content=\"https:\/\/www.facebook.com\/SeifenOperGmbH\" \/>\n<meta property=\"article:modified_time\" content=\"2024-10-28T21:23:15+00:00\" \/>\n<meta property=\"og:image\" content=\"https:\/\/seifen-oper.ch\/wp-content\/uploads\/2022\/10\/IMG_6735-scaled.jpeg\" \/>\n\t<meta property=\"og:image:width\" content=\"2247\" \/>\n\t<meta property=\"og:image:height\" content=\"2560\" \/>\n\t<meta property=\"og:image:type\" content=\"image\/jpeg\" \/>\n<meta name=\"twitter:card\" content=\"summary_large_image\" \/>\n<meta name=\"twitter:label1\" content=\"Gesch\u00e4tzte Lesezeit\" \/>\n\t<meta name=\"twitter:data1\" content=\"1 Minute\" \/>\n<script type=\"application\/ld+json\" class=\"yoast-schema-graph\">{\"@context\":\"https:\/\/schema.org\",\"@graph\":[{\"@type\":\"WebPage\",\"@id\":\"https:\/\/seifen-oper.ch\/?product=blaubeer-badesprudel\",\"url\":\"https:\/\/seifen-oper.ch\/?product=blaubeer-badesprudel\",\"name\":\"\u201eBlaubeer Badesprudel\u201c - Seifen Oper GmbH\",\"isPartOf\":{\"@id\":\"https:\/\/seifen-oper.ch\/#website\"},\"primaryImageOfPage\":{\"@id\":\"https:\/\/seifen-oper.ch\/?product=blaubeer-badesprudel#primaryimage\"},\"image\":{\"@id\":\"https:\/\/seifen-oper.ch\/?product=blaubeer-badesprudel#primaryimage\"},\"thumbnailUrl\":\"https:\/\/seifen-oper.ch\/wp-content\/uploads\/2022\/10\/IMG_6735-scaled.jpeg\",\"datePublished\":\"2022-10-16T07:13:59+00:00\",\"dateModified\":\"2024-10-28T21:23:15+00:00\",\"breadcrumb\":{\"@id\":\"https:\/\/seifen-oper.ch\/?product=blaubeer-badesprudel#breadcrumb\"},\"inLanguage\":\"de-CH\",\"potentialAction\":[{\"@type\":\"ReadAction\",\"target\":[\"https:\/\/seifen-oper.ch\/?product=blaubeer-badesprudel\"]}]},{\"@type\":\"ImageObject\",\"inLanguage\":\"de-CH\",\"@id\":\"https:\/\/seifen-oper.ch\/?product=blaubeer-badesprudel#primaryimage\",\"url\":\"https:\/\/seifen-oper.ch\/wp-content\/uploads\/2022\/10\/IMG_6735-scaled.jpeg\",\"contentUrl\":\"https:\/\/seifen-oper.ch\/wp-content\/uploads\/2022\/10\/IMG_6735-scaled.jpeg\",\"width\":2247,\"height\":2560},{\"@type\":\"BreadcrumbList\",\"@id\":\"https:\/\/seifen-oper.ch\/?product=blaubeer-badesprudel#breadcrumb\",\"itemListElement\":[{\"@type\":\"ListItem\",\"position\":1,\"name\":\"Home\",\"item\":\"https:\/\/seifen-oper.ch\/\"},{\"@type\":\"ListItem\",\"position\":2,\"name\":\"Shop\",\"item\":\"https:\/\/seifen-oper.ch\/?page_id=12\"},{\"@type\":\"ListItem\",\"position\":3,\"name\":\"\u201eBlaubeer Badesprudel\u201c\"}]},{\"@type\":\"WebSite\",\"@id\":\"https:\/\/seifen-oper.ch\/#website\",\"url\":\"https:\/\/seifen-oper.ch\/\",\"name\":\"Seifen Oper GmbH\",\"description\":\"Kosmetik bester Qualit\u00e4t. Handgefertigt.\",\"publisher\":{\"@id\":\"https:\/\/seifen-oper.ch\/#organization\"},\"potentialAction\":[{\"@type\":\"SearchAction\",\"target\":{\"@type\":\"EntryPoint\",\"urlTemplate\":\"https:\/\/seifen-oper.ch\/?s={search_term_string}\"},\"query-input\":{\"@type\":\"PropertyValueSpecification\",\"valueRequired\":true,\"valueName\":\"search_term_string\"}}],\"inLanguage\":\"de-CH\"},{\"@type\":\"Organization\",\"@id\":\"https:\/\/seifen-oper.ch\/#organization\",\"name\":\"Seifen Oper GmbH\",\"url\":\"https:\/\/seifen-oper.ch\/\",\"logo\":{\"@type\":\"ImageObject\",\"inLanguage\":\"de-CH\",\"@id\":\"https:\/\/seifen-oper.ch\/#\/schema\/logo\/image\/\",\"url\":\"https:\/\/seifen-oper.ch\/wp-content\/uploads\/2019\/06\/logo.seifen-oper450.txt.1.png\",\"contentUrl\":\"https:\/\/seifen-oper.ch\/wp-content\/uploads\/2019\/06\/logo.seifen-oper450.txt.1.png\",\"width\":1835,\"height\":1635,\"caption\":\"Seifen Oper GmbH\"},\"image\":{\"@id\":\"https:\/\/seifen-oper.ch\/#\/schema\/logo\/image\/\"},\"sameAs\":[\"https:\/\/www.facebook.com\/SeifenOperGmbH\",\"https:\/\/www.instagram.com\/explore\/locations\/1028758197\/seifen-oper\/\"]}]}<\/script>\n<!-- \/ Yoast SEO plugin. -->","yoast_head_json":{"title":"\u201eBlaubeer Badesprudel\u201c - Seifen Oper GmbH","robots":{"index":"index","follow":"follow","max-snippet":"max-snippet:-1","max-image-preview":"max-image-preview:large","max-video-preview":"max-video-preview:-1"},"canonical":"https:\/\/seifen-oper.ch\/?product=blaubeer-badesprudel","og_locale":"de_DE","og_type":"article","og_title":"\u201eBlaubeer Badesprudel\u201c - Seifen Oper GmbH","og_description":"Blaubeer Badekugel, die das Wasser dunkellila f\u00e4rbt und unglaublich gut duftet","og_url":"https:\/\/seifen-oper.ch\/?product=blaubeer-badesprudel","og_site_name":"Seifen Oper GmbH","article_publisher":"https:\/\/www.facebook.com\/SeifenOperGmbH","article_modified_time":"2024-10-28T21:23:15+00:00","og_image":[{"width":2247,"height":2560,"url":"https:\/\/seifen-oper.ch\/wp-content\/uploads\/2022\/10\/IMG_6735-scaled.jpeg","type":"image\/jpeg"}],"twitter_card":"summary_large_image","twitter_misc":{"Gesch\u00e4tzte Lesezeit":"1 Minute"},"schema":{"@context":"https:\/\/schema.org","@graph":[{"@type":"WebPage","@id":"https:\/\/seifen-oper.ch\/?product=blaubeer-badesprudel","url":"https:\/\/seifen-oper.ch\/?product=blaubeer-badesprudel","name":"\u201eBlaubeer Badesprudel\u201c - Seifen Oper GmbH","isPartOf":{"@id":"https:\/\/seifen-oper.ch\/#website"},"primaryImageOfPage":{"@id":"https:\/\/seifen-oper.ch\/?product=blaubeer-badesprudel#primaryimage"},"image":{"@id":"https:\/\/seifen-oper.ch\/?product=blaubeer-badesprudel#primaryimage"},"thumbnailUrl":"https:\/\/seifen-oper.ch\/wp-content\/uploads\/2022\/10\/IMG_6735-scaled.jpeg","datePublished":"2022-10-16T07:13:59+00:00","dateModified":"2024-10-28T21:23:15+00:00","breadcrumb":{"@id":"https:\/\/seifen-oper.ch\/?product=blaubeer-badesprudel#breadcrumb"},"inLanguage":"de-CH","potentialAction":[{"@type":"ReadAction","target":["https:\/\/seifen-oper.ch\/?product=blaubeer-badesprudel"]}]},{"@type":"ImageObject","inLanguage":"de-CH","@id":"https:\/\/seifen-oper.ch\/?product=blaubeer-badesprudel#primaryimage","url":"https:\/\/seifen-oper.ch\/wp-content\/uploads\/2022\/10\/IMG_6735-scaled.jpeg","contentUrl":"https:\/\/seifen-oper.ch\/wp-content\/uploads\/2022\/10\/IMG_6735-scaled.jpeg","width":2247,"height":2560},{"@type":"BreadcrumbList","@id":"https:\/\/seifen-oper.ch\/?product=blaubeer-badesprudel#breadcrumb","itemListElement":[{"@type":"ListItem","position":1,"name":"Home","item":"https:\/\/seifen-oper.ch\/"},{"@type":"ListItem","position":2,"name":"Shop","item":"https:\/\/seifen-oper.ch\/?page_id=12"},{"@type":"ListItem","position":3,"name":"\u201eBlaubeer Badesprudel\u201c"}]},{"@type":"WebSite","@id":"https:\/\/seifen-oper.ch\/#website","url":"https:\/\/seifen-oper.ch\/","name":"Seifen Oper GmbH","description":"Kosmetik bester Qualit\u00e4t. Handgefertigt.","publisher":{"@id":"https:\/\/seifen-oper.ch\/#organization"},"potentialAction":[{"@type":"SearchAction","target":{"@type":"EntryPoint","urlTemplate":"https:\/\/seifen-oper.ch\/?s={search_term_string}"},"query-input":{"@type":"PropertyValueSpecification","valueRequired":true,"valueName":"search_term_string"}}],"inLanguage":"de-CH"},{"@type":"Organization","@id":"https:\/\/seifen-oper.ch\/#organization","name":"Seifen Oper GmbH","url":"https:\/\/seifen-oper.ch\/","logo":{"@type":"ImageObject","inLanguage":"de-CH","@id":"https:\/\/seifen-oper.ch\/#\/schema\/logo\/image\/","url":"https:\/\/seifen-oper.ch\/wp-content\/uploads\/2019\/06\/logo.seifen-oper450.txt.1.png","contentUrl":"https:\/\/seifen-oper.ch\/wp-content\/uploads\/2019\/06\/logo.seifen-oper450.txt.1.png","width":1835,"height":1635,"caption":"Seifen Oper GmbH"},"image":{"@id":"https:\/\/seifen-oper.ch\/#\/schema\/logo\/image\/"},"sameAs":["https:\/\/www.facebook.com\/SeifenOperGmbH","https:\/\/www.instagram.com\/explore\/locations\/1028758197\/seifen-oper\/"]}]}},"_links":{"self":[{"href":"https:\/\/seifen-oper.ch\/index.php?rest_route=\/wp\/v2\/product\/3808"}],"collection":[{"href":"https:\/\/seifen-oper.ch\/index.php?rest_route=\/wp\/v2\/product"}],"about":[{"href":"https:\/\/seifen-oper.ch\/index.php?rest_route=\/wp\/v2\/types\/product"}],"wp:featuredmedia":[{"embeddable":true,"href":"https:\/\/seifen-oper.ch\/index.php?rest_route=\/wp\/v2\/media\/3809"}],"wp:attachment":[{"href":"https:\/\/seifen-oper.ch\/index.php?rest_route=%2Fwp%2Fv2%2Fmedia&parent=3808"}],"wp:term":[{"taxonomy":"product_brand","embeddable":true,"href":"https:\/\/seifen-oper.ch\/index.php?rest_route=%2Fwp%2Fv2%2Fproduct_brand&post=3808"},{"taxonomy":"product_cat","embeddable":true,"href":"https:\/\/seifen-oper.ch\/index.php?rest_route=%2Fwp%2Fv2%2Fproduct_cat&post=3808"},{"taxonomy":"product_tag","embeddable":true,"href":"https:\/\/seifen-oper.ch\/index.php?rest_route=%2Fwp%2Fv2%2Fproduct_tag&post=3808"}],"curies":[{"name":"wp","href":"https:\/\/api.w.org\/{rel}","templated":true}]}}