{"id":3580,"date":"2021-10-16T20:51:26","date_gmt":"2021-10-16T18:51:26","guid":{"rendered":"https:\/\/seifen-oper.ch\/?post_type=product&#038;p=3580"},"modified":"2024-10-28T22:25:09","modified_gmt":"2024-10-28T21:25:09","slug":"kokolores-badesprudel","status":"publish","type":"product","link":"https:\/\/seifen-oper.ch\/?product=kokolores-badesprudel","title":{"rendered":"&#171;Kokolores&#187; &#8211; Badesprudel"},"content":{"rendered":"<p>Es war Nacht, die Elfen feierten in unserer Manufaktur eine Party &amp; so entstand dieser Badesprudel. \u201eKokolores\u201c meine Damen und Herren duftet nach Kokos. \u201eNach Kokose in der Weihnachtszeit?!?\u201c werden Sie sich jetzt fragen\u2026 Lassen Sie uns erkl\u00e4ren:<\/p>\n<p>der Duft von<span class=\"Apple-converted-space\">\u00a0 <\/span>Kokos erinnert an Urlaub. Den k\u00f6nnen wir alle immer gebrauchen. Auch zur Weihnachtszeit. Darum geht Kokosduft IMMER! -unsere bescheidene Meinung \ud83d\ude09 zudem ist Kokosduft einfach toll.<\/p>\n<p>Das \u201eDesign\u201c von \u201eKokoslores\u201c k\u00f6nnen wir leider auch nicht genau definieren. ..(was haben sich die Elfen bloss dabei gedacht?). Jedenfalls bleibt kein Auge trocken bei \u201eKokolores\u201c. Tun Sie sich was Gutes! Steigen Sie in die Wanne mit \u201eKokolores\u201c: der feine Kokosduft wird Sie umh\u00fcllen-stellen Sie sich Sandstrand &amp; Cocktails vor-, die wertvolle Kokosbutter pflegt Ihre Haut, entspannen Sie sich und lassen Sie alles mal \u201eKokolores\u201c sein.<span class=\"Apple-converted-space\">\u00a0<\/span><\/p>\n<p>ca.<span class=\"Apple-converted-space\">\u00a0 \u00a0 <\/span>170g \/ 16.-CHF<span class=\"Apple-converted-space\">\u00a0<\/span><\/p>\n<p>Inhaltsstoffe: INCI: Zea Mays Starch (Maisst\u00e4rke), Sodium Bicarbonate (Natron), Citric Acid (Zitronens\u00e4ure), Cocos nucifera (Kokos\u00f6l), Parf\u00fcm, Zuckerdekor (vegan), Kokosraspel<\/p>\n<p>Reicht f\u00fcr 3-4 Vollb\u00e4der<\/p>\n","protected":false},"excerpt":{"rendered":"<p>\u201eunsinnig\u201c guter Badesprudel mit Kokosduft<\/p>\n","protected":false},"featured_media":3581,"template":"","meta":[],"product_brand":[],"product_cat":[31],"product_tag":[70,380,170,55,171],"class_list":{"0":"post-3580","1":"product","2":"type-product","3":"status-publish","4":"has-post-thumbnail","6":"product_cat-badesprudel-schaumbaeder","7":"product_tag-badesprudel","8":"product_tag-kokolores","9":"product_tag-kokos","10":"product_tag-kokosbutter","11":"product_tag-kokosnuss","13":"first","14":"instock","15":"shipping-taxable","16":"purchasable","17":"product-type-simple"},"yoast_head":"<!-- This site is optimized with the Yoast SEO plugin v25.6 - https:\/\/yoast.com\/wordpress\/plugins\/seo\/ -->\n<title>&quot;Kokolores&quot; - Badesprudel - Seifen Oper GmbH<\/title>\n<meta name=\"robots\" content=\"index, follow, max-snippet:-1, max-image-preview:large, max-video-preview:-1\" \/>\n<link rel=\"canonical\" href=\"https:\/\/seifen-oper.ch\/?product=kokolores-badesprudel\" \/>\n<meta property=\"og:locale\" content=\"de_DE\" \/>\n<meta property=\"og:type\" content=\"article\" \/>\n<meta property=\"og:title\" content=\"&quot;Kokolores&quot; - Badesprudel - Seifen Oper GmbH\" \/>\n<meta property=\"og:description\" content=\"\u201eunsinnig\u201c guter Badesprudel mit Kokosduft\" \/>\n<meta property=\"og:url\" content=\"https:\/\/seifen-oper.ch\/?product=kokolores-badesprudel\" \/>\n<meta property=\"og:site_name\" content=\"Seifen Oper GmbH\" \/>\n<meta property=\"article:publisher\" content=\"https:\/\/www.facebook.com\/SeifenOperGmbH\" \/>\n<meta property=\"article:modified_time\" content=\"2024-10-28T21:25:09+00:00\" \/>\n<meta property=\"og:image\" content=\"https:\/\/seifen-oper.ch\/wp-content\/uploads\/2021\/10\/kokolores.jpg\" \/>\n\t<meta property=\"og:image:width\" content=\"1821\" \/>\n\t<meta property=\"og:image:height\" content=\"1061\" \/>\n\t<meta property=\"og:image:type\" content=\"image\/jpeg\" \/>\n<meta name=\"twitter:card\" content=\"summary_large_image\" \/>\n<meta name=\"twitter:label1\" content=\"Gesch\u00e4tzte Lesezeit\" \/>\n\t<meta name=\"twitter:data1\" content=\"2 Minuten\" \/>\n<script type=\"application\/ld+json\" class=\"yoast-schema-graph\">{\"@context\":\"https:\/\/schema.org\",\"@graph\":[{\"@type\":\"WebPage\",\"@id\":\"https:\/\/seifen-oper.ch\/?product=kokolores-badesprudel\",\"url\":\"https:\/\/seifen-oper.ch\/?product=kokolores-badesprudel\",\"name\":\"\\\"Kokolores\\\" - Badesprudel - Seifen Oper GmbH\",\"isPartOf\":{\"@id\":\"https:\/\/seifen-oper.ch\/#website\"},\"primaryImageOfPage\":{\"@id\":\"https:\/\/seifen-oper.ch\/?product=kokolores-badesprudel#primaryimage\"},\"image\":{\"@id\":\"https:\/\/seifen-oper.ch\/?product=kokolores-badesprudel#primaryimage\"},\"thumbnailUrl\":\"https:\/\/seifen-oper.ch\/wp-content\/uploads\/2021\/10\/kokolores.jpg\",\"datePublished\":\"2021-10-16T18:51:26+00:00\",\"dateModified\":\"2024-10-28T21:25:09+00:00\",\"breadcrumb\":{\"@id\":\"https:\/\/seifen-oper.ch\/?product=kokolores-badesprudel#breadcrumb\"},\"inLanguage\":\"de-CH\",\"potentialAction\":[{\"@type\":\"ReadAction\",\"target\":[\"https:\/\/seifen-oper.ch\/?product=kokolores-badesprudel\"]}]},{\"@type\":\"ImageObject\",\"inLanguage\":\"de-CH\",\"@id\":\"https:\/\/seifen-oper.ch\/?product=kokolores-badesprudel#primaryimage\",\"url\":\"https:\/\/seifen-oper.ch\/wp-content\/uploads\/2021\/10\/kokolores.jpg\",\"contentUrl\":\"https:\/\/seifen-oper.ch\/wp-content\/uploads\/2021\/10\/kokolores.jpg\",\"width\":1821,\"height\":1061},{\"@type\":\"BreadcrumbList\",\"@id\":\"https:\/\/seifen-oper.ch\/?product=kokolores-badesprudel#breadcrumb\",\"itemListElement\":[{\"@type\":\"ListItem\",\"position\":1,\"name\":\"Home\",\"item\":\"https:\/\/seifen-oper.ch\/\"},{\"@type\":\"ListItem\",\"position\":2,\"name\":\"Shop\",\"item\":\"https:\/\/seifen-oper.ch\/?page_id=12\"},{\"@type\":\"ListItem\",\"position\":3,\"name\":\"&#171;Kokolores&#187; &#8211; Badesprudel\"}]},{\"@type\":\"WebSite\",\"@id\":\"https:\/\/seifen-oper.ch\/#website\",\"url\":\"https:\/\/seifen-oper.ch\/\",\"name\":\"Seifen Oper GmbH\",\"description\":\"Kosmetik bester Qualit\u00e4t. Handgefertigt.\",\"publisher\":{\"@id\":\"https:\/\/seifen-oper.ch\/#organization\"},\"potentialAction\":[{\"@type\":\"SearchAction\",\"target\":{\"@type\":\"EntryPoint\",\"urlTemplate\":\"https:\/\/seifen-oper.ch\/?s={search_term_string}\"},\"query-input\":{\"@type\":\"PropertyValueSpecification\",\"valueRequired\":true,\"valueName\":\"search_term_string\"}}],\"inLanguage\":\"de-CH\"},{\"@type\":\"Organization\",\"@id\":\"https:\/\/seifen-oper.ch\/#organization\",\"name\":\"Seifen Oper GmbH\",\"url\":\"https:\/\/seifen-oper.ch\/\",\"logo\":{\"@type\":\"ImageObject\",\"inLanguage\":\"de-CH\",\"@id\":\"https:\/\/seifen-oper.ch\/#\/schema\/logo\/image\/\",\"url\":\"https:\/\/seifen-oper.ch\/wp-content\/uploads\/2019\/06\/logo.seifen-oper450.txt.1.png\",\"contentUrl\":\"https:\/\/seifen-oper.ch\/wp-content\/uploads\/2019\/06\/logo.seifen-oper450.txt.1.png\",\"width\":1835,\"height\":1635,\"caption\":\"Seifen Oper GmbH\"},\"image\":{\"@id\":\"https:\/\/seifen-oper.ch\/#\/schema\/logo\/image\/\"},\"sameAs\":[\"https:\/\/www.facebook.com\/SeifenOperGmbH\",\"https:\/\/www.instagram.com\/explore\/locations\/1028758197\/seifen-oper\/\"]}]}<\/script>\n<!-- \/ Yoast SEO plugin. -->","yoast_head_json":{"title":"\"Kokolores\" - Badesprudel - Seifen Oper GmbH","robots":{"index":"index","follow":"follow","max-snippet":"max-snippet:-1","max-image-preview":"max-image-preview:large","max-video-preview":"max-video-preview:-1"},"canonical":"https:\/\/seifen-oper.ch\/?product=kokolores-badesprudel","og_locale":"de_DE","og_type":"article","og_title":"\"Kokolores\" - Badesprudel - Seifen Oper GmbH","og_description":"\u201eunsinnig\u201c guter Badesprudel mit Kokosduft","og_url":"https:\/\/seifen-oper.ch\/?product=kokolores-badesprudel","og_site_name":"Seifen Oper GmbH","article_publisher":"https:\/\/www.facebook.com\/SeifenOperGmbH","article_modified_time":"2024-10-28T21:25:09+00:00","og_image":[{"width":1821,"height":1061,"url":"https:\/\/seifen-oper.ch\/wp-content\/uploads\/2021\/10\/kokolores.jpg","type":"image\/jpeg"}],"twitter_card":"summary_large_image","twitter_misc":{"Gesch\u00e4tzte Lesezeit":"2 Minuten"},"schema":{"@context":"https:\/\/schema.org","@graph":[{"@type":"WebPage","@id":"https:\/\/seifen-oper.ch\/?product=kokolores-badesprudel","url":"https:\/\/seifen-oper.ch\/?product=kokolores-badesprudel","name":"\"Kokolores\" - Badesprudel - Seifen Oper GmbH","isPartOf":{"@id":"https:\/\/seifen-oper.ch\/#website"},"primaryImageOfPage":{"@id":"https:\/\/seifen-oper.ch\/?product=kokolores-badesprudel#primaryimage"},"image":{"@id":"https:\/\/seifen-oper.ch\/?product=kokolores-badesprudel#primaryimage"},"thumbnailUrl":"https:\/\/seifen-oper.ch\/wp-content\/uploads\/2021\/10\/kokolores.jpg","datePublished":"2021-10-16T18:51:26+00:00","dateModified":"2024-10-28T21:25:09+00:00","breadcrumb":{"@id":"https:\/\/seifen-oper.ch\/?product=kokolores-badesprudel#breadcrumb"},"inLanguage":"de-CH","potentialAction":[{"@type":"ReadAction","target":["https:\/\/seifen-oper.ch\/?product=kokolores-badesprudel"]}]},{"@type":"ImageObject","inLanguage":"de-CH","@id":"https:\/\/seifen-oper.ch\/?product=kokolores-badesprudel#primaryimage","url":"https:\/\/seifen-oper.ch\/wp-content\/uploads\/2021\/10\/kokolores.jpg","contentUrl":"https:\/\/seifen-oper.ch\/wp-content\/uploads\/2021\/10\/kokolores.jpg","width":1821,"height":1061},{"@type":"BreadcrumbList","@id":"https:\/\/seifen-oper.ch\/?product=kokolores-badesprudel#breadcrumb","itemListElement":[{"@type":"ListItem","position":1,"name":"Home","item":"https:\/\/seifen-oper.ch\/"},{"@type":"ListItem","position":2,"name":"Shop","item":"https:\/\/seifen-oper.ch\/?page_id=12"},{"@type":"ListItem","position":3,"name":"&#171;Kokolores&#187; &#8211; Badesprudel"}]},{"@type":"WebSite","@id":"https:\/\/seifen-oper.ch\/#website","url":"https:\/\/seifen-oper.ch\/","name":"Seifen Oper GmbH","description":"Kosmetik bester Qualit\u00e4t. Handgefertigt.","publisher":{"@id":"https:\/\/seifen-oper.ch\/#organization"},"potentialAction":[{"@type":"SearchAction","target":{"@type":"EntryPoint","urlTemplate":"https:\/\/seifen-oper.ch\/?s={search_term_string}"},"query-input":{"@type":"PropertyValueSpecification","valueRequired":true,"valueName":"search_term_string"}}],"inLanguage":"de-CH"},{"@type":"Organization","@id":"https:\/\/seifen-oper.ch\/#organization","name":"Seifen Oper GmbH","url":"https:\/\/seifen-oper.ch\/","logo":{"@type":"ImageObject","inLanguage":"de-CH","@id":"https:\/\/seifen-oper.ch\/#\/schema\/logo\/image\/","url":"https:\/\/seifen-oper.ch\/wp-content\/uploads\/2019\/06\/logo.seifen-oper450.txt.1.png","contentUrl":"https:\/\/seifen-oper.ch\/wp-content\/uploads\/2019\/06\/logo.seifen-oper450.txt.1.png","width":1835,"height":1635,"caption":"Seifen Oper GmbH"},"image":{"@id":"https:\/\/seifen-oper.ch\/#\/schema\/logo\/image\/"},"sameAs":["https:\/\/www.facebook.com\/SeifenOperGmbH","https:\/\/www.instagram.com\/explore\/locations\/1028758197\/seifen-oper\/"]}]}},"_links":{"self":[{"href":"https:\/\/seifen-oper.ch\/index.php?rest_route=\/wp\/v2\/product\/3580"}],"collection":[{"href":"https:\/\/seifen-oper.ch\/index.php?rest_route=\/wp\/v2\/product"}],"about":[{"href":"https:\/\/seifen-oper.ch\/index.php?rest_route=\/wp\/v2\/types\/product"}],"wp:featuredmedia":[{"embeddable":true,"href":"https:\/\/seifen-oper.ch\/index.php?rest_route=\/wp\/v2\/media\/3581"}],"wp:attachment":[{"href":"https:\/\/seifen-oper.ch\/index.php?rest_route=%2Fwp%2Fv2%2Fmedia&parent=3580"}],"wp:term":[{"taxonomy":"product_brand","embeddable":true,"href":"https:\/\/seifen-oper.ch\/index.php?rest_route=%2Fwp%2Fv2%2Fproduct_brand&post=3580"},{"taxonomy":"product_cat","embeddable":true,"href":"https:\/\/seifen-oper.ch\/index.php?rest_route=%2Fwp%2Fv2%2Fproduct_cat&post=3580"},{"taxonomy":"product_tag","embeddable":true,"href":"https:\/\/seifen-oper.ch\/index.php?rest_route=%2Fwp%2Fv2%2Fproduct_tag&post=3580"}],"curies":[{"name":"wp","href":"https:\/\/api.w.org\/{rel}","templated":true}]}}