{"id":3323,"date":"2020-12-25T15:12:44","date_gmt":"2020-12-25T14:12:44","guid":{"rendered":"https:\/\/seifen-oper.ch\/?post_type=product&#038;p=3323"},"modified":"2020-12-25T15:12:44","modified_gmt":"2020-12-25T14:12:44","slug":"lavendel-korpercreme","status":"publish","type":"product","link":"https:\/\/seifen-oper.ch\/?product=lavendel-korpercreme","title":{"rendered":"&#171;Lavendel K\u00f6rpercreme&#187;"},"content":{"rendered":"<p style=\"text-align: center;\">Diese vegane, reichhaltige Lavendelk\u00f6rpercreme verw\u00f6hnt Ihre Haut mit Avocado\u00f6l &amp; Kokosbutter und macht sie geschmeidig. Der beruhigende Duft von \u00e4therischem Lavendel\u00f6l ist klassisch und dezent. Die ideale Feuchtigkeitspflege f\u00fcr trockene Haut mit feinem Lavendelduft. Die Creme ist von leichter Textur und\u00a0pflegt Ihre Haut optimal.\u00a0Bitte nur \u00e4usserlich anwenden. OHNE Konservierungsstoffe<\/p>\n<p style=\"text-align: center;\">IInhaltsstoffe: INCI: Aqua (Wasser),\u00a0Glycine soja (Soja\u00f6l),\u00a0Brassica campestris seed oil\u00a0(Raps\u00f6l),\u00a0Cocos nucifera (Kokos\u00f6l),\u00a0Persea Gratissima\u00a0(Avocado\u00f6l),\u00a0Sodium Cetearyl Sulfate (Emulgator),\u00a0(\u00e4th. Lavendel\u00f6l)<\/p>\n<p style=\"text-align: center;\">250ml \/ Sfr. 35.-<\/p>\n","protected":false},"excerpt":{"rendered":"<p>wunderbar pflegende Lavendelk\u00f6rpercreme<\/p>\n","protected":false},"featured_media":1803,"template":"","meta":[],"product_brand":[],"product_cat":[27],"product_tag":[304,82,60,55,202,305,128,68],"class_list":{"0":"post-3323","1":"product","2":"type-product","3":"status-publish","4":"has-post-thumbnail","6":"product_cat-korpercremes","7":"product_tag-atherisches-lavendelol","8":"product_tag-avocadool","9":"product_tag-handgefertigt","10":"product_tag-kokosbutter","11":"product_tag-lavendel","12":"product_tag-leicht","13":"product_tag-ohne-konservierungsstoffe","14":"product_tag-pflegend","16":"first","17":"instock","18":"shipping-taxable","19":"purchasable","20":"product-type-simple"},"yoast_head":"<!-- This site is optimized with the Yoast SEO plugin v25.6 - https:\/\/yoast.com\/wordpress\/plugins\/seo\/ -->\n<title>&quot;Lavendel K\u00f6rpercreme&quot; - Seifen Oper GmbH<\/title>\n<meta name=\"robots\" content=\"index, follow, max-snippet:-1, max-image-preview:large, max-video-preview:-1\" \/>\n<link rel=\"canonical\" href=\"https:\/\/seifen-oper.ch\/?product=lavendel-korpercreme\" \/>\n<meta property=\"og:locale\" content=\"de_DE\" \/>\n<meta property=\"og:type\" content=\"article\" \/>\n<meta property=\"og:title\" content=\"&quot;Lavendel K\u00f6rpercreme&quot; - Seifen Oper GmbH\" \/>\n<meta property=\"og:description\" content=\"wunderbar pflegende Lavendelk\u00f6rpercreme\" \/>\n<meta property=\"og:url\" content=\"https:\/\/seifen-oper.ch\/?product=lavendel-korpercreme\" \/>\n<meta property=\"og:site_name\" content=\"Seifen Oper GmbH\" \/>\n<meta property=\"article:publisher\" content=\"https:\/\/www.facebook.com\/SeifenOperGmbH\" \/>\n<meta property=\"og:image\" content=\"https:\/\/seifen-oper.ch\/wp-content\/uploads\/2019\/06\/creme-1007x1024.png\" \/>\n\t<meta property=\"og:image:width\" content=\"1007\" \/>\n\t<meta property=\"og:image:height\" content=\"1024\" \/>\n\t<meta property=\"og:image:type\" content=\"image\/png\" \/>\n<meta name=\"twitter:card\" content=\"summary_large_image\" \/>\n<script type=\"application\/ld+json\" class=\"yoast-schema-graph\">{\"@context\":\"https:\/\/schema.org\",\"@graph\":[{\"@type\":\"WebPage\",\"@id\":\"https:\/\/seifen-oper.ch\/?product=lavendel-korpercreme\",\"url\":\"https:\/\/seifen-oper.ch\/?product=lavendel-korpercreme\",\"name\":\"\\\"Lavendel K\u00f6rpercreme\\\" - Seifen Oper GmbH\",\"isPartOf\":{\"@id\":\"https:\/\/seifen-oper.ch\/#website\"},\"primaryImageOfPage\":{\"@id\":\"https:\/\/seifen-oper.ch\/?product=lavendel-korpercreme#primaryimage\"},\"image\":{\"@id\":\"https:\/\/seifen-oper.ch\/?product=lavendel-korpercreme#primaryimage\"},\"thumbnailUrl\":\"https:\/\/seifen-oper.ch\/wp-content\/uploads\/2019\/06\/creme.png\",\"datePublished\":\"2020-12-25T14:12:44+00:00\",\"breadcrumb\":{\"@id\":\"https:\/\/seifen-oper.ch\/?product=lavendel-korpercreme#breadcrumb\"},\"inLanguage\":\"de-CH\",\"potentialAction\":[{\"@type\":\"ReadAction\",\"target\":[\"https:\/\/seifen-oper.ch\/?product=lavendel-korpercreme\"]}]},{\"@type\":\"ImageObject\",\"inLanguage\":\"de-CH\",\"@id\":\"https:\/\/seifen-oper.ch\/?product=lavendel-korpercreme#primaryimage\",\"url\":\"https:\/\/seifen-oper.ch\/wp-content\/uploads\/2019\/06\/creme.png\",\"contentUrl\":\"https:\/\/seifen-oper.ch\/wp-content\/uploads\/2019\/06\/creme.png\",\"width\":1929,\"height\":1961},{\"@type\":\"BreadcrumbList\",\"@id\":\"https:\/\/seifen-oper.ch\/?product=lavendel-korpercreme#breadcrumb\",\"itemListElement\":[{\"@type\":\"ListItem\",\"position\":1,\"name\":\"Home\",\"item\":\"https:\/\/seifen-oper.ch\/\"},{\"@type\":\"ListItem\",\"position\":2,\"name\":\"Shop\",\"item\":\"https:\/\/seifen-oper.ch\/?page_id=12\"},{\"@type\":\"ListItem\",\"position\":3,\"name\":\"&#171;Lavendel K\u00f6rpercreme&#187;\"}]},{\"@type\":\"WebSite\",\"@id\":\"https:\/\/seifen-oper.ch\/#website\",\"url\":\"https:\/\/seifen-oper.ch\/\",\"name\":\"Seifen Oper GmbH\",\"description\":\"Kosmetik bester Qualit\u00e4t. Handgefertigt.\",\"publisher\":{\"@id\":\"https:\/\/seifen-oper.ch\/#organization\"},\"potentialAction\":[{\"@type\":\"SearchAction\",\"target\":{\"@type\":\"EntryPoint\",\"urlTemplate\":\"https:\/\/seifen-oper.ch\/?s={search_term_string}\"},\"query-input\":{\"@type\":\"PropertyValueSpecification\",\"valueRequired\":true,\"valueName\":\"search_term_string\"}}],\"inLanguage\":\"de-CH\"},{\"@type\":\"Organization\",\"@id\":\"https:\/\/seifen-oper.ch\/#organization\",\"name\":\"Seifen Oper GmbH\",\"url\":\"https:\/\/seifen-oper.ch\/\",\"logo\":{\"@type\":\"ImageObject\",\"inLanguage\":\"de-CH\",\"@id\":\"https:\/\/seifen-oper.ch\/#\/schema\/logo\/image\/\",\"url\":\"https:\/\/seifen-oper.ch\/wp-content\/uploads\/2019\/06\/logo.seifen-oper450.txt.1.png\",\"contentUrl\":\"https:\/\/seifen-oper.ch\/wp-content\/uploads\/2019\/06\/logo.seifen-oper450.txt.1.png\",\"width\":1835,\"height\":1635,\"caption\":\"Seifen Oper GmbH\"},\"image\":{\"@id\":\"https:\/\/seifen-oper.ch\/#\/schema\/logo\/image\/\"},\"sameAs\":[\"https:\/\/www.facebook.com\/SeifenOperGmbH\",\"https:\/\/www.instagram.com\/explore\/locations\/1028758197\/seifen-oper\/\"]}]}<\/script>\n<!-- \/ Yoast SEO plugin. -->","yoast_head_json":{"title":"\"Lavendel K\u00f6rpercreme\" - Seifen Oper GmbH","robots":{"index":"index","follow":"follow","max-snippet":"max-snippet:-1","max-image-preview":"max-image-preview:large","max-video-preview":"max-video-preview:-1"},"canonical":"https:\/\/seifen-oper.ch\/?product=lavendel-korpercreme","og_locale":"de_DE","og_type":"article","og_title":"\"Lavendel K\u00f6rpercreme\" - Seifen Oper GmbH","og_description":"wunderbar pflegende Lavendelk\u00f6rpercreme","og_url":"https:\/\/seifen-oper.ch\/?product=lavendel-korpercreme","og_site_name":"Seifen Oper GmbH","article_publisher":"https:\/\/www.facebook.com\/SeifenOperGmbH","og_image":[{"width":1007,"height":1024,"url":"https:\/\/seifen-oper.ch\/wp-content\/uploads\/2019\/06\/creme-1007x1024.png","type":"image\/png"}],"twitter_card":"summary_large_image","schema":{"@context":"https:\/\/schema.org","@graph":[{"@type":"WebPage","@id":"https:\/\/seifen-oper.ch\/?product=lavendel-korpercreme","url":"https:\/\/seifen-oper.ch\/?product=lavendel-korpercreme","name":"\"Lavendel K\u00f6rpercreme\" - Seifen Oper GmbH","isPartOf":{"@id":"https:\/\/seifen-oper.ch\/#website"},"primaryImageOfPage":{"@id":"https:\/\/seifen-oper.ch\/?product=lavendel-korpercreme#primaryimage"},"image":{"@id":"https:\/\/seifen-oper.ch\/?product=lavendel-korpercreme#primaryimage"},"thumbnailUrl":"https:\/\/seifen-oper.ch\/wp-content\/uploads\/2019\/06\/creme.png","datePublished":"2020-12-25T14:12:44+00:00","breadcrumb":{"@id":"https:\/\/seifen-oper.ch\/?product=lavendel-korpercreme#breadcrumb"},"inLanguage":"de-CH","potentialAction":[{"@type":"ReadAction","target":["https:\/\/seifen-oper.ch\/?product=lavendel-korpercreme"]}]},{"@type":"ImageObject","inLanguage":"de-CH","@id":"https:\/\/seifen-oper.ch\/?product=lavendel-korpercreme#primaryimage","url":"https:\/\/seifen-oper.ch\/wp-content\/uploads\/2019\/06\/creme.png","contentUrl":"https:\/\/seifen-oper.ch\/wp-content\/uploads\/2019\/06\/creme.png","width":1929,"height":1961},{"@type":"BreadcrumbList","@id":"https:\/\/seifen-oper.ch\/?product=lavendel-korpercreme#breadcrumb","itemListElement":[{"@type":"ListItem","position":1,"name":"Home","item":"https:\/\/seifen-oper.ch\/"},{"@type":"ListItem","position":2,"name":"Shop","item":"https:\/\/seifen-oper.ch\/?page_id=12"},{"@type":"ListItem","position":3,"name":"&#171;Lavendel K\u00f6rpercreme&#187;"}]},{"@type":"WebSite","@id":"https:\/\/seifen-oper.ch\/#website","url":"https:\/\/seifen-oper.ch\/","name":"Seifen Oper GmbH","description":"Kosmetik bester Qualit\u00e4t. Handgefertigt.","publisher":{"@id":"https:\/\/seifen-oper.ch\/#organization"},"potentialAction":[{"@type":"SearchAction","target":{"@type":"EntryPoint","urlTemplate":"https:\/\/seifen-oper.ch\/?s={search_term_string}"},"query-input":{"@type":"PropertyValueSpecification","valueRequired":true,"valueName":"search_term_string"}}],"inLanguage":"de-CH"},{"@type":"Organization","@id":"https:\/\/seifen-oper.ch\/#organization","name":"Seifen Oper GmbH","url":"https:\/\/seifen-oper.ch\/","logo":{"@type":"ImageObject","inLanguage":"de-CH","@id":"https:\/\/seifen-oper.ch\/#\/schema\/logo\/image\/","url":"https:\/\/seifen-oper.ch\/wp-content\/uploads\/2019\/06\/logo.seifen-oper450.txt.1.png","contentUrl":"https:\/\/seifen-oper.ch\/wp-content\/uploads\/2019\/06\/logo.seifen-oper450.txt.1.png","width":1835,"height":1635,"caption":"Seifen Oper GmbH"},"image":{"@id":"https:\/\/seifen-oper.ch\/#\/schema\/logo\/image\/"},"sameAs":["https:\/\/www.facebook.com\/SeifenOperGmbH","https:\/\/www.instagram.com\/explore\/locations\/1028758197\/seifen-oper\/"]}]}},"_links":{"self":[{"href":"https:\/\/seifen-oper.ch\/index.php?rest_route=\/wp\/v2\/product\/3323"}],"collection":[{"href":"https:\/\/seifen-oper.ch\/index.php?rest_route=\/wp\/v2\/product"}],"about":[{"href":"https:\/\/seifen-oper.ch\/index.php?rest_route=\/wp\/v2\/types\/product"}],"wp:featuredmedia":[{"embeddable":true,"href":"https:\/\/seifen-oper.ch\/index.php?rest_route=\/wp\/v2\/media\/1803"}],"wp:attachment":[{"href":"https:\/\/seifen-oper.ch\/index.php?rest_route=%2Fwp%2Fv2%2Fmedia&parent=3323"}],"wp:term":[{"taxonomy":"product_brand","embeddable":true,"href":"https:\/\/seifen-oper.ch\/index.php?rest_route=%2Fwp%2Fv2%2Fproduct_brand&post=3323"},{"taxonomy":"product_cat","embeddable":true,"href":"https:\/\/seifen-oper.ch\/index.php?rest_route=%2Fwp%2Fv2%2Fproduct_cat&post=3323"},{"taxonomy":"product_tag","embeddable":true,"href":"https:\/\/seifen-oper.ch\/index.php?rest_route=%2Fwp%2Fv2%2Fproduct_tag&post=3323"}],"curies":[{"name":"wp","href":"https:\/\/api.w.org\/{rel}","templated":true}]}}

&#171;Lavendel Körpercreme&#187;

<p style="text-align: center;">Diese vegane, reichhaltige Lavendelkörpercreme verwöhnt Ihre Haut mit Avocadoöl &amp; Kokosbutter und macht sie geschmeidig. Der beruhigende Duft von ätherischem Lavendelöl ist klassisch und dezent. Die ideale Feuchtigkeitspflege für trockene Haut mit feinem Lavendelduft. Die Creme ist von leichter Textur und pflegt Ihre Haut optimal. Bitte nur äusserlich anwenden. OHNE Konservierungsstoffe</p>
<p style="text-align: center;">IInhaltsstoffe: INCI: Aqua (Wasser), Glycine soja (Sojaöl), Brassica campestris seed oil (Rapsöl), Cocos nucifera (Kokosöl), Persea Gratissima (Avocadoöl), Sodium Cetearyl Sulfate (Emulgator), (äth. Lavendelöl)</p>
<p style="text-align: center;">250ml / Sfr. 35.-</p>

<p>wunderbar pflegende Lavendelkörpercreme</p>

<!-- This site is optimized with the Yoast SEO plugin v25.6 - https://yoast.com/wordpress/plugins/seo/ -->
<title>&quot;Lavendel Körpercreme&quot; - Seifen Oper GmbH</title>
<meta name="robots" content="index, follow, max-snippet:-1, max-image-preview:large, max-video-preview:-1" />
<link rel="canonical" href="https://seifen-oper.ch/?product=lavendel-korpercreme" />
<meta property="og:locale" content="de_DE" />
<meta property="og:type" content="article" />
<meta property="og:title" content="&quot;Lavendel Körpercreme&quot; - Seifen Oper GmbH" />
<meta property="og:description" content="wunderbar pflegende Lavendelkörpercreme" />
<meta property="og:url" content="https://seifen-oper.ch/?product=lavendel-korpercreme" />
<meta property="og:site_name" content="Seifen Oper GmbH" />
<meta property="article:publisher" content="https://www.facebook.com/SeifenOperGmbH" />
<meta property="og:image" content="https://seifen-oper.ch/wp-content/uploads/2019/06/creme-1007x1024.png" />
	<meta property="og:image:width" content="1007" />
	<meta property="og:image:height" content="1024" />
	<meta property="og:image:type" content="image/png" />
<meta name="twitter:card" content="summary_large_image" />
<script type="application/ld+json" class="yoast-schema-graph">{"@context":"https://schema.org","@graph":[{"@type":"WebPage","@id":"https://seifen-oper.ch/?product=lavendel-korpercreme","url":"https://seifen-oper.ch/?product=lavendel-korpercreme","name":"\"Lavendel Körpercreme\" - Seifen Oper GmbH","isPartOf":{"@id":"https://seifen-oper.ch/#website"},"primaryImageOfPage":{"@id":"https://seifen-oper.ch/?product=lavendel-korpercreme#primaryimage"},"image":{"@id":"https://seifen-oper.ch/?product=lavendel-korpercreme#primaryimage"},"thumbnailUrl":"https://seifen-oper.ch/wp-content/uploads/2019/06/creme.png","datePublished":"2020-12-25T14:12:44+00:00","breadcrumb":{"@id":"https://seifen-oper.ch/?product=lavendel-korpercreme#breadcrumb"},"inLanguage":"de-CH","potentialAction":[{"@type":"ReadAction","target":["https://seifen-oper.ch/?product=lavendel-korpercreme"]}]},{"@type":"ImageObject","inLanguage":"de-CH","@id":"https://seifen-oper.ch/?product=lavendel-korpercreme#primaryimage","url":"https://seifen-oper.ch/wp-content/uploads/2019/06/creme.png","contentUrl":"https://seifen-oper.ch/wp-content/uploads/2019/06/creme.png","width":1929,"height":1961},{"@type":"BreadcrumbList","@id":"https://seifen-oper.ch/?product=lavendel-korpercreme#breadcrumb","itemListElement":[{"@type":"ListItem","position":1,"name":"Home","item":"https://seifen-oper.ch/"},{"@type":"ListItem","position":2,"name":"Shop","item":"https://seifen-oper.ch/?page_id=12"},{"@type":"ListItem","position":3,"name":"&#171;Lavendel Körpercreme&#187;"}]},{"@type":"WebSite","@id":"https://seifen-oper.ch/#website","url":"https://seifen-oper.ch/","name":"Seifen Oper GmbH","description":"Kosmetik bester Qualität. Handgefertigt.","publisher":{"@id":"https://seifen-oper.ch/#organization"},"potentialAction":[{"@type":"SearchAction","target":{"@type":"EntryPoint","urlTemplate":"https://seifen-oper.ch/?s={search_term_string}"},"query-input":{"@type":"PropertyValueSpecification","valueRequired":true,"valueName":"search_term_string"}}],"inLanguage":"de-CH"},{"@type":"Organization","@id":"https://seifen-oper.ch/#organization","name":"Seifen Oper GmbH","url":"https://seifen-oper.ch/","logo":{"@type":"ImageObject","inLanguage":"de-CH","@id":"https://seifen-oper.ch/#/schema/logo/image/","url":"https://seifen-oper.ch/wp-content/uploads/2019/06/logo.seifen-oper450.txt.1.png","contentUrl":"https://seifen-oper.ch/wp-content/uploads/2019/06/logo.seifen-oper450.txt.1.png","width":1835,"height":1635,"caption":"Seifen Oper GmbH"},"image":{"@id":"https://seifen-oper.ch/#/schema/logo/image/"},"sameAs":["https://www.facebook.com/SeifenOperGmbH","https://www.instagram.com/explore/locations/1028758197/seifen-oper/"]}]}</script>
<!-- / Yoast SEO plugin. -->

"Lavendel Körpercreme" - Seifen Oper GmbH

wunderbar pflegende Lavendelkörpercreme

Kosmetik bester Qualität. Handgefertigt.
