{"id":3043,"date":"2020-07-03T16:45:14","date_gmt":"2020-07-03T14:45:14","guid":{"rendered":"https:\/\/seifen-oper.ch\/?post_type=product&#038;p=3043"},"modified":"2021-10-03T20:38:55","modified_gmt":"2021-10-03T18:38:55","slug":"desinfektionsmittel-200ml","status":"publish","type":"product","link":"https:\/\/seifen-oper.ch\/?product=desinfektionsmittel-200ml","title":{"rendered":"\u201eDesinfektionsmittel\u201c 200ml"},"content":{"rendered":"<div class=\"\" style=\"text-align: left;\">In dieser neuartigen Zeit, ist es sehr wichtig, sich regelm\u00e4ssig \u00a0die H\u00e4nde desinfizieren zu k\u00f6nnen. Darum ist es gut, ein Desinfektionsmittel in praktischer Pumpflasche, da stehen zu haben, wo sich Menschen regelm\u00e4ssig die H\u00e4nde desinfizieren sollen. Z.B. \u00a0im Badezimmer, im Eingangsbereich und generell \u00fcberall wo es auch nicht m\u00f6glich ist, sich die H\u00e4nde zu waschen.<\/div>\n<div style=\"text-align: left;\"><\/div>\n<div style=\"text-align: left;\">\n<div class=\"\">Unser Desinfektionsmittel eignet sich zur hygienischen\u00a0 H\u00e4ndedesinfektion f\u00fcr die besonders empfindliche Haut. Es ist dank seiner Formulierung mit 80% Ethanol eine umfassend und schnell wirksames Desinfektionsmitteln f\u00fcr Ihre H\u00e4nde. Es trocknet schnell auf und hinterl\u00e4sst ein geschmeidiges Gef\u00fchl auf den H\u00e4nden \u2013 und keine klebrigen R\u00fcckst\u00e4nde.<\/div>\n<div class=\"\">Unser Desinfektionsmittel\u00a0wird als gebrauchsfertiges alkoholisches Einreibepr\u00e4parat \u2013 unabh\u00e4ngig von Wasser und Waschbecken \u2013 in allen hygienerelevanten Bereichen zur Vorbeugung von Infektionen eingesetzt.<\/div>\n<div class=\"\">Erhalten Sie es parf\u00fcmfrei oder geben Sie Ihren eigenen, individellen Duft hinzu \ud83d\ude42 \u00a0Unten finden Sie eine Liste unserer D\u00fcfte. Schreiben Sie uns einfach im Kommentar bei der Bestellung welchen Duft Sie w\u00fcnschen. Es sind auch Kombinationen m\u00f6glich.<\/div>\n<div><\/div>\n<\/div>\n<div class=\"\" style=\"text-align: left;\">Wir versprechen Ihnen Sie werden es lieben Ihre H\u00e4nde zu Desinfizieren! \ud83d\ude42<\/div>\n<div style=\"text-align: left;\">\u00dcbrigens: Unser beduftetes Desinfektionsmittel, ist auch ein tolles Geschenk, das Momentan jede(r) gebrauchen kann.<\/div>\n<div style=\"text-align: left;\"><\/div>\n<div class=\"\" style=\"text-align: left;\"><\/div>\n<div class=\"\" style=\"text-align: left;\">Unsere D\u00fcfte:<\/div>\n<div class=\"\" style=\"text-align: left;\"><span class=\"\">Aprikosen,\u00a0<\/span><\/div>\n<div class=\"\" style=\"text-align: left;\"><span class=\"\">Grapefruit,\u00a0<\/span><\/div>\n<div class=\"\" style=\"text-align: left;\"><span class=\"\">Birne, <\/span><\/div>\n<div class=\"\" style=\"text-align: left;\"><span class=\"\">Minze, <\/span><\/div>\n<div class=\"\" style=\"text-align: left;\"><span class=\"\">Eukalyptus, <\/span><\/div>\n<div class=\"\" style=\"text-align: left;\"><span class=\"\">Blaubeeren, <\/span><\/div>\n<div class=\"\" style=\"text-align: left;\"><span class=\"\">Bergamotte, <\/span><\/div>\n<div class=\"\" style=\"text-align: left;\"><span class=\"\">Cologne, <\/span><\/div>\n<div class=\"\" style=\"text-align: left;\"><span class=\"\">Himbeere, <\/span><\/div>\n<div class=\"\" style=\"text-align: left;\"><span class=\"\">Limone, <\/span><\/div>\n<div class=\"\" style=\"text-align: left;\"><span class=\"\">Salbei, <\/span><\/div>\n<div class=\"\" style=\"text-align: left;\"><span class=\"\">Ingwer-Souffl\u00e9s, <\/span><\/div>\n<div class=\"\" style=\"text-align: left;\"><span class=\"\"> Rosen, <\/span><\/div>\n<div class=\"\" style=\"text-align: left;\"><span class=\"\">K\u00fchn, <\/span><\/div>\n<div class=\"\" style=\"text-align: left;\"><span class=\"\">Kokos, <\/span><\/div>\n<div class=\"\" style=\"text-align: left;\"><span class=\"\">Vanille, <\/span><\/div>\n<div class=\"\" style=\"text-align: left;\"><span class=\"\">Jasmin, <\/span><\/div>\n<div class=\"\" style=\"text-align: left;\"><span class=\"\">Mandarinli, <\/span><\/div>\n<div class=\"\" style=\"text-align: left;\"><span class=\"\">Kirschbl\u00fcte, <\/span><\/div>\n<div class=\"\" style=\"text-align: left;\"><span class=\"\">Mango, <\/span><\/div>\n<div class=\"\" style=\"text-align: left;\"><span class=\"\">Morgenbrise, <\/span><\/div>\n<div class=\"\" style=\"text-align: left;\"><span class=\"\">Maigl\u00f6ckchen, <\/span><\/div>\n<div class=\"\" style=\"text-align: left;\"><span class=\"\">Erdbeeren, <\/span><\/div>\n<div class=\"\" style=\"text-align: left;\"><span class=\"\">Orangenbl\u00fcte, <\/span><\/div>\n<div class=\"\" style=\"text-align: left;\"><span class=\"\">R\u00e4ucherst\u00e4bli, <\/span><\/div>\n<div class=\"\" style=\"text-align: left;\"><span class=\"\">Reisbl\u00fcte, <\/span><\/div>\n<div class=\"\" style=\"text-align: left;\"><span class=\"\">Melone, <\/span><\/div>\n<div class=\"\" style=\"text-align: left;\"><span class=\"\">Sanddorn, <\/span><\/div>\n<div class=\"\" style=\"text-align: left;\"><span class=\"\">Oui Monsieur, <\/span><\/div>\n<div class=\"\" style=\"text-align: left;\"><span class=\"\">Glaube-Liebe-Hoffnung, <\/span><\/div>\n<div class=\"\" style=\"text-align: left;\"><span class=\"\">Toffee, <\/span><\/div>\n<div class=\"\" style=\"text-align: left;\"><span class=\"\">Getr\u00e4umt, <\/span><\/div>\n<div class=\"\" style=\"text-align: left;\"><span class=\"\">Veilchen, <\/span><\/div>\n<div class=\"\" style=\"text-align: left;\"><span class=\"\">Patchouli, <\/span><\/div>\n<div class=\"\" style=\"text-align: left;\"><span class=\"\">Sandelholz, <\/span><\/div>\n<div class=\"\" style=\"text-align: left;\"><span class=\"\">Lavendel, <\/span><\/div>\n<div class=\"\" style=\"text-align: left;\"><span class=\"\">Zimt, <\/span><\/div>\n<div class=\"\" style=\"text-align: left;\"><span class=\"\">Tannennadel, <\/span><\/div>\n<div class=\"\" style=\"text-align: left;\"><span class=\"\">Frische W\u00e4sche<\/span><\/div>\n<div style=\"text-align: left;\"><\/div>\n<div style=\"text-align: left;\">200 ml\/ 16.-<\/div>\n<div>\n<div class=\"\" style=\"text-align: left;\"><\/div>\n<div class=\"\" style=\"text-align: left;\">Inhalttsoffe\/INCI: Ethanol 80% (V\/V), Glycerin, Kampher, (Parf\u00fcm\u00f6l\/\u00e4th. \u00d6l)<\/div>\n<\/div>\n","protected":false},"excerpt":{"rendered":"<div class=\"\">mit individuellem Duft<\/div>\n<div class=\"\">Pumpflasche 200ml<\/div>\n","protected":false},"featured_media":3047,"template":"","meta":[],"product_brand":[],"product_cat":[28],"product_tag":[],"class_list":{"0":"post-3043","1":"product","2":"type-product","3":"status-publish","4":"has-post-thumbnail","6":"product_cat-handefussedeo","8":"first","9":"instock","10":"shipping-taxable","11":"purchasable","12":"product-type-simple"},"yoast_head":"<!-- This site is optimized with the Yoast SEO plugin v25.6 - https:\/\/yoast.com\/wordpress\/plugins\/seo\/ -->\n<title>\u201eDesinfektionsmittel\u201c 200ml - Seifen Oper GmbH<\/title>\n<meta name=\"robots\" content=\"index, follow, max-snippet:-1, max-image-preview:large, max-video-preview:-1\" \/>\n<link rel=\"canonical\" href=\"https:\/\/seifen-oper.ch\/?product=desinfektionsmittel-200ml\" \/>\n<meta property=\"og:locale\" content=\"de_DE\" \/>\n<meta property=\"og:type\" content=\"article\" \/>\n<meta property=\"og:title\" content=\"\u201eDesinfektionsmittel\u201c 200ml - Seifen Oper GmbH\" \/>\n<meta property=\"og:description\" content=\"mit individuellem Duft Pumpflasche 200ml\" \/>\n<meta property=\"og:url\" content=\"https:\/\/seifen-oper.ch\/?product=desinfektionsmittel-200ml\" \/>\n<meta property=\"og:site_name\" content=\"Seifen Oper GmbH\" \/>\n<meta property=\"article:publisher\" content=\"https:\/\/www.facebook.com\/SeifenOperGmbH\" \/>\n<meta property=\"article:modified_time\" content=\"2021-10-03T18:38:55+00:00\" \/>\n<meta property=\"og:image\" content=\"https:\/\/seifen-oper.ch\/wp-content\/uploads\/2020\/07\/pump-758x1024.png\" \/>\n\t<meta property=\"og:image:width\" content=\"758\" \/>\n\t<meta property=\"og:image:height\" content=\"1024\" \/>\n\t<meta property=\"og:image:type\" content=\"image\/png\" \/>\n<meta name=\"twitter:card\" content=\"summary_large_image\" \/>\n<meta name=\"twitter:label1\" content=\"Gesch\u00e4tzte Lesezeit\" \/>\n\t<meta name=\"twitter:data1\" content=\"1 Minute\" \/>\n<script type=\"application\/ld+json\" class=\"yoast-schema-graph\">{\"@context\":\"https:\/\/schema.org\",\"@graph\":[{\"@type\":\"WebPage\",\"@id\":\"https:\/\/seifen-oper.ch\/?product=desinfektionsmittel-200ml\",\"url\":\"https:\/\/seifen-oper.ch\/?product=desinfektionsmittel-200ml\",\"name\":\"\u201eDesinfektionsmittel\u201c 200ml - Seifen Oper GmbH\",\"isPartOf\":{\"@id\":\"https:\/\/seifen-oper.ch\/#website\"},\"primaryImageOfPage\":{\"@id\":\"https:\/\/seifen-oper.ch\/?product=desinfektionsmittel-200ml#primaryimage\"},\"image\":{\"@id\":\"https:\/\/seifen-oper.ch\/?product=desinfektionsmittel-200ml#primaryimage\"},\"thumbnailUrl\":\"https:\/\/seifen-oper.ch\/wp-content\/uploads\/2020\/07\/pump.png\",\"datePublished\":\"2020-07-03T14:45:14+00:00\",\"dateModified\":\"2021-10-03T18:38:55+00:00\",\"breadcrumb\":{\"@id\":\"https:\/\/seifen-oper.ch\/?product=desinfektionsmittel-200ml#breadcrumb\"},\"inLanguage\":\"de-CH\",\"potentialAction\":[{\"@type\":\"ReadAction\",\"target\":[\"https:\/\/seifen-oper.ch\/?product=desinfektionsmittel-200ml\"]}]},{\"@type\":\"ImageObject\",\"inLanguage\":\"de-CH\",\"@id\":\"https:\/\/seifen-oper.ch\/?product=desinfektionsmittel-200ml#primaryimage\",\"url\":\"https:\/\/seifen-oper.ch\/wp-content\/uploads\/2020\/07\/pump.png\",\"contentUrl\":\"https:\/\/seifen-oper.ch\/wp-content\/uploads\/2020\/07\/pump.png\",\"width\":1185,\"height\":1601},{\"@type\":\"BreadcrumbList\",\"@id\":\"https:\/\/seifen-oper.ch\/?product=desinfektionsmittel-200ml#breadcrumb\",\"itemListElement\":[{\"@type\":\"ListItem\",\"position\":1,\"name\":\"Home\",\"item\":\"https:\/\/seifen-oper.ch\/\"},{\"@type\":\"ListItem\",\"position\":2,\"name\":\"Shop\",\"item\":\"https:\/\/seifen-oper.ch\/?page_id=12\"},{\"@type\":\"ListItem\",\"position\":3,\"name\":\"\u201eDesinfektionsmittel\u201c 200ml\"}]},{\"@type\":\"WebSite\",\"@id\":\"https:\/\/seifen-oper.ch\/#website\",\"url\":\"https:\/\/seifen-oper.ch\/\",\"name\":\"Seifen Oper GmbH\",\"description\":\"Kosmetik bester Qualit\u00e4t. Handgefertigt.\",\"publisher\":{\"@id\":\"https:\/\/seifen-oper.ch\/#organization\"},\"potentialAction\":[{\"@type\":\"SearchAction\",\"target\":{\"@type\":\"EntryPoint\",\"urlTemplate\":\"https:\/\/seifen-oper.ch\/?s={search_term_string}\"},\"query-input\":{\"@type\":\"PropertyValueSpecification\",\"valueRequired\":true,\"valueName\":\"search_term_string\"}}],\"inLanguage\":\"de-CH\"},{\"@type\":\"Organization\",\"@id\":\"https:\/\/seifen-oper.ch\/#organization\",\"name\":\"Seifen Oper GmbH\",\"url\":\"https:\/\/seifen-oper.ch\/\",\"logo\":{\"@type\":\"ImageObject\",\"inLanguage\":\"de-CH\",\"@id\":\"https:\/\/seifen-oper.ch\/#\/schema\/logo\/image\/\",\"url\":\"https:\/\/seifen-oper.ch\/wp-content\/uploads\/2019\/06\/logo.seifen-oper450.txt.1.png\",\"contentUrl\":\"https:\/\/seifen-oper.ch\/wp-content\/uploads\/2019\/06\/logo.seifen-oper450.txt.1.png\",\"width\":1835,\"height\":1635,\"caption\":\"Seifen Oper GmbH\"},\"image\":{\"@id\":\"https:\/\/seifen-oper.ch\/#\/schema\/logo\/image\/\"},\"sameAs\":[\"https:\/\/www.facebook.com\/SeifenOperGmbH\",\"https:\/\/www.instagram.com\/explore\/locations\/1028758197\/seifen-oper\/\"]}]}<\/script>\n<!-- \/ Yoast SEO plugin. -->","yoast_head_json":{"title":"\u201eDesinfektionsmittel\u201c 200ml - Seifen Oper GmbH","robots":{"index":"index","follow":"follow","max-snippet":"max-snippet:-1","max-image-preview":"max-image-preview:large","max-video-preview":"max-video-preview:-1"},"canonical":"https:\/\/seifen-oper.ch\/?product=desinfektionsmittel-200ml","og_locale":"de_DE","og_type":"article","og_title":"\u201eDesinfektionsmittel\u201c 200ml - Seifen Oper GmbH","og_description":"mit individuellem Duft Pumpflasche 200ml","og_url":"https:\/\/seifen-oper.ch\/?product=desinfektionsmittel-200ml","og_site_name":"Seifen Oper GmbH","article_publisher":"https:\/\/www.facebook.com\/SeifenOperGmbH","article_modified_time":"2021-10-03T18:38:55+00:00","og_image":[{"width":758,"height":1024,"url":"https:\/\/seifen-oper.ch\/wp-content\/uploads\/2020\/07\/pump-758x1024.png","type":"image\/png"}],"twitter_card":"summary_large_image","twitter_misc":{"Gesch\u00e4tzte Lesezeit":"1 Minute"},"schema":{"@context":"https:\/\/schema.org","@graph":[{"@type":"WebPage","@id":"https:\/\/seifen-oper.ch\/?product=desinfektionsmittel-200ml","url":"https:\/\/seifen-oper.ch\/?product=desinfektionsmittel-200ml","name":"\u201eDesinfektionsmittel\u201c 200ml - Seifen Oper GmbH","isPartOf":{"@id":"https:\/\/seifen-oper.ch\/#website"},"primaryImageOfPage":{"@id":"https:\/\/seifen-oper.ch\/?product=desinfektionsmittel-200ml#primaryimage"},"image":{"@id":"https:\/\/seifen-oper.ch\/?product=desinfektionsmittel-200ml#primaryimage"},"thumbnailUrl":"https:\/\/seifen-oper.ch\/wp-content\/uploads\/2020\/07\/pump.png","datePublished":"2020-07-03T14:45:14+00:00","dateModified":"2021-10-03T18:38:55+00:00","breadcrumb":{"@id":"https:\/\/seifen-oper.ch\/?product=desinfektionsmittel-200ml#breadcrumb"},"inLanguage":"de-CH","potentialAction":[{"@type":"ReadAction","target":["https:\/\/seifen-oper.ch\/?product=desinfektionsmittel-200ml"]}]},{"@type":"ImageObject","inLanguage":"de-CH","@id":"https:\/\/seifen-oper.ch\/?product=desinfektionsmittel-200ml#primaryimage","url":"https:\/\/seifen-oper.ch\/wp-content\/uploads\/2020\/07\/pump.png","contentUrl":"https:\/\/seifen-oper.ch\/wp-content\/uploads\/2020\/07\/pump.png","width":1185,"height":1601},{"@type":"BreadcrumbList","@id":"https:\/\/seifen-oper.ch\/?product=desinfektionsmittel-200ml#breadcrumb","itemListElement":[{"@type":"ListItem","position":1,"name":"Home","item":"https:\/\/seifen-oper.ch\/"},{"@type":"ListItem","position":2,"name":"Shop","item":"https:\/\/seifen-oper.ch\/?page_id=12"},{"@type":"ListItem","position":3,"name":"\u201eDesinfektionsmittel\u201c 200ml"}]},{"@type":"WebSite","@id":"https:\/\/seifen-oper.ch\/#website","url":"https:\/\/seifen-oper.ch\/","name":"Seifen Oper GmbH","description":"Kosmetik bester Qualit\u00e4t. Handgefertigt.","publisher":{"@id":"https:\/\/seifen-oper.ch\/#organization"},"potentialAction":[{"@type":"SearchAction","target":{"@type":"EntryPoint","urlTemplate":"https:\/\/seifen-oper.ch\/?s={search_term_string}"},"query-input":{"@type":"PropertyValueSpecification","valueRequired":true,"valueName":"search_term_string"}}],"inLanguage":"de-CH"},{"@type":"Organization","@id":"https:\/\/seifen-oper.ch\/#organization","name":"Seifen Oper GmbH","url":"https:\/\/seifen-oper.ch\/","logo":{"@type":"ImageObject","inLanguage":"de-CH","@id":"https:\/\/seifen-oper.ch\/#\/schema\/logo\/image\/","url":"https:\/\/seifen-oper.ch\/wp-content\/uploads\/2019\/06\/logo.seifen-oper450.txt.1.png","contentUrl":"https:\/\/seifen-oper.ch\/wp-content\/uploads\/2019\/06\/logo.seifen-oper450.txt.1.png","width":1835,"height":1635,"caption":"Seifen Oper GmbH"},"image":{"@id":"https:\/\/seifen-oper.ch\/#\/schema\/logo\/image\/"},"sameAs":["https:\/\/www.facebook.com\/SeifenOperGmbH","https:\/\/www.instagram.com\/explore\/locations\/1028758197\/seifen-oper\/"]}]}},"_links":{"self":[{"href":"https:\/\/seifen-oper.ch\/index.php?rest_route=\/wp\/v2\/product\/3043"}],"collection":[{"href":"https:\/\/seifen-oper.ch\/index.php?rest_route=\/wp\/v2\/product"}],"about":[{"href":"https:\/\/seifen-oper.ch\/index.php?rest_route=\/wp\/v2\/types\/product"}],"wp:featuredmedia":[{"embeddable":true,"href":"https:\/\/seifen-oper.ch\/index.php?rest_route=\/wp\/v2\/media\/3047"}],"wp:attachment":[{"href":"https:\/\/seifen-oper.ch\/index.php?rest_route=%2Fwp%2Fv2%2Fmedia&parent=3043"}],"wp:term":[{"taxonomy":"product_brand","embeddable":true,"href":"https:\/\/seifen-oper.ch\/index.php?rest_route=%2Fwp%2Fv2%2Fproduct_brand&post=3043"},{"taxonomy":"product_cat","embeddable":true,"href":"https:\/\/seifen-oper.ch\/index.php?rest_route=%2Fwp%2Fv2%2Fproduct_cat&post=3043"},{"taxonomy":"product_tag","embeddable":true,"href":"https:\/\/seifen-oper.ch\/index.php?rest_route=%2Fwp%2Fv2%2Fproduct_tag&post=3043"}],"curies":[{"name":"wp","href":"https:\/\/api.w.org\/{rel}","templated":true}]}}