{"id":145,"date":"2019-06-17T11:36:51","date_gmt":"2019-06-17T11:36:51","guid":{"rendered":"https:\/\/seifen-oper.ch\/?product=madchen-fur-alles-30ml"},"modified":"2020-11-28T00:10:05","modified_gmt":"2020-11-27T23:10:05","slug":"madchen-fur-alles-30ml","status":"publish","type":"product","link":"https:\/\/seifen-oper.ch\/?product=madchen-fur-alles-30ml","title":{"rendered":"&#171;M\u00e4dchen f\u00fcr ALLES&#187; 30ml"},"content":{"rendered":"<p style=\"text-align: center;\"><span style=\"color: #888888;\">Unsere &#171;M\u00e4dchen f\u00fcr ALLES&#187;- Gesichtscreme ist eine wahre Wunderwaffe, die herrlich nach frischen Orangen duftet. Sie ist gut f\u00fcr trockene Haut, unreine Haut und verbessert das Hautbild im allgemeinen nach nur wenigen Tagen regelm\u00e4ssiger Anwendung. Schon nach der 1. Anwendung wird sich Ihre Haut zarter anf\u00fchlen. Es kann sein, dass sie beim ersten auftragen leicht brennt, da sie aus einem Aufguss aus Ringelblumen und totem Meersalz als Basis besteht. Das Salz wirkt kleinen, offenen Hautstellen (wie sie bei Pickeln entstehen) entgegen und das kann bei der ersten Anwendung zu einem leichten brennen auf er Haut f\u00fchren. Gerade bei trockener Haut verbessert die Creme die Spannkraft und Elastizit\u00e4t- auch durch die Extraportion Avocado\u00f6l, welches reich an Vitamin A und E ist, und schnell in die Haut einzieht. Durch die integrierten Salze erh\u00f6ht das &#171;M\u00e4dchen f\u00fcr ALLES&#187; den Feuchtigkeitshaushalt sowie die Widerstandskraft der Haut und verhindert Austrocknen und F\u00e4ltchenbildung. Wir geben etwas Aloe Vera Gel und Jojoba\u00f6l bei, welche gegen die Hautalterung wirken. Aber das wahre Wundermittel in der Creme ist die Ringelblume* bzw. den Tee, den wir aus den handgepfl\u00fcckten, getrockneten Bl\u00fcten kochen. Das wussten schon unsere Grossm\u00fctter, welche die Ringelbl\u00fcemli im Schweineschmalz einlegten und damit eine &#171;Creme f\u00fcr Alles&#187; herstellten. Da unsere Produkte vegan sind, verzichten wir jedoch heute gerne auf den Schweineschmalz \ud83d\ude09<\/span><\/p>\n<p style=\"text-align: center;\"><span style=\"color: #888888;\">Inhaltsstoffe: INCI: Aqua-Auszug aus:\u00a0Maris Sal (Meersalz),\u00a0Calendula officinalis (Ringelbl\u00fcemli), Alcohol,\u00a0Methylparaben,\u00a0Propylparaben, Aqua purificata,\u00a0Cetyl Alcohol,\u00a0Ceteareth-6,\u00a0Sodium Cetearyl Sulfate,\u00a0Arachis hypogaea,\u00a0Aloe Barbadensis Leaf Juice (Aloe Veragel),\u00a0Persea Gratissima Oil (Avocado\u00f6l),\u00a0Simmondsia Chinensis Seed Oil (Jojoba\u00f6l), Citrus Sinensis (\u00e4th. Orangen\u00f6l)<\/span><\/p>\n<p style=\"text-align: center;\"><span style=\"color: #888888;\">*Der name Calendula leitet sich vom r\u00f6mischen Caledae ab, was soviel wie Monatsanfang bedeutet. Die Blume bekam den Namen deswegen, weil sie an so vielen Monatsanf\u00e4ngen bl\u00fcht bzw, weil sie immer am ersten des Monats zu Bl\u00fchen beginnt. Die Ringelblume schenkt uns ihren Bl\u00fctenreichtum meist \u00fcber den ganzen Sommer bis zum ersten Frost. Ringelblume hei\u00dft sie deshalb, weil ihre Fr\u00fcchte so stark geringelt sind. Urspr\u00fcnglich wurde die Ringelblume zur Sonnenwende gepfl\u00fcckt und war hier den Sonnenbr\u00e4uten geweiht. Sp\u00e4ter wurde sie Maria und Freya unterstellt. Den Beinamen \u201cMarias Gold\u201d bekam die Ringelblume deshalb, weil man dachte, sie kann sich wie der sch\u00fctzende Mantel der Mutter Gottes heilend auf die menschliche Haut legen. Die Ringelblume geh\u00f6rt noch heute zu den wichtigen Marienpflanzen und wird in vielen Marienbildern dargestellt. In der christlichen Mystik galt sie auch als Sinnbild der Erl\u00f6sung nach dem Tod und f\u00fcr ewiges Leben. Die Ringelblume wurde oft in Gr\u00e4ber beigegeben, weil sie dadurch den Toten erl\u00f6st &#8211; daher auch ihr Beiname Totenblume. Die Ringelblume ist eine Orakelblume. Sie diente als Wetterorakel. Wenn sich ihre Bl\u00fctenk\u00f6pfe bis sieben Uhr morgens nicht ge\u00f6ffnet haben, w\u00fcrde es tag\u00fcber zu regnen beginnen. Sie wurde auch als Liebesorakel verwendet, \u00e4hnlich wie die Margerite, bei der die Zungenbl\u00fctenbl\u00e4tter abgezupft wurden und das Spr\u00fcchlein \u201cEr liebt mich, er liebt mich nicht,\u2026\u201d Hinweis auf den Liebesstatus geben sollte.<\/span><\/p>\n<p style=\"text-align: center;\">\n","protected":false},"excerpt":{"rendered":"<p>Gesichtscreme &#171;f\u00fcr Alles&#187;<\/p>\n","protected":false},"featured_media":1759,"template":"","meta":[],"product_brand":[],"product_cat":[35],"product_tag":[],"class_list":{"0":"post-145","1":"product","2":"type-product","3":"status-publish","4":"has-post-thumbnail","6":"product_cat-cremes","8":"first","9":"instock","10":"shipping-taxable","11":"purchasable","12":"product-type-simple"},"yoast_head":"<!-- This site is optimized with the Yoast SEO plugin v25.6 - https:\/\/yoast.com\/wordpress\/plugins\/seo\/ -->\n<title>&quot;M\u00e4dchen f\u00fcr ALLES&quot; 30ml - Seifen Oper GmbH<\/title>\n<meta name=\"robots\" content=\"index, follow, max-snippet:-1, max-image-preview:large, max-video-preview:-1\" \/>\n<link rel=\"canonical\" href=\"https:\/\/seifen-oper.ch\/?product=madchen-fur-alles-30ml\" \/>\n<meta property=\"og:locale\" content=\"de_DE\" \/>\n<meta property=\"og:type\" content=\"article\" \/>\n<meta property=\"og:title\" content=\"&quot;M\u00e4dchen f\u00fcr ALLES&quot; 30ml - Seifen Oper GmbH\" \/>\n<meta property=\"og:description\" content=\"Gesichtscreme &quot;f\u00fcr Alles&quot;\" \/>\n<meta property=\"og:url\" content=\"https:\/\/seifen-oper.ch\/?product=madchen-fur-alles-30ml\" \/>\n<meta property=\"og:site_name\" content=\"Seifen Oper GmbH\" \/>\n<meta property=\"article:publisher\" content=\"https:\/\/www.facebook.com\/SeifenOperGmbH\" \/>\n<meta property=\"article:modified_time\" content=\"2020-11-27T23:10:05+00:00\" \/>\n<meta property=\"og:image\" content=\"https:\/\/seifen-oper.ch\/wp-content\/uploads\/2019\/06\/M\u00e4dchen-f\u00fcr-alles.png\" \/>\n\t<meta property=\"og:image:width\" content=\"1073\" \/>\n\t<meta property=\"og:image:height\" content=\"832\" \/>\n\t<meta property=\"og:image:type\" content=\"image\/png\" \/>\n<meta name=\"twitter:card\" content=\"summary_large_image\" \/>\n<meta name=\"twitter:label1\" content=\"Gesch\u00e4tzte Lesezeit\" \/>\n\t<meta name=\"twitter:data1\" content=\"3 Minuten\" \/>\n<script type=\"application\/ld+json\" class=\"yoast-schema-graph\">{\"@context\":\"https:\/\/schema.org\",\"@graph\":[{\"@type\":\"WebPage\",\"@id\":\"https:\/\/seifen-oper.ch\/?product=madchen-fur-alles-30ml\",\"url\":\"https:\/\/seifen-oper.ch\/?product=madchen-fur-alles-30ml\",\"name\":\"\\\"M\u00e4dchen f\u00fcr ALLES\\\" 30ml - Seifen Oper GmbH\",\"isPartOf\":{\"@id\":\"https:\/\/seifen-oper.ch\/#website\"},\"primaryImageOfPage\":{\"@id\":\"https:\/\/seifen-oper.ch\/?product=madchen-fur-alles-30ml#primaryimage\"},\"image\":{\"@id\":\"https:\/\/seifen-oper.ch\/?product=madchen-fur-alles-30ml#primaryimage\"},\"thumbnailUrl\":\"https:\/\/seifen-oper.ch\/wp-content\/uploads\/2019\/06\/M\u00e4dchen-f\u00fcr-alles.png\",\"datePublished\":\"2019-06-17T11:36:51+00:00\",\"dateModified\":\"2020-11-27T23:10:05+00:00\",\"breadcrumb\":{\"@id\":\"https:\/\/seifen-oper.ch\/?product=madchen-fur-alles-30ml#breadcrumb\"},\"inLanguage\":\"de-CH\",\"potentialAction\":[{\"@type\":\"ReadAction\",\"target\":[\"https:\/\/seifen-oper.ch\/?product=madchen-fur-alles-30ml\"]}]},{\"@type\":\"ImageObject\",\"inLanguage\":\"de-CH\",\"@id\":\"https:\/\/seifen-oper.ch\/?product=madchen-fur-alles-30ml#primaryimage\",\"url\":\"https:\/\/seifen-oper.ch\/wp-content\/uploads\/2019\/06\/M\u00e4dchen-f\u00fcr-alles.png\",\"contentUrl\":\"https:\/\/seifen-oper.ch\/wp-content\/uploads\/2019\/06\/M\u00e4dchen-f\u00fcr-alles.png\",\"width\":1073,\"height\":832},{\"@type\":\"BreadcrumbList\",\"@id\":\"https:\/\/seifen-oper.ch\/?product=madchen-fur-alles-30ml#breadcrumb\",\"itemListElement\":[{\"@type\":\"ListItem\",\"position\":1,\"name\":\"Home\",\"item\":\"https:\/\/seifen-oper.ch\/\"},{\"@type\":\"ListItem\",\"position\":2,\"name\":\"Shop\",\"item\":\"https:\/\/seifen-oper.ch\/?page_id=12\"},{\"@type\":\"ListItem\",\"position\":3,\"name\":\"&#171;M\u00e4dchen f\u00fcr ALLES&#187; 30ml\"}]},{\"@type\":\"WebSite\",\"@id\":\"https:\/\/seifen-oper.ch\/#website\",\"url\":\"https:\/\/seifen-oper.ch\/\",\"name\":\"Seifen Oper GmbH\",\"description\":\"Kosmetik bester Qualit\u00e4t. Handgefertigt.\",\"publisher\":{\"@id\":\"https:\/\/seifen-oper.ch\/#organization\"},\"potentialAction\":[{\"@type\":\"SearchAction\",\"target\":{\"@type\":\"EntryPoint\",\"urlTemplate\":\"https:\/\/seifen-oper.ch\/?s={search_term_string}\"},\"query-input\":{\"@type\":\"PropertyValueSpecification\",\"valueRequired\":true,\"valueName\":\"search_term_string\"}}],\"inLanguage\":\"de-CH\"},{\"@type\":\"Organization\",\"@id\":\"https:\/\/seifen-oper.ch\/#organization\",\"name\":\"Seifen Oper GmbH\",\"url\":\"https:\/\/seifen-oper.ch\/\",\"logo\":{\"@type\":\"ImageObject\",\"inLanguage\":\"de-CH\",\"@id\":\"https:\/\/seifen-oper.ch\/#\/schema\/logo\/image\/\",\"url\":\"https:\/\/seifen-oper.ch\/wp-content\/uploads\/2019\/06\/logo.seifen-oper450.txt.1.png\",\"contentUrl\":\"https:\/\/seifen-oper.ch\/wp-content\/uploads\/2019\/06\/logo.seifen-oper450.txt.1.png\",\"width\":1835,\"height\":1635,\"caption\":\"Seifen Oper GmbH\"},\"image\":{\"@id\":\"https:\/\/seifen-oper.ch\/#\/schema\/logo\/image\/\"},\"sameAs\":[\"https:\/\/www.facebook.com\/SeifenOperGmbH\",\"https:\/\/www.instagram.com\/explore\/locations\/1028758197\/seifen-oper\/\"]}]}<\/script>\n<!-- \/ Yoast SEO plugin. -->","yoast_head_json":{"title":"\"M\u00e4dchen f\u00fcr ALLES\" 30ml - Seifen Oper GmbH","robots":{"index":"index","follow":"follow","max-snippet":"max-snippet:-1","max-image-preview":"max-image-preview:large","max-video-preview":"max-video-preview:-1"},"canonical":"https:\/\/seifen-oper.ch\/?product=madchen-fur-alles-30ml","og_locale":"de_DE","og_type":"article","og_title":"\"M\u00e4dchen f\u00fcr ALLES\" 30ml - Seifen Oper GmbH","og_description":"Gesichtscreme \"f\u00fcr Alles\"","og_url":"https:\/\/seifen-oper.ch\/?product=madchen-fur-alles-30ml","og_site_name":"Seifen Oper GmbH","article_publisher":"https:\/\/www.facebook.com\/SeifenOperGmbH","article_modified_time":"2020-11-27T23:10:05+00:00","og_image":[{"width":1073,"height":832,"url":"https:\/\/seifen-oper.ch\/wp-content\/uploads\/2019\/06\/M\u00e4dchen-f\u00fcr-alles.png","type":"image\/png"}],"twitter_card":"summary_large_image","twitter_misc":{"Gesch\u00e4tzte Lesezeit":"3 Minuten"},"schema":{"@context":"https:\/\/schema.org","@graph":[{"@type":"WebPage","@id":"https:\/\/seifen-oper.ch\/?product=madchen-fur-alles-30ml","url":"https:\/\/seifen-oper.ch\/?product=madchen-fur-alles-30ml","name":"\"M\u00e4dchen f\u00fcr ALLES\" 30ml - Seifen Oper GmbH","isPartOf":{"@id":"https:\/\/seifen-oper.ch\/#website"},"primaryImageOfPage":{"@id":"https:\/\/seifen-oper.ch\/?product=madchen-fur-alles-30ml#primaryimage"},"image":{"@id":"https:\/\/seifen-oper.ch\/?product=madchen-fur-alles-30ml#primaryimage"},"thumbnailUrl":"https:\/\/seifen-oper.ch\/wp-content\/uploads\/2019\/06\/M\u00e4dchen-f\u00fcr-alles.png","datePublished":"2019-06-17T11:36:51+00:00","dateModified":"2020-11-27T23:10:05+00:00","breadcrumb":{"@id":"https:\/\/seifen-oper.ch\/?product=madchen-fur-alles-30ml#breadcrumb"},"inLanguage":"de-CH","potentialAction":[{"@type":"ReadAction","target":["https:\/\/seifen-oper.ch\/?product=madchen-fur-alles-30ml"]}]},{"@type":"ImageObject","inLanguage":"de-CH","@id":"https:\/\/seifen-oper.ch\/?product=madchen-fur-alles-30ml#primaryimage","url":"https:\/\/seifen-oper.ch\/wp-content\/uploads\/2019\/06\/M\u00e4dchen-f\u00fcr-alles.png","contentUrl":"https:\/\/seifen-oper.ch\/wp-content\/uploads\/2019\/06\/M\u00e4dchen-f\u00fcr-alles.png","width":1073,"height":832},{"@type":"BreadcrumbList","@id":"https:\/\/seifen-oper.ch\/?product=madchen-fur-alles-30ml#breadcrumb","itemListElement":[{"@type":"ListItem","position":1,"name":"Home","item":"https:\/\/seifen-oper.ch\/"},{"@type":"ListItem","position":2,"name":"Shop","item":"https:\/\/seifen-oper.ch\/?page_id=12"},{"@type":"ListItem","position":3,"name":"&#171;M\u00e4dchen f\u00fcr ALLES&#187; 30ml"}]},{"@type":"WebSite","@id":"https:\/\/seifen-oper.ch\/#website","url":"https:\/\/seifen-oper.ch\/","name":"Seifen Oper GmbH","description":"Kosmetik bester Qualit\u00e4t. Handgefertigt.","publisher":{"@id":"https:\/\/seifen-oper.ch\/#organization"},"potentialAction":[{"@type":"SearchAction","target":{"@type":"EntryPoint","urlTemplate":"https:\/\/seifen-oper.ch\/?s={search_term_string}"},"query-input":{"@type":"PropertyValueSpecification","valueRequired":true,"valueName":"search_term_string"}}],"inLanguage":"de-CH"},{"@type":"Organization","@id":"https:\/\/seifen-oper.ch\/#organization","name":"Seifen Oper GmbH","url":"https:\/\/seifen-oper.ch\/","logo":{"@type":"ImageObject","inLanguage":"de-CH","@id":"https:\/\/seifen-oper.ch\/#\/schema\/logo\/image\/","url":"https:\/\/seifen-oper.ch\/wp-content\/uploads\/2019\/06\/logo.seifen-oper450.txt.1.png","contentUrl":"https:\/\/seifen-oper.ch\/wp-content\/uploads\/2019\/06\/logo.seifen-oper450.txt.1.png","width":1835,"height":1635,"caption":"Seifen Oper GmbH"},"image":{"@id":"https:\/\/seifen-oper.ch\/#\/schema\/logo\/image\/"},"sameAs":["https:\/\/www.facebook.com\/SeifenOperGmbH","https:\/\/www.instagram.com\/explore\/locations\/1028758197\/seifen-oper\/"]}]}},"_links":{"self":[{"href":"https:\/\/seifen-oper.ch\/index.php?rest_route=\/wp\/v2\/product\/145"}],"collection":[{"href":"https:\/\/seifen-oper.ch\/index.php?rest_route=\/wp\/v2\/product"}],"about":[{"href":"https:\/\/seifen-oper.ch\/index.php?rest_route=\/wp\/v2\/types\/product"}],"wp:featuredmedia":[{"embeddable":true,"href":"https:\/\/seifen-oper.ch\/index.php?rest_route=\/wp\/v2\/media\/1759"}],"wp:attachment":[{"href":"https:\/\/seifen-oper.ch\/index.php?rest_route=%2Fwp%2Fv2%2Fmedia&parent=145"}],"wp:term":[{"taxonomy":"product_brand","embeddable":true,"href":"https:\/\/seifen-oper.ch\/index.php?rest_route=%2Fwp%2Fv2%2Fproduct_brand&post=145"},{"taxonomy":"product_cat","embeddable":true,"href":"https:\/\/seifen-oper.ch\/index.php?rest_route=%2Fwp%2Fv2%2Fproduct_cat&post=145"},{"taxonomy":"product_tag","embeddable":true,"href":"https:\/\/seifen-oper.ch\/index.php?rest_route=%2Fwp%2Fv2%2Fproduct_tag&post=145"}],"curies":[{"name":"wp","href":"https:\/\/api.w.org\/{rel}","templated":true}]}}