{"id":1229,"date":"2019-06-17T11:39:13","date_gmt":"2019-06-17T11:39:13","guid":{"rendered":"https:\/\/seifen-oper.ch\/?product=putzmunter-kopfweh-roll-on"},"modified":"2024-10-28T22:35:46","modified_gmt":"2024-10-28T21:35:46","slug":"putzmunter-kopfweh-roll-on","status":"publish","type":"product","link":"https:\/\/seifen-oper.ch\/?product=putzmunter-kopfweh-roll-on","title":{"rendered":"&#171;Putzmunter&#187; Kopfweh Roll On"},"content":{"rendered":"<p class=\"p1\" style=\"text-align: center;\"><span style=\"color: #888888;\">Dieser belebende Roll On kann helfen, Sie von Kopfschmerzen zu befreien. Lavendel, Minze, Eukalyptus und Rosmarin entspannen und wirken Schmerzen entgegen. <\/span><\/p>\n<p class=\"p1\" style=\"text-align: center;\"><span style=\"color: #888888;\">Anwendung: Auf Schl\u00e4fen auftragen und sanft massieren. Auch Kopfhaut und Nacken k\u00f6nnen massiert werden. Danach am besten f\u00fcr 30-45 min in einen dunklen, ruhigen Raum legen bis der Schmerz nachl\u00e4sst. <\/span><\/p>\n<p class=\"p1\" style=\"text-align: center;\"><span style=\"color: #888888;\">Tipp: Ein paar Tropfen aufs Kopfkissen geben \u00fcber Nacht.<\/span><\/p>\n<p class=\"p2\" style=\"text-align: center;\"><span style=\"color: #888888;\"><span class=\"s1\">INCI (Inhaltsstoffe):\u00a0<\/span>Glycine soja (Soja\u00f6l),\u00a0Brassica campestris seed oil (Raps\u00f6l),\u00a0Eucalyptus Globulus Leaf Oil (\u00e4th. Eukalyptus\u00f6l),\u00a0Mentha Arvensis Leaf Oil (\u00e4th. Minz\u00f6l),\u00a0Rosmarinus Officinales Oil (\u00e4th. Rosmarin\u00f6l),\u00a0Lavandula angustifolia Oil (\u00e4th. Lavendel\u00f6l)<\/span><\/p>\n<p class=\"p2\" style=\"text-align: center;\"><span style=\"color: #888888;\">10ml \/ Sfr. 20.-<\/span><\/p>\n","protected":false},"excerpt":{"rendered":"<p>Roll On gegen Kopfschmerzen<\/p>\n","protected":false},"featured_media":1532,"template":"","meta":[],"product_brand":[],"product_cat":[29,35],"product_tag":[],"class_list":{"0":"post-1229","1":"product","2":"type-product","3":"status-publish","4":"has-post-thumbnail","6":"product_cat-hautpflegeole","7":"product_cat-cremes","9":"first","10":"instock","11":"shipping-taxable","12":"purchasable","13":"product-type-simple"},"yoast_head":"<!-- This site is optimized with the Yoast SEO plugin v25.6 - https:\/\/yoast.com\/wordpress\/plugins\/seo\/ -->\n<title>&quot;Putzmunter&quot; Kopfweh Roll On - Seifen Oper GmbH<\/title>\n<meta name=\"robots\" content=\"index, follow, max-snippet:-1, max-image-preview:large, max-video-preview:-1\" \/>\n<link rel=\"canonical\" href=\"https:\/\/seifen-oper.ch\/?product=putzmunter-kopfweh-roll-on\" \/>\n<meta property=\"og:locale\" content=\"de_DE\" \/>\n<meta property=\"og:type\" content=\"article\" \/>\n<meta property=\"og:title\" content=\"&quot;Putzmunter&quot; Kopfweh Roll On - Seifen Oper GmbH\" \/>\n<meta property=\"og:description\" content=\"Roll On gegen Kopfschmerzen\" \/>\n<meta property=\"og:url\" content=\"https:\/\/seifen-oper.ch\/?product=putzmunter-kopfweh-roll-on\" \/>\n<meta property=\"og:site_name\" content=\"Seifen Oper GmbH\" \/>\n<meta property=\"article:publisher\" content=\"https:\/\/www.facebook.com\/SeifenOperGmbH\" \/>\n<meta property=\"article:modified_time\" content=\"2024-10-28T21:35:46+00:00\" \/>\n<meta property=\"og:image\" content=\"https:\/\/seifen-oper.ch\/wp-content\/uploads\/2019\/06\/Putzmunter-Foto-e1566248430594.png\" \/>\n\t<meta property=\"og:image:width\" content=\"500\" \/>\n\t<meta property=\"og:image:height\" content=\"710\" \/>\n\t<meta property=\"og:image:type\" content=\"image\/png\" \/>\n<meta name=\"twitter:card\" content=\"summary_large_image\" \/>\n<meta name=\"twitter:label1\" content=\"Gesch\u00e4tzte Lesezeit\" \/>\n\t<meta name=\"twitter:data1\" content=\"1 Minute\" \/>\n<script type=\"application\/ld+json\" class=\"yoast-schema-graph\">{\"@context\":\"https:\/\/schema.org\",\"@graph\":[{\"@type\":\"WebPage\",\"@id\":\"https:\/\/seifen-oper.ch\/?product=putzmunter-kopfweh-roll-on\",\"url\":\"https:\/\/seifen-oper.ch\/?product=putzmunter-kopfweh-roll-on\",\"name\":\"\\\"Putzmunter\\\" Kopfweh Roll On - Seifen Oper GmbH\",\"isPartOf\":{\"@id\":\"https:\/\/seifen-oper.ch\/#website\"},\"primaryImageOfPage\":{\"@id\":\"https:\/\/seifen-oper.ch\/?product=putzmunter-kopfweh-roll-on#primaryimage\"},\"image\":{\"@id\":\"https:\/\/seifen-oper.ch\/?product=putzmunter-kopfweh-roll-on#primaryimage\"},\"thumbnailUrl\":\"https:\/\/seifen-oper.ch\/wp-content\/uploads\/2019\/06\/Putzmunter-Foto-e1566248430594.png\",\"datePublished\":\"2019-06-17T11:39:13+00:00\",\"dateModified\":\"2024-10-28T21:35:46+00:00\",\"breadcrumb\":{\"@id\":\"https:\/\/seifen-oper.ch\/?product=putzmunter-kopfweh-roll-on#breadcrumb\"},\"inLanguage\":\"de-CH\",\"potentialAction\":[{\"@type\":\"ReadAction\",\"target\":[\"https:\/\/seifen-oper.ch\/?product=putzmunter-kopfweh-roll-on\"]}]},{\"@type\":\"ImageObject\",\"inLanguage\":\"de-CH\",\"@id\":\"https:\/\/seifen-oper.ch\/?product=putzmunter-kopfweh-roll-on#primaryimage\",\"url\":\"https:\/\/seifen-oper.ch\/wp-content\/uploads\/2019\/06\/Putzmunter-Foto-e1566248430594.png\",\"contentUrl\":\"https:\/\/seifen-oper.ch\/wp-content\/uploads\/2019\/06\/Putzmunter-Foto-e1566248430594.png\",\"width\":500,\"height\":710},{\"@type\":\"BreadcrumbList\",\"@id\":\"https:\/\/seifen-oper.ch\/?product=putzmunter-kopfweh-roll-on#breadcrumb\",\"itemListElement\":[{\"@type\":\"ListItem\",\"position\":1,\"name\":\"Home\",\"item\":\"https:\/\/seifen-oper.ch\/\"},{\"@type\":\"ListItem\",\"position\":2,\"name\":\"Shop\",\"item\":\"https:\/\/seifen-oper.ch\/?page_id=12\"},{\"@type\":\"ListItem\",\"position\":3,\"name\":\"&#171;Putzmunter&#187; Kopfweh Roll On\"}]},{\"@type\":\"WebSite\",\"@id\":\"https:\/\/seifen-oper.ch\/#website\",\"url\":\"https:\/\/seifen-oper.ch\/\",\"name\":\"Seifen Oper GmbH\",\"description\":\"Kosmetik bester Qualit\u00e4t. Handgefertigt.\",\"publisher\":{\"@id\":\"https:\/\/seifen-oper.ch\/#organization\"},\"potentialAction\":[{\"@type\":\"SearchAction\",\"target\":{\"@type\":\"EntryPoint\",\"urlTemplate\":\"https:\/\/seifen-oper.ch\/?s={search_term_string}\"},\"query-input\":{\"@type\":\"PropertyValueSpecification\",\"valueRequired\":true,\"valueName\":\"search_term_string\"}}],\"inLanguage\":\"de-CH\"},{\"@type\":\"Organization\",\"@id\":\"https:\/\/seifen-oper.ch\/#organization\",\"name\":\"Seifen Oper GmbH\",\"url\":\"https:\/\/seifen-oper.ch\/\",\"logo\":{\"@type\":\"ImageObject\",\"inLanguage\":\"de-CH\",\"@id\":\"https:\/\/seifen-oper.ch\/#\/schema\/logo\/image\/\",\"url\":\"https:\/\/seifen-oper.ch\/wp-content\/uploads\/2019\/06\/logo.seifen-oper450.txt.1.png\",\"contentUrl\":\"https:\/\/seifen-oper.ch\/wp-content\/uploads\/2019\/06\/logo.seifen-oper450.txt.1.png\",\"width\":1835,\"height\":1635,\"caption\":\"Seifen Oper GmbH\"},\"image\":{\"@id\":\"https:\/\/seifen-oper.ch\/#\/schema\/logo\/image\/\"},\"sameAs\":[\"https:\/\/www.facebook.com\/SeifenOperGmbH\",\"https:\/\/www.instagram.com\/explore\/locations\/1028758197\/seifen-oper\/\"]}]}<\/script>\n<!-- \/ Yoast SEO plugin. -->","yoast_head_json":{"title":"\"Putzmunter\" Kopfweh Roll On - Seifen Oper GmbH","robots":{"index":"index","follow":"follow","max-snippet":"max-snippet:-1","max-image-preview":"max-image-preview:large","max-video-preview":"max-video-preview:-1"},"canonical":"https:\/\/seifen-oper.ch\/?product=putzmunter-kopfweh-roll-on","og_locale":"de_DE","og_type":"article","og_title":"\"Putzmunter\" Kopfweh Roll On - Seifen Oper GmbH","og_description":"Roll On gegen Kopfschmerzen","og_url":"https:\/\/seifen-oper.ch\/?product=putzmunter-kopfweh-roll-on","og_site_name":"Seifen Oper GmbH","article_publisher":"https:\/\/www.facebook.com\/SeifenOperGmbH","article_modified_time":"2024-10-28T21:35:46+00:00","og_image":[{"width":500,"height":710,"url":"https:\/\/seifen-oper.ch\/wp-content\/uploads\/2019\/06\/Putzmunter-Foto-e1566248430594.png","type":"image\/png"}],"twitter_card":"summary_large_image","twitter_misc":{"Gesch\u00e4tzte Lesezeit":"1 Minute"},"schema":{"@context":"https:\/\/schema.org","@graph":[{"@type":"WebPage","@id":"https:\/\/seifen-oper.ch\/?product=putzmunter-kopfweh-roll-on","url":"https:\/\/seifen-oper.ch\/?product=putzmunter-kopfweh-roll-on","name":"\"Putzmunter\" Kopfweh Roll On - Seifen Oper GmbH","isPartOf":{"@id":"https:\/\/seifen-oper.ch\/#website"},"primaryImageOfPage":{"@id":"https:\/\/seifen-oper.ch\/?product=putzmunter-kopfweh-roll-on#primaryimage"},"image":{"@id":"https:\/\/seifen-oper.ch\/?product=putzmunter-kopfweh-roll-on#primaryimage"},"thumbnailUrl":"https:\/\/seifen-oper.ch\/wp-content\/uploads\/2019\/06\/Putzmunter-Foto-e1566248430594.png","datePublished":"2019-06-17T11:39:13+00:00","dateModified":"2024-10-28T21:35:46+00:00","breadcrumb":{"@id":"https:\/\/seifen-oper.ch\/?product=putzmunter-kopfweh-roll-on#breadcrumb"},"inLanguage":"de-CH","potentialAction":[{"@type":"ReadAction","target":["https:\/\/seifen-oper.ch\/?product=putzmunter-kopfweh-roll-on"]}]},{"@type":"ImageObject","inLanguage":"de-CH","@id":"https:\/\/seifen-oper.ch\/?product=putzmunter-kopfweh-roll-on#primaryimage","url":"https:\/\/seifen-oper.ch\/wp-content\/uploads\/2019\/06\/Putzmunter-Foto-e1566248430594.png","contentUrl":"https:\/\/seifen-oper.ch\/wp-content\/uploads\/2019\/06\/Putzmunter-Foto-e1566248430594.png","width":500,"height":710},{"@type":"BreadcrumbList","@id":"https:\/\/seifen-oper.ch\/?product=putzmunter-kopfweh-roll-on#breadcrumb","itemListElement":[{"@type":"ListItem","position":1,"name":"Home","item":"https:\/\/seifen-oper.ch\/"},{"@type":"ListItem","position":2,"name":"Shop","item":"https:\/\/seifen-oper.ch\/?page_id=12"},{"@type":"ListItem","position":3,"name":"&#171;Putzmunter&#187; Kopfweh Roll On"}]},{"@type":"WebSite","@id":"https:\/\/seifen-oper.ch\/#website","url":"https:\/\/seifen-oper.ch\/","name":"Seifen Oper GmbH","description":"Kosmetik bester Qualit\u00e4t. Handgefertigt.","publisher":{"@id":"https:\/\/seifen-oper.ch\/#organization"},"potentialAction":[{"@type":"SearchAction","target":{"@type":"EntryPoint","urlTemplate":"https:\/\/seifen-oper.ch\/?s={search_term_string}"},"query-input":{"@type":"PropertyValueSpecification","valueRequired":true,"valueName":"search_term_string"}}],"inLanguage":"de-CH"},{"@type":"Organization","@id":"https:\/\/seifen-oper.ch\/#organization","name":"Seifen Oper GmbH","url":"https:\/\/seifen-oper.ch\/","logo":{"@type":"ImageObject","inLanguage":"de-CH","@id":"https:\/\/seifen-oper.ch\/#\/schema\/logo\/image\/","url":"https:\/\/seifen-oper.ch\/wp-content\/uploads\/2019\/06\/logo.seifen-oper450.txt.1.png","contentUrl":"https:\/\/seifen-oper.ch\/wp-content\/uploads\/2019\/06\/logo.seifen-oper450.txt.1.png","width":1835,"height":1635,"caption":"Seifen Oper GmbH"},"image":{"@id":"https:\/\/seifen-oper.ch\/#\/schema\/logo\/image\/"},"sameAs":["https:\/\/www.facebook.com\/SeifenOperGmbH","https:\/\/www.instagram.com\/explore\/locations\/1028758197\/seifen-oper\/"]}]}},"_links":{"self":[{"href":"https:\/\/seifen-oper.ch\/index.php?rest_route=\/wp\/v2\/product\/1229"}],"collection":[{"href":"https:\/\/seifen-oper.ch\/index.php?rest_route=\/wp\/v2\/product"}],"about":[{"href":"https:\/\/seifen-oper.ch\/index.php?rest_route=\/wp\/v2\/types\/product"}],"wp:featuredmedia":[{"embeddable":true,"href":"https:\/\/seifen-oper.ch\/index.php?rest_route=\/wp\/v2\/media\/1532"}],"wp:attachment":[{"href":"https:\/\/seifen-oper.ch\/index.php?rest_route=%2Fwp%2Fv2%2Fmedia&parent=1229"}],"wp:term":[{"taxonomy":"product_brand","embeddable":true,"href":"https:\/\/seifen-oper.ch\/index.php?rest_route=%2Fwp%2Fv2%2Fproduct_brand&post=1229"},{"taxonomy":"product_cat","embeddable":true,"href":"https:\/\/seifen-oper.ch\/index.php?rest_route=%2Fwp%2Fv2%2Fproduct_cat&post=1229"},{"taxonomy":"product_tag","embeddable":true,"href":"https:\/\/seifen-oper.ch\/index.php?rest_route=%2Fwp%2Fv2%2Fproduct_tag&post=1229"}],"curies":[{"name":"wp","href":"https:\/\/api.w.org\/{rel}","templated":true}]}}