{"id":1117,"date":"2019-06-17T11:38:56","date_gmt":"2019-06-17T11:38:56","guid":{"rendered":"https:\/\/seifen-oper.ch\/?product=entspannung-pur-massageol"},"modified":"2019-10-03T15:40:38","modified_gmt":"2019-10-03T15:40:38","slug":"entspannung-pur-massageol","status":"publish","type":"product","link":"https:\/\/seifen-oper.ch\/?product=entspannung-pur-massageol","title":{"rendered":"&#171;Entspannung pur&#187; &#8211; Massage\u00f6l"},"content":{"rendered":"<div style=\"text-align: center;\">Dieses unwiderstehliche Hautpflege- und Massage\u00f6l entspannt Sie durch und durch \ud83d\ude09 Ausserdem kann es bei Kopfschmerzen Linderung verschaffen. Beste \u00e4therische \u00d6le sorgen f\u00fcr die richtige Wirkung.\u00a0Lavendel wirkt entspannend, krampfl\u00f6send, ausgleichend und schmerzlindernd. Es f\u00f6rdert die Regeneration und hilft bei Muskelzerrungen. Ausserdem wirkt es zellerneuernd und baut Spannungen ab.Minze regt den Kreislauf an, stimuliert und entkrampft. Es wirkt gegen Muskelkater und Schmerzen im Nacken- und Kopfbereich. Ausserdem ist es stark krampfl\u00f6send und kann Schmerzen stillen.\u00a0Zitrone f\u00f6rdert den Stoffwechsel, vitalisiert und regt an. Es wirkt ebenfalls krampfl\u00f6send.\u00a0Rosmarin regt die Durchblutung stark an, l\u00f6st Kr\u00e4mpfe und st\u00e4rkt und belebt den gesamten Organismus. Es wirkt gegen Muskelkater und Schmerzen.\u00a0Eukalyptus regt an, belebt, l\u00f6st Kr\u00e4mpfe und wirkt gegen Muskelschmerzen.Eine herrliche Komposition an \u00e4therischen \u00d6len, die nicht nur wunderbar duftet, sondern aktiv die Entspannung der Muskulatur unterst\u00fctzt.<\/div>\n<p style=\"text-align: center;\"><span style=\"font-family: arial, helvetica, sans-serif; font-size: small;\">INCI (Inhaltsstoffe):\u00a0Glycerine soja (Soja\u00f6l),\u00a0Brassica campestris seed oil (Raps\u00f6l),\u00a0Simmondsia Chinensis Seed Oil (Jojoba\u00f6l),\u00a0Mentha Arvensis Leaf Oil (\u00e4th. Minz\u00f6l),\u00a0Eucalyptus Globulus Leaf Oil (\u00e4th. Eukalyptus\u00f6l),\u00a0Rosmarinus Officinales Oil (\u00e4th. Rosmarin\u00f6l),\u00a0Lavandula angustifolia Oil (\u00e4th. Lavendel\u00f6l),\u00a0Citrus Limon (\u00e4th. Zitronen\u00f6l)<\/span><\/p>\n<p style=\"text-align: center;\"><span style=\"font-size: small; font-family: arial, helvetica, sans-serif;\">\u00a0100ml \/ Sfr. 20.-\u00a0<\/span><\/p>\n","protected":false},"excerpt":{"rendered":"<p>Hautpflege\u00f6l zur Entspannung der Muskulatur<\/p>\n","protected":false},"featured_media":1649,"template":"","meta":[],"product_brand":[],"product_cat":[29,44],"product_tag":[],"class_list":{"0":"post-1117","1":"product","2":"type-product","3":"status-publish","4":"has-post-thumbnail","6":"product_cat-hautpflegeole","7":"product_cat-winter","9":"first","10":"instock","11":"shipping-taxable","12":"purchasable","13":"product-type-simple"},"yoast_head":"<!-- This site is optimized with the Yoast SEO plugin v25.6 - https:\/\/yoast.com\/wordpress\/plugins\/seo\/ -->\n<title>&quot;Entspannung pur&quot; - Massage\u00f6l - Seifen Oper GmbH<\/title>\n<meta name=\"robots\" content=\"index, follow, max-snippet:-1, max-image-preview:large, max-video-preview:-1\" \/>\n<link rel=\"canonical\" href=\"https:\/\/seifen-oper.ch\/?product=entspannung-pur-massageol\" \/>\n<meta property=\"og:locale\" content=\"de_DE\" \/>\n<meta property=\"og:type\" content=\"article\" \/>\n<meta property=\"og:title\" content=\"&quot;Entspannung pur&quot; - Massage\u00f6l - Seifen Oper GmbH\" \/>\n<meta property=\"og:description\" content=\"Hautpflege\u00f6l zur Entspannung der Muskulatur\" \/>\n<meta property=\"og:url\" content=\"https:\/\/seifen-oper.ch\/?product=entspannung-pur-massageol\" \/>\n<meta property=\"og:site_name\" content=\"Seifen Oper GmbH\" \/>\n<meta property=\"article:publisher\" content=\"https:\/\/www.facebook.com\/SeifenOperGmbH\" \/>\n<meta property=\"article:modified_time\" content=\"2019-10-03T15:40:38+00:00\" \/>\n<meta property=\"og:image\" content=\"https:\/\/seifen-oper.ch\/wp-content\/uploads\/2019\/06\/Entspannung-pur.png\" \/>\n\t<meta property=\"og:image:width\" content=\"828\" \/>\n\t<meta property=\"og:image:height\" content=\"1157\" \/>\n\t<meta property=\"og:image:type\" content=\"image\/png\" \/>\n<meta name=\"twitter:card\" content=\"summary_large_image\" \/>\n<meta name=\"twitter:label1\" content=\"Gesch\u00e4tzte Lesezeit\" \/>\n\t<meta name=\"twitter:data1\" content=\"1 Minute\" \/>\n<script type=\"application\/ld+json\" class=\"yoast-schema-graph\">{\"@context\":\"https:\/\/schema.org\",\"@graph\":[{\"@type\":\"WebPage\",\"@id\":\"https:\/\/seifen-oper.ch\/?product=entspannung-pur-massageol\",\"url\":\"https:\/\/seifen-oper.ch\/?product=entspannung-pur-massageol\",\"name\":\"\\\"Entspannung pur\\\" - Massage\u00f6l - Seifen Oper GmbH\",\"isPartOf\":{\"@id\":\"https:\/\/seifen-oper.ch\/#website\"},\"primaryImageOfPage\":{\"@id\":\"https:\/\/seifen-oper.ch\/?product=entspannung-pur-massageol#primaryimage\"},\"image\":{\"@id\":\"https:\/\/seifen-oper.ch\/?product=entspannung-pur-massageol#primaryimage\"},\"thumbnailUrl\":\"https:\/\/seifen-oper.ch\/wp-content\/uploads\/2019\/06\/Entspannung-pur.png\",\"datePublished\":\"2019-06-17T11:38:56+00:00\",\"dateModified\":\"2019-10-03T15:40:38+00:00\",\"breadcrumb\":{\"@id\":\"https:\/\/seifen-oper.ch\/?product=entspannung-pur-massageol#breadcrumb\"},\"inLanguage\":\"de-CH\",\"potentialAction\":[{\"@type\":\"ReadAction\",\"target\":[\"https:\/\/seifen-oper.ch\/?product=entspannung-pur-massageol\"]}]},{\"@type\":\"ImageObject\",\"inLanguage\":\"de-CH\",\"@id\":\"https:\/\/seifen-oper.ch\/?product=entspannung-pur-massageol#primaryimage\",\"url\":\"https:\/\/seifen-oper.ch\/wp-content\/uploads\/2019\/06\/Entspannung-pur.png\",\"contentUrl\":\"https:\/\/seifen-oper.ch\/wp-content\/uploads\/2019\/06\/Entspannung-pur.png\",\"width\":828,\"height\":1157},{\"@type\":\"BreadcrumbList\",\"@id\":\"https:\/\/seifen-oper.ch\/?product=entspannung-pur-massageol#breadcrumb\",\"itemListElement\":[{\"@type\":\"ListItem\",\"position\":1,\"name\":\"Home\",\"item\":\"https:\/\/seifen-oper.ch\/\"},{\"@type\":\"ListItem\",\"position\":2,\"name\":\"Shop\",\"item\":\"https:\/\/seifen-oper.ch\/?page_id=12\"},{\"@type\":\"ListItem\",\"position\":3,\"name\":\"&#171;Entspannung pur&#187; &#8211; Massage\u00f6l\"}]},{\"@type\":\"WebSite\",\"@id\":\"https:\/\/seifen-oper.ch\/#website\",\"url\":\"https:\/\/seifen-oper.ch\/\",\"name\":\"Seifen Oper GmbH\",\"description\":\"Kosmetik bester Qualit\u00e4t. Handgefertigt.\",\"publisher\":{\"@id\":\"https:\/\/seifen-oper.ch\/#organization\"},\"potentialAction\":[{\"@type\":\"SearchAction\",\"target\":{\"@type\":\"EntryPoint\",\"urlTemplate\":\"https:\/\/seifen-oper.ch\/?s={search_term_string}\"},\"query-input\":{\"@type\":\"PropertyValueSpecification\",\"valueRequired\":true,\"valueName\":\"search_term_string\"}}],\"inLanguage\":\"de-CH\"},{\"@type\":\"Organization\",\"@id\":\"https:\/\/seifen-oper.ch\/#organization\",\"name\":\"Seifen Oper GmbH\",\"url\":\"https:\/\/seifen-oper.ch\/\",\"logo\":{\"@type\":\"ImageObject\",\"inLanguage\":\"de-CH\",\"@id\":\"https:\/\/seifen-oper.ch\/#\/schema\/logo\/image\/\",\"url\":\"https:\/\/seifen-oper.ch\/wp-content\/uploads\/2019\/06\/logo.seifen-oper450.txt.1.png\",\"contentUrl\":\"https:\/\/seifen-oper.ch\/wp-content\/uploads\/2019\/06\/logo.seifen-oper450.txt.1.png\",\"width\":1835,\"height\":1635,\"caption\":\"Seifen Oper GmbH\"},\"image\":{\"@id\":\"https:\/\/seifen-oper.ch\/#\/schema\/logo\/image\/\"},\"sameAs\":[\"https:\/\/www.facebook.com\/SeifenOperGmbH\",\"https:\/\/www.instagram.com\/explore\/locations\/1028758197\/seifen-oper\/\"]}]}<\/script>\n<!-- \/ Yoast SEO plugin. -->","yoast_head_json":{"title":"\"Entspannung pur\" - Massage\u00f6l - Seifen Oper GmbH","robots":{"index":"index","follow":"follow","max-snippet":"max-snippet:-1","max-image-preview":"max-image-preview:large","max-video-preview":"max-video-preview:-1"},"canonical":"https:\/\/seifen-oper.ch\/?product=entspannung-pur-massageol","og_locale":"de_DE","og_type":"article","og_title":"\"Entspannung pur\" - Massage\u00f6l - Seifen Oper GmbH","og_description":"Hautpflege\u00f6l zur Entspannung der Muskulatur","og_url":"https:\/\/seifen-oper.ch\/?product=entspannung-pur-massageol","og_site_name":"Seifen Oper GmbH","article_publisher":"https:\/\/www.facebook.com\/SeifenOperGmbH","article_modified_time":"2019-10-03T15:40:38+00:00","og_image":[{"width":828,"height":1157,"url":"https:\/\/seifen-oper.ch\/wp-content\/uploads\/2019\/06\/Entspannung-pur.png","type":"image\/png"}],"twitter_card":"summary_large_image","twitter_misc":{"Gesch\u00e4tzte Lesezeit":"1 Minute"},"schema":{"@context":"https:\/\/schema.org","@graph":[{"@type":"WebPage","@id":"https:\/\/seifen-oper.ch\/?product=entspannung-pur-massageol","url":"https:\/\/seifen-oper.ch\/?product=entspannung-pur-massageol","name":"\"Entspannung pur\" - Massage\u00f6l - Seifen Oper GmbH","isPartOf":{"@id":"https:\/\/seifen-oper.ch\/#website"},"primaryImageOfPage":{"@id":"https:\/\/seifen-oper.ch\/?product=entspannung-pur-massageol#primaryimage"},"image":{"@id":"https:\/\/seifen-oper.ch\/?product=entspannung-pur-massageol#primaryimage"},"thumbnailUrl":"https:\/\/seifen-oper.ch\/wp-content\/uploads\/2019\/06\/Entspannung-pur.png","datePublished":"2019-06-17T11:38:56+00:00","dateModified":"2019-10-03T15:40:38+00:00","breadcrumb":{"@id":"https:\/\/seifen-oper.ch\/?product=entspannung-pur-massageol#breadcrumb"},"inLanguage":"de-CH","potentialAction":[{"@type":"ReadAction","target":["https:\/\/seifen-oper.ch\/?product=entspannung-pur-massageol"]}]},{"@type":"ImageObject","inLanguage":"de-CH","@id":"https:\/\/seifen-oper.ch\/?product=entspannung-pur-massageol#primaryimage","url":"https:\/\/seifen-oper.ch\/wp-content\/uploads\/2019\/06\/Entspannung-pur.png","contentUrl":"https:\/\/seifen-oper.ch\/wp-content\/uploads\/2019\/06\/Entspannung-pur.png","width":828,"height":1157},{"@type":"BreadcrumbList","@id":"https:\/\/seifen-oper.ch\/?product=entspannung-pur-massageol#breadcrumb","itemListElement":[{"@type":"ListItem","position":1,"name":"Home","item":"https:\/\/seifen-oper.ch\/"},{"@type":"ListItem","position":2,"name":"Shop","item":"https:\/\/seifen-oper.ch\/?page_id=12"},{"@type":"ListItem","position":3,"name":"&#171;Entspannung pur&#187; &#8211; Massage\u00f6l"}]},{"@type":"WebSite","@id":"https:\/\/seifen-oper.ch\/#website","url":"https:\/\/seifen-oper.ch\/","name":"Seifen Oper GmbH","description":"Kosmetik bester Qualit\u00e4t. Handgefertigt.","publisher":{"@id":"https:\/\/seifen-oper.ch\/#organization"},"potentialAction":[{"@type":"SearchAction","target":{"@type":"EntryPoint","urlTemplate":"https:\/\/seifen-oper.ch\/?s={search_term_string}"},"query-input":{"@type":"PropertyValueSpecification","valueRequired":true,"valueName":"search_term_string"}}],"inLanguage":"de-CH"},{"@type":"Organization","@id":"https:\/\/seifen-oper.ch\/#organization","name":"Seifen Oper GmbH","url":"https:\/\/seifen-oper.ch\/","logo":{"@type":"ImageObject","inLanguage":"de-CH","@id":"https:\/\/seifen-oper.ch\/#\/schema\/logo\/image\/","url":"https:\/\/seifen-oper.ch\/wp-content\/uploads\/2019\/06\/logo.seifen-oper450.txt.1.png","contentUrl":"https:\/\/seifen-oper.ch\/wp-content\/uploads\/2019\/06\/logo.seifen-oper450.txt.1.png","width":1835,"height":1635,"caption":"Seifen Oper GmbH"},"image":{"@id":"https:\/\/seifen-oper.ch\/#\/schema\/logo\/image\/"},"sameAs":["https:\/\/www.facebook.com\/SeifenOperGmbH","https:\/\/www.instagram.com\/explore\/locations\/1028758197\/seifen-oper\/"]}]}},"_links":{"self":[{"href":"https:\/\/seifen-oper.ch\/index.php?rest_route=\/wp\/v2\/product\/1117"}],"collection":[{"href":"https:\/\/seifen-oper.ch\/index.php?rest_route=\/wp\/v2\/product"}],"about":[{"href":"https:\/\/seifen-oper.ch\/index.php?rest_route=\/wp\/v2\/types\/product"}],"wp:featuredmedia":[{"embeddable":true,"href":"https:\/\/seifen-oper.ch\/index.php?rest_route=\/wp\/v2\/media\/1649"}],"wp:attachment":[{"href":"https:\/\/seifen-oper.ch\/index.php?rest_route=%2Fwp%2Fv2%2Fmedia&parent=1117"}],"wp:term":[{"taxonomy":"product_brand","embeddable":true,"href":"https:\/\/seifen-oper.ch\/index.php?rest_route=%2Fwp%2Fv2%2Fproduct_brand&post=1117"},{"taxonomy":"product_cat","embeddable":true,"href":"https:\/\/seifen-oper.ch\/index.php?rest_route=%2Fwp%2Fv2%2Fproduct_cat&post=1117"},{"taxonomy":"product_tag","embeddable":true,"href":"https:\/\/seifen-oper.ch\/index.php?rest_route=%2Fwp%2Fv2%2Fproduct_tag&post=1117"}],"curies":[{"name":"wp","href":"https:\/\/api.w.org\/{rel}","templated":true}]}}