{"id":1013,"date":"2019-06-17T11:38:38","date_gmt":"2019-06-17T11:38:38","guid":{"rendered":"https:\/\/seifen-oper.ch\/?product=greta-gesichtscreme-50ml"},"modified":"2021-03-04T00:38:19","modified_gmt":"2021-03-03T23:38:19","slug":"greta-gesichtscreme-50ml","status":"publish","type":"product","link":"https:\/\/seifen-oper.ch\/?product=greta-gesichtscreme-50ml","title":{"rendered":"&#171;Greta-Gesichtscreme&#187; 50ml"},"content":{"rendered":"<div style=\"text-align: center;\">Unsere reichhaltige &#171;Greta&#187; verwandelt Sie in eine Hollywoodsch\u00f6nheit. \u00a0Mit dieser Creme werden Sie\u00a0erstrahlen wie die\u00a0g\u00f6ttliche\u00a0Greta Garbo. &#171;Greta&#187;\u00a0ist vollgepackt mit den besten Inhaltsstoffen, die Ihre Haut in neuem Glanz erstrahlen lassen, sie befeuchten und vitalisieren. Sie verwandelt trockene, strapazierte Haut in gut gen\u00e4hrte, pralle Pfirsichhaut. &#171;Greta&#187; enth\u00e4lt all diese tollen Inhaltsstoffe:<strong>\u00a0Aloe Vera<\/strong>: durchfeuchtet, beruhigt und regeneriert die Haut.\u00a0<strong>Jojoba\u00f6l:<\/strong>\u00a0beugt das austrocknen der Haut vor, macht sie geschmeidig und prall.\u00a0<strong>Avocado\u00f6l<\/strong>: wird von der Haut gut aufgenommen, zieht schnell ein und verbessert aufgrund der enthaltenen Vitamine A und E sowie der unges\u00e4ttigten Fetts\u00e4uren das Hautbild.\u00a0<strong>Granatapfel\u00f6l<\/strong>: regenerierendes \u00d6l, welches vor freien Radikalen sch\u00fctzt.\u00a0<strong>Traubenkern\u00f6l<\/strong>: Hautverwandte r\u00fcckfettende Lipide schaffen ein Gef\u00fchl samtweich gepflegter Haut. Die Haut ist sofort f\u00fchlbar geschmeidiger und vitaler.\u00a0<strong>Soja\u00f6l<\/strong>: ein wunderbares Tr\u00e4ger\u00f6l, welches den anderen \u00d6len hilft, besser in die Haut einzudringen.\u00a0<strong>Aprikosenpulver<\/strong>:macht die Haut zart.\u00a0<strong>Vitamin E<\/strong>: Anti Agening- Vitamin der Spitzenklasse. Versorgt die Haut mit hochwertigen N\u00e4hrstoffen.\u00a0<strong>Hyalurons\u00e4ure<\/strong>: Die Geschmeidigkeit und jugendliche Frische der Haut basiert vor allem auf einer k\u00f6rpereigenen Substanz, der Hyalurons\u00e4ure. Ihre wichtigste Funktion ist es, Wasser aufzunehmen und zu binden. Stafft und mildert F\u00e4ltchen.<\/div>\n<div style=\"text-align: center;\"><\/div>\n<div style=\"text-align: center;\">50 ml \/ Sfr. 79.-<\/div>\n<div style=\"text-align: center;\"><\/div>\n<div style=\"text-align: center;\">INCI\/Inhaltsstoffe:\u00a0Aqua, Glycerin,\u00a0Aloe Barbadensis Gel (Aloe Vera),\u00a0Simmondsia Chinensis Seed Oil\u00a0(Jojoba\u00f6l),\u00a0Persea Gratissima oil\u00a0(Avocado\u00f6l),\u00a0Punica Granatum Seed Oil\u00a0(Granatapfel\u00f6l),\u00a0Glycerine soja (Soja\u00f6l),\u00a0Vitis Vinifera Seed Oil (Traubenkern\u00f6l),\u00a0Alcohol (Ethanol),\u00a0Methylparaben,\u00a0Propylbaraben,\u00a0Aqua purificata,\u00a0Cetyl Alcohol,\u00a0Ceteareth-6,\u00a0Sodium Cetearyl Sulfate,\u00a0Arachis hypogaea Oil (Erdnuss\u00f6l),\u00a0Rosa arvensis (Rosenwasser),\u00a0Prunus Armeniaca Powder (Aprikosenpulver),\u00a0Tocopherol (Vitamin E), Sodium Hyaluronate (Hyalurons\u00e4ure),\u00a0Vanille- &amp; Pfirsichparf\u00fcm\u00f6l<\/div>\n","protected":false},"excerpt":{"rendered":"<p>Luxuri\u00f6se Gesichtscreme f\u00fcr trockene, strapazierte Haut vollgepackt mit den besten, hochwertigen Inhaltsstoffen<\/p>\n","protected":false},"featured_media":1666,"template":"","meta":[],"product_brand":[],"product_cat":[35],"product_tag":[],"class_list":{"0":"post-1013","1":"product","2":"type-product","3":"status-publish","4":"has-post-thumbnail","6":"product_cat-cremes","8":"first","9":"instock","10":"shipping-taxable","11":"purchasable","12":"product-type-simple"},"yoast_head":"<!-- This site is optimized with the Yoast SEO plugin v25.6 - https:\/\/yoast.com\/wordpress\/plugins\/seo\/ -->\n<title>&quot;Greta-Gesichtscreme&quot; 50ml - Seifen Oper GmbH<\/title>\n<meta name=\"robots\" content=\"index, follow, max-snippet:-1, max-image-preview:large, max-video-preview:-1\" \/>\n<link rel=\"canonical\" href=\"https:\/\/seifen-oper.ch\/?product=greta-gesichtscreme-50ml\" \/>\n<meta property=\"og:locale\" content=\"de_DE\" \/>\n<meta property=\"og:type\" content=\"article\" \/>\n<meta property=\"og:title\" content=\"&quot;Greta-Gesichtscreme&quot; 50ml - Seifen Oper GmbH\" \/>\n<meta property=\"og:description\" content=\"Luxuri\u00f6se Gesichtscreme f\u00fcr trockene, strapazierte Haut vollgepackt mit den besten, hochwertigen Inhaltsstoffen\" \/>\n<meta property=\"og:url\" content=\"https:\/\/seifen-oper.ch\/?product=greta-gesichtscreme-50ml\" \/>\n<meta property=\"og:site_name\" content=\"Seifen Oper GmbH\" \/>\n<meta property=\"article:publisher\" content=\"https:\/\/www.facebook.com\/SeifenOperGmbH\" \/>\n<meta property=\"article:modified_time\" content=\"2021-03-03T23:38:19+00:00\" \/>\n<meta property=\"og:image\" content=\"https:\/\/seifen-oper.ch\/wp-content\/uploads\/2019\/06\/Greta-942x1024.png\" \/>\n\t<meta property=\"og:image:width\" content=\"942\" \/>\n\t<meta property=\"og:image:height\" content=\"1024\" \/>\n\t<meta property=\"og:image:type\" content=\"image\/png\" \/>\n<meta name=\"twitter:card\" content=\"summary_large_image\" \/>\n<meta name=\"twitter:label1\" content=\"Gesch\u00e4tzte Lesezeit\" \/>\n\t<meta name=\"twitter:data1\" content=\"1 Minute\" \/>\n<script type=\"application\/ld+json\" class=\"yoast-schema-graph\">{\"@context\":\"https:\/\/schema.org\",\"@graph\":[{\"@type\":\"WebPage\",\"@id\":\"https:\/\/seifen-oper.ch\/?product=greta-gesichtscreme-50ml\",\"url\":\"https:\/\/seifen-oper.ch\/?product=greta-gesichtscreme-50ml\",\"name\":\"\\\"Greta-Gesichtscreme\\\" 50ml - Seifen Oper GmbH\",\"isPartOf\":{\"@id\":\"https:\/\/seifen-oper.ch\/#website\"},\"primaryImageOfPage\":{\"@id\":\"https:\/\/seifen-oper.ch\/?product=greta-gesichtscreme-50ml#primaryimage\"},\"image\":{\"@id\":\"https:\/\/seifen-oper.ch\/?product=greta-gesichtscreme-50ml#primaryimage\"},\"thumbnailUrl\":\"https:\/\/seifen-oper.ch\/wp-content\/uploads\/2019\/06\/Greta.png\",\"datePublished\":\"2019-06-17T11:38:38+00:00\",\"dateModified\":\"2021-03-03T23:38:19+00:00\",\"breadcrumb\":{\"@id\":\"https:\/\/seifen-oper.ch\/?product=greta-gesichtscreme-50ml#breadcrumb\"},\"inLanguage\":\"de-CH\",\"potentialAction\":[{\"@type\":\"ReadAction\",\"target\":[\"https:\/\/seifen-oper.ch\/?product=greta-gesichtscreme-50ml\"]}]},{\"@type\":\"ImageObject\",\"inLanguage\":\"de-CH\",\"@id\":\"https:\/\/seifen-oper.ch\/?product=greta-gesichtscreme-50ml#primaryimage\",\"url\":\"https:\/\/seifen-oper.ch\/wp-content\/uploads\/2019\/06\/Greta.png\",\"contentUrl\":\"https:\/\/seifen-oper.ch\/wp-content\/uploads\/2019\/06\/Greta.png\",\"width\":1336,\"height\":1453},{\"@type\":\"BreadcrumbList\",\"@id\":\"https:\/\/seifen-oper.ch\/?product=greta-gesichtscreme-50ml#breadcrumb\",\"itemListElement\":[{\"@type\":\"ListItem\",\"position\":1,\"name\":\"Home\",\"item\":\"https:\/\/seifen-oper.ch\/\"},{\"@type\":\"ListItem\",\"position\":2,\"name\":\"Shop\",\"item\":\"https:\/\/seifen-oper.ch\/?page_id=12\"},{\"@type\":\"ListItem\",\"position\":3,\"name\":\"&#171;Greta-Gesichtscreme&#187; 50ml\"}]},{\"@type\":\"WebSite\",\"@id\":\"https:\/\/seifen-oper.ch\/#website\",\"url\":\"https:\/\/seifen-oper.ch\/\",\"name\":\"Seifen Oper GmbH\",\"description\":\"Kosmetik bester Qualit\u00e4t. Handgefertigt.\",\"publisher\":{\"@id\":\"https:\/\/seifen-oper.ch\/#organization\"},\"potentialAction\":[{\"@type\":\"SearchAction\",\"target\":{\"@type\":\"EntryPoint\",\"urlTemplate\":\"https:\/\/seifen-oper.ch\/?s={search_term_string}\"},\"query-input\":{\"@type\":\"PropertyValueSpecification\",\"valueRequired\":true,\"valueName\":\"search_term_string\"}}],\"inLanguage\":\"de-CH\"},{\"@type\":\"Organization\",\"@id\":\"https:\/\/seifen-oper.ch\/#organization\",\"name\":\"Seifen Oper GmbH\",\"url\":\"https:\/\/seifen-oper.ch\/\",\"logo\":{\"@type\":\"ImageObject\",\"inLanguage\":\"de-CH\",\"@id\":\"https:\/\/seifen-oper.ch\/#\/schema\/logo\/image\/\",\"url\":\"https:\/\/seifen-oper.ch\/wp-content\/uploads\/2019\/06\/logo.seifen-oper450.txt.1.png\",\"contentUrl\":\"https:\/\/seifen-oper.ch\/wp-content\/uploads\/2019\/06\/logo.seifen-oper450.txt.1.png\",\"width\":1835,\"height\":1635,\"caption\":\"Seifen Oper GmbH\"},\"image\":{\"@id\":\"https:\/\/seifen-oper.ch\/#\/schema\/logo\/image\/\"},\"sameAs\":[\"https:\/\/www.facebook.com\/SeifenOperGmbH\",\"https:\/\/www.instagram.com\/explore\/locations\/1028758197\/seifen-oper\/\"]}]}<\/script>\n<!-- \/ Yoast SEO plugin. -->","yoast_head_json":{"title":"\"Greta-Gesichtscreme\" 50ml - Seifen Oper GmbH","robots":{"index":"index","follow":"follow","max-snippet":"max-snippet:-1","max-image-preview":"max-image-preview:large","max-video-preview":"max-video-preview:-1"},"canonical":"https:\/\/seifen-oper.ch\/?product=greta-gesichtscreme-50ml","og_locale":"de_DE","og_type":"article","og_title":"\"Greta-Gesichtscreme\" 50ml - Seifen Oper GmbH","og_description":"Luxuri\u00f6se Gesichtscreme f\u00fcr trockene, strapazierte Haut vollgepackt mit den besten, hochwertigen Inhaltsstoffen","og_url":"https:\/\/seifen-oper.ch\/?product=greta-gesichtscreme-50ml","og_site_name":"Seifen Oper GmbH","article_publisher":"https:\/\/www.facebook.com\/SeifenOperGmbH","article_modified_time":"2021-03-03T23:38:19+00:00","og_image":[{"width":942,"height":1024,"url":"https:\/\/seifen-oper.ch\/wp-content\/uploads\/2019\/06\/Greta-942x1024.png","type":"image\/png"}],"twitter_card":"summary_large_image","twitter_misc":{"Gesch\u00e4tzte Lesezeit":"1 Minute"},"schema":{"@context":"https:\/\/schema.org","@graph":[{"@type":"WebPage","@id":"https:\/\/seifen-oper.ch\/?product=greta-gesichtscreme-50ml","url":"https:\/\/seifen-oper.ch\/?product=greta-gesichtscreme-50ml","name":"\"Greta-Gesichtscreme\" 50ml - Seifen Oper GmbH","isPartOf":{"@id":"https:\/\/seifen-oper.ch\/#website"},"primaryImageOfPage":{"@id":"https:\/\/seifen-oper.ch\/?product=greta-gesichtscreme-50ml#primaryimage"},"image":{"@id":"https:\/\/seifen-oper.ch\/?product=greta-gesichtscreme-50ml#primaryimage"},"thumbnailUrl":"https:\/\/seifen-oper.ch\/wp-content\/uploads\/2019\/06\/Greta.png","datePublished":"2019-06-17T11:38:38+00:00","dateModified":"2021-03-03T23:38:19+00:00","breadcrumb":{"@id":"https:\/\/seifen-oper.ch\/?product=greta-gesichtscreme-50ml#breadcrumb"},"inLanguage":"de-CH","potentialAction":[{"@type":"ReadAction","target":["https:\/\/seifen-oper.ch\/?product=greta-gesichtscreme-50ml"]}]},{"@type":"ImageObject","inLanguage":"de-CH","@id":"https:\/\/seifen-oper.ch\/?product=greta-gesichtscreme-50ml#primaryimage","url":"https:\/\/seifen-oper.ch\/wp-content\/uploads\/2019\/06\/Greta.png","contentUrl":"https:\/\/seifen-oper.ch\/wp-content\/uploads\/2019\/06\/Greta.png","width":1336,"height":1453},{"@type":"BreadcrumbList","@id":"https:\/\/seifen-oper.ch\/?product=greta-gesichtscreme-50ml#breadcrumb","itemListElement":[{"@type":"ListItem","position":1,"name":"Home","item":"https:\/\/seifen-oper.ch\/"},{"@type":"ListItem","position":2,"name":"Shop","item":"https:\/\/seifen-oper.ch\/?page_id=12"},{"@type":"ListItem","position":3,"name":"&#171;Greta-Gesichtscreme&#187; 50ml"}]},{"@type":"WebSite","@id":"https:\/\/seifen-oper.ch\/#website","url":"https:\/\/seifen-oper.ch\/","name":"Seifen Oper GmbH","description":"Kosmetik bester Qualit\u00e4t. Handgefertigt.","publisher":{"@id":"https:\/\/seifen-oper.ch\/#organization"},"potentialAction":[{"@type":"SearchAction","target":{"@type":"EntryPoint","urlTemplate":"https:\/\/seifen-oper.ch\/?s={search_term_string}"},"query-input":{"@type":"PropertyValueSpecification","valueRequired":true,"valueName":"search_term_string"}}],"inLanguage":"de-CH"},{"@type":"Organization","@id":"https:\/\/seifen-oper.ch\/#organization","name":"Seifen Oper GmbH","url":"https:\/\/seifen-oper.ch\/","logo":{"@type":"ImageObject","inLanguage":"de-CH","@id":"https:\/\/seifen-oper.ch\/#\/schema\/logo\/image\/","url":"https:\/\/seifen-oper.ch\/wp-content\/uploads\/2019\/06\/logo.seifen-oper450.txt.1.png","contentUrl":"https:\/\/seifen-oper.ch\/wp-content\/uploads\/2019\/06\/logo.seifen-oper450.txt.1.png","width":1835,"height":1635,"caption":"Seifen Oper GmbH"},"image":{"@id":"https:\/\/seifen-oper.ch\/#\/schema\/logo\/image\/"},"sameAs":["https:\/\/www.facebook.com\/SeifenOperGmbH","https:\/\/www.instagram.com\/explore\/locations\/1028758197\/seifen-oper\/"]}]}},"_links":{"self":[{"href":"https:\/\/seifen-oper.ch\/index.php?rest_route=\/wp\/v2\/product\/1013"}],"collection":[{"href":"https:\/\/seifen-oper.ch\/index.php?rest_route=\/wp\/v2\/product"}],"about":[{"href":"https:\/\/seifen-oper.ch\/index.php?rest_route=\/wp\/v2\/types\/product"}],"wp:featuredmedia":[{"embeddable":true,"href":"https:\/\/seifen-oper.ch\/index.php?rest_route=\/wp\/v2\/media\/1666"}],"wp:attachment":[{"href":"https:\/\/seifen-oper.ch\/index.php?rest_route=%2Fwp%2Fv2%2Fmedia&parent=1013"}],"wp:term":[{"taxonomy":"product_brand","embeddable":true,"href":"https:\/\/seifen-oper.ch\/index.php?rest_route=%2Fwp%2Fv2%2Fproduct_brand&post=1013"},{"taxonomy":"product_cat","embeddable":true,"href":"https:\/\/seifen-oper.ch\/index.php?rest_route=%2Fwp%2Fv2%2Fproduct_cat&post=1013"},{"taxonomy":"product_tag","embeddable":true,"href":"https:\/\/seifen-oper.ch\/index.php?rest_route=%2Fwp%2Fv2%2Fproduct_tag&post=1013"}],"curies":[{"name":"wp","href":"https:\/\/api.w.org\/{rel}","templated":true}]}}